-- https://www.phpmyadmin.net/
--

START TRANSACTION;



--
-- Database: `bkk`
--

-- --------------------------------------------------------

--
-- Table structure for table `admins`
--

CREATE TABLE `admins` (
  `id` bigint(20) UNSIGNED NOT NULL,
  `user_id` bigint(20) UNSIGNED NOT NULL,
  `dudi_id` bigint(20) UNSIGNED DEFAULT NULL,
  `type` enum('sekolah','dudi') NOT NULL,
  `created_at` timestamp NULL DEFAULT NULL,
  `updated_at` timestamp NULL DEFAULT NULL,
  `is_delete` tinyint(1) NOT NULL DEFAULT 0
) ENGINE=InnoDB DEFAULT CHARSET=utf8mb4 COLLATE=utf8mb4_unicode_ci;

--
-- Dumping data for table `admins`
--

INSERT INTO `admins` (`id`, `user_id`, `dudi_id`, `type`, `created_at`, `updated_at`, `is_delete`) VALUES
(1, 1, NULL, 'sekolah', '2024-01-17 06:15:30', '2024-01-17 06:15:30', 0),
(2, 2, 1, 'dudi', '2024-01-17 06:15:30', '2024-01-17 06:15:30', 0),
(3, 5, NULL, 'sekolah', '2024-01-17 06:15:34', '2024-01-17 06:15:34', 0),
(4, 6, NULL, 'sekolah', '2024-01-17 06:15:34', '2024-01-17 06:15:34', 0),
(5, 7, 29, 'dudi', '2024-01-17 06:15:34', '2024-01-17 06:15:34', 0),
(6, 8, NULL, 'sekolah', '2024-01-17 06:15:34', '2024-01-17 06:15:34', 0),
(7, 9, 15, 'dudi', '2024-01-17 06:15:34', '2024-01-17 06:15:34', 0),
(8, 10, 22, 'dudi', '2024-01-17 06:15:34', '2024-01-17 06:15:34', 0),
(9, 11, 29, 'dudi', '2024-01-17 06:15:34', '2024-01-17 06:15:34', 0),
(10, 12, NULL, 'sekolah', '2024-01-17 06:15:34', '2024-01-17 06:15:34', 1),
(11, 13, 14, 'dudi', '2024-01-17 06:15:34', '2024-01-17 06:15:34', 0),
(12, 14, 10, 'dudi', '2024-01-17 06:15:34', '2024-01-17 06:15:34', 1),
(13, 15, 19, 'dudi', '2024-01-17 06:15:34', '2024-01-17 06:15:34', 0),
(14, 16, 20, 'dudi', '2024-01-17 06:15:34', '2024-01-17 06:15:34', 1),
(15, 17, NULL, 'sekolah', '2024-01-17 06:15:34', '2024-01-17 06:15:34', 0),
(16, 18, NULL, 'sekolah', '2024-01-17 06:15:34', '2024-01-17 06:15:34', 0),
(17, 19, 25, 'dudi', '2024-01-17 06:15:34', '2024-01-17 06:15:34', 0),
(18, 20, 2, 'dudi', '2024-01-17 06:15:34', '2024-01-17 06:15:34', 0),
(19, 21, 13, 'dudi', '2024-01-17 06:15:34', '2024-01-17 06:15:34', 1),
(20, 22, 15, 'dudi', '2024-01-17 06:15:34', '2024-01-17 06:15:34', 0),
(21, 23, 24, 'dudi', '2024-01-17 06:15:34', '2024-01-17 06:15:34', 0),
(22, 24, NULL, 'sekolah', '2024-01-17 06:15:34', '2024-01-17 06:15:34', 0),
(23, 25, NULL, 'sekolah', '2024-01-17 06:15:34', '2024-01-17 06:15:34', 1),
(24, 26, 13, 'dudi', '2024-01-17 06:15:34', '2024-01-17 06:15:34', 0),
(25, 27, NULL, 'sekolah', '2024-01-17 06:15:34', '2024-01-17 06:15:34', 0),
(26, 28, NULL, 'sekolah', '2024-01-17 06:15:34', '2024-01-17 06:15:34', 1),
(27, 29, NULL, 'sekolah', '2024-01-17 06:15:34', '2024-01-17 06:15:34', 1),
(28, 30, NULL, 'sekolah', '2024-01-17 06:15:34', '2024-01-17 06:15:34', 0),
(29, 31, 19, 'dudi', '2024-01-17 06:15:34', '2024-01-17 06:15:34', 1),
(30, 32, NULL, 'sekolah', '2024-01-17 06:15:34', '2024-01-17 06:15:34', 0),
(31, 33, 30, 'dudi', '2024-01-17 06:15:34', '2024-01-17 06:15:34', 0),
(32, 34, NULL, 'sekolah', '2024-01-17 06:15:34', '2024-01-17 06:15:34', 1),
(33, 35, 28, 'dudi', '2024-01-17 06:15:34', '2024-01-17 06:15:34', 1),
(34, 36, 7, 'dudi', '2024-01-17 06:15:34', '2024-01-17 06:15:34', 1),
(35, 37, 2, 'dudi', '2024-01-17 06:15:34', '2024-01-17 06:15:34', 0),
(36, 38, NULL, 'sekolah', '2024-01-17 06:15:34', '2024-01-17 06:15:34', 1),
(37, 39, NULL, 'sekolah', '2024-01-17 06:15:34', '2024-01-17 06:15:34', 1),
(38, 40, 23, 'dudi', '2024-01-17 06:15:34', '2024-01-17 06:15:34', 1),
(39, 41, 26, 'dudi', '2024-01-17 06:15:34', '2024-01-17 06:15:34', 1),
(40, 42, NULL, 'sekolah', '2024-01-17 06:15:34', '2024-01-17 06:15:34', 1),
(41, 43, 24, 'dudi', '2024-01-17 06:15:34', '2024-01-17 06:15:34', 1),
(42, 44, NULL, 'sekolah', '2024-01-17 06:15:34', '2024-01-17 06:15:34', 1),
(43, 45, 5, 'dudi', '2024-01-17 06:15:34', '2024-01-17 06:15:34', 0),
(44, 46, 10, 'dudi', '2024-01-17 06:15:34', '2024-01-17 06:15:34', 0),
(45, 47, NULL, 'sekolah', '2024-01-17 06:15:34', '2024-01-17 06:15:34', 1),
(46, 48, NULL, 'sekolah', '2024-01-17 06:15:34', '2024-01-17 06:15:34', 1),
(47, 49, NULL, 'sekolah', '2024-01-17 06:15:34', '2024-01-17 06:15:34', 0),
(48, 50, 7, 'dudi', '2024-01-17 06:15:34', '2024-01-17 06:15:34', 0),
(49, 51, NULL, 'sekolah', '2024-01-17 06:15:34', '2024-01-17 06:15:34', 0),
(50, 52, NULL, 'sekolah', '2024-01-17 06:15:34', '2024-01-17 06:15:34', 1),
(51, 53, 12, 'dudi', '2024-01-17 06:15:34', '2024-01-17 06:15:34', 1),
(52, 54, NULL, 'sekolah', '2024-01-17 06:15:34', '2024-01-17 06:15:34', 1);

-- --------------------------------------------------------

--
-- Table structure for table `alumnis`
--

CREATE TABLE `alumnis` (
  `id` bigint(20) UNSIGNED NOT NULL,
  `pelamar_id` bigint(20) UNSIGNED NOT NULL,
  `angkatan_id` bigint(20) UNSIGNED DEFAULT NULL,
  `jurusan_id` bigint(20) UNSIGNED DEFAULT NULL,
  `kegiatan_id` bigint(20) UNSIGNED DEFAULT NULL,
  `relevan` tinyint(1) DEFAULT NULL,
  `pekerjaan` varchar(255) DEFAULT NULL,
  `tahun_mulai` varchar(255) DEFAULT NULL,
  `nama_dudi` varchar(255) DEFAULT NULL,
  `bidang_dudi` varchar(255) DEFAULT NULL,
  `alamat_dudi` text DEFAULT NULL,
  `penghasilan` varchar(255) DEFAULT NULL,
  `created_at` timestamp NULL DEFAULT NULL,
  `updated_at` timestamp NULL DEFAULT NULL
) ENGINE=InnoDB DEFAULT CHARSET=utf8mb4 COLLATE=utf8mb4_unicode_ci;

--
-- Dumping data for table `alumnis`
--

INSERT INTO `alumnis` (`id`, `pelamar_id`, `angkatan_id`, `jurusan_id`, `kegiatan_id`, `relevan`, `pekerjaan`, `tahun_mulai`, `nama_dudi`, `bidang_dudi`, `alamat_dudi`, `penghasilan`, `created_at`, `updated_at`) VALUES
(1, 3, 3, 1, 5, 0, 'Tukang Batu', '2019', NULL, 'qui', 'Dk. Moch. Toha No. 501, Kendari 20274, Jambi', NULL, '2024-01-17 06:15:34', '2024-01-17 06:15:34'),
(2, 4, 2, 3, 4, 0, 'Akuntan', '2021', 'PT Situmorang Lestari (Persero) Tbk', 'et', 'Gg. Abdul. Muis No. 172, Palangka Raya 15217, Kalsel', 'Rp.1.000.000', '2024-01-17 06:15:34', '2024-01-17 06:15:34'),
(3, 9, 5, 3, 1, 1, 'Paraji', '2019', NULL, 'rerum', 'Gg. Bhayangkara No. 64, Magelang 72100, Aceh', 'Rp.1.000.000', '2024-01-17 06:15:35', '2024-01-17 06:15:35'),
(4, 11, 4, 3, 4, 0, 'Montir', '2017', 'UD Habibi Wijaya (Persero) Tbk', 'incidunt', 'Kpg. Otto No. 411, Parepare 34374, Kaltara', 'Rp.2.000.000', '2024-01-17 06:15:35', '2024-01-17 06:15:35'),
(5, 12, 2, 1, 5, 1, 'Dosen', '2017', NULL, 'aut', 'Ki. Baya Kali Bungur No. 763, Tangerang 15167, Malut', NULL, '2024-01-17 06:15:35', '2024-01-17 06:15:35'),
(6, 15, 4, 1, 2, 0, 'Presiden', '2017', NULL, 'voluptatem', 'Psr. Abdul. Muis No. 454, Kotamobagu 81448, Kaltim', 'Rp.5.000.000', '2024-01-17 06:15:35', '2024-01-17 06:15:35'),
(7, 16, 3, 1, 5, 1, 'Pedagang', '2021', 'PD Safitri (Persero) Tbk', 'itaque', 'Kpg. Baladewa No. 8, Palembang 53343, NTB', 'Rp.1.000.000', '2024-01-17 06:15:35', '2024-01-17 06:15:35'),
(8, 18, 1, 1, 1, 1, 'Kondektur', '2016', 'Fa Firmansyah Uwais (Persero) Tbk', 'pariatur', 'Ki. Laswi No. 72, Yogyakarta 75288, DIY', 'Rp.1.000.000', '2024-01-17 06:15:35', '2024-01-17 06:15:35'),
(9, 20, 7, 3, 4, 1, 'Petani / Pekebun', '2020', NULL, 'qui', 'Ki. Ahmad Dahlan No. 263, Banda Aceh 73053, Sumut', 'Rp.4.000.000', '2024-01-17 06:15:36', '2024-01-17 06:15:36'),
(10, 21, 5, 3, 2, 0, 'Buruh Peternakan', '2022', NULL, 'maxime', 'Dk. Tentara Pelajar No. 937, Ternate 42963, Bengkulu', 'Rp.1.000.000', '2024-01-17 06:15:36', '2024-01-17 06:15:36'),
(11, 22, 8, 2, 2, 0, 'Mekanik', '2022', 'UD Haryanto (Persero) Tbk', 'quam', 'Kpg. Urip Sumoharjo No. 469, Tangerang Selatan 34838, Gorontalo', 'Rp.2.000.000', '2024-01-17 06:15:36', '2024-01-17 06:15:36'),
(12, 24, 3, 1, 2, 1, 'Konstruksi', '2018', NULL, 'eveniet', 'Ki. Raden Saleh No. 974, Tebing Tinggi 69792, Jateng', NULL, '2024-01-17 06:15:36', '2024-01-17 06:15:36'),
(13, 30, 2, 1, 3, 1, 'Pastor', '2023', 'Yayasan Utami', 'quaerat', 'Kpg. Gedebage Selatan No. 234, Kediri 40273, Bengkulu', 'Rp.5.000.000', '2024-01-17 06:15:36', '2024-01-17 06:15:36'),
(14, 31, 1, 1, 2, 1, 'Karyawan Swasta', '2021', 'CV Hartati', 'sed', 'Ds. Siliwangi No. 635, Cirebon 11211, Kalbar', 'Rp.5.000.000', '2024-01-17 06:15:36', '2024-01-17 06:15:36'),
(15, 32, 3, 2, 4, 1, 'Karyawan Honorer', '2021', 'Fa Rahayu', 'quia', 'Jln. Haji No. 111, Pasuruan 44569, Jatim', 'Rp.2.000.000', '2024-01-17 06:15:36', '2024-01-17 06:15:36'),
(16, 34, 1, 3, 4, 0, 'Biarawati', '2020', NULL, 'sit', 'Ds. Achmad Yani No. 100, Tasikmalaya 67364, Banten', NULL, '2024-01-17 06:15:37', '2024-01-17 06:15:37'),
(17, 35, 7, 3, 2, 1, 'Perdagangan', '2016', 'Yayasan Suartini Tbk', 'voluptatem', 'Ds. Jend. A. Yani No. 886, Cilegon 93973, Kalbar', 'Rp.1.000.000', '2024-01-17 06:15:37', '2024-01-17 06:15:37'),
(18, 37, 7, 1, 4, 0, 'Pialang', '2022', 'Yayasan Pratama Fujiati', 'quas', 'Jln. Jamika No. 173, Pariaman 77861, Jabar', NULL, '2024-01-17 06:15:37', '2024-01-17 06:15:37'),
(19, 39, 2, 1, 5, 0, 'Tabib', '2017', 'Perum Palastri Anggraini Tbk', 'mollitia', 'Psr. Flores No. 818, Langsa 67198, Sumbar', 'Rp.3.000.000', '2024-01-17 06:15:37', '2024-01-17 06:15:37'),
(20, 43, 6, 3, 3, 1, 'Karyawan Honorer', '2017', NULL, 'voluptate', 'Psr. Kali No. 942, Bitung 97426, Sultra', 'Rp.5.000.000', '2024-01-17 06:15:37', '2024-01-17 06:15:37'),
(21, 45, 8, 2, 5, 0, 'Guru', '2017', NULL, 'consequatur', 'Ki. Halim No. 839, Mataram 47571, Sumsel', 'Rp.5.000.000', '2024-01-17 06:15:38', '2024-01-17 06:15:38'),
(22, 47, 6, 1, 4, 1, 'Perancang Busana', '2019', 'CV Wibowo (Persero) Tbk', 'adipisci', 'Ds. Bagis Utama No. 568, Padangsidempuan 28426, Gorontalo', 'Rp.1.000.000', '2024-01-17 06:15:38', '2024-01-17 06:15:38'),
(23, 49, 6, 2, 1, 1, 'Penata Rias', '2023', NULL, 'aut', 'Jln. Banal No. 863, Bekasi 49592, Sulbar', 'Rp.1.000.000', '2024-01-17 06:15:38', '2024-01-17 06:15:38'),
(24, 50, 6, 1, 1, 0, 'Presiden', '2021', NULL, 'culpa', 'Jln. Bambon No. 188, Sukabumi 24999, Sumbar', 'Rp.2.000.000', '2024-01-17 06:15:38', '2024-01-17 06:15:38'),
(25, 51, 3, 3, 2, 1, 'Penulis', '2016', NULL, 'quos', 'Jr. Kebonjati No. 366, Bekasi 25183, DKI', 'Rp.1.000.000', '2024-01-17 06:15:38', '2024-01-17 06:15:38'),
(26, 52, 2, 2, 3, 0, 'Ustaz / Mubaligh', '2022', NULL, 'voluptas', 'Gg. Pahlawan No. 245, Kediri 56864, Papua', 'Rp.3.000.000', '2024-01-17 06:15:38', '2024-01-17 06:15:38'),
(27, 54, 8, 3, 1, 0, 'Tukang Listrik', '2022', 'UD Wibowo', 'aliquid', 'Ki. Bappenas No. 220, Banjarbaru 13439, Jateng', 'Rp.3.000.000', '2024-01-17 06:15:38', '2024-01-17 06:15:38'),
(28, 55, 7, 2, 3, 0, 'Karyawan BUMD', '2019', NULL, 'in', 'Ki. Raden No. 378, Palopo 88944, Babel', 'Rp.3.000.000', '2024-01-17 06:15:38', '2024-01-17 06:15:38'),
(29, 56, 5, 2, 4, 1, 'Perawat', '2021', 'PD Zulkarnain', 'libero', 'Gg. Banda No. 654, Administrasi Jakarta Timur 55950, Sumsel', 'Rp.5.000.000', '2024-01-17 06:15:39', '2024-01-17 06:15:39'),
(30, 61, 7, 1, 4, 1, 'Dosen', '2022', 'Fa Sihotang Kuswoyo', 'cumque', 'Dk. Reksoninten No. 522, Magelang 79720, Kaltim', 'Rp.3.000.000', '2024-01-17 06:15:39', '2024-01-17 06:15:39'),
(31, 63, 4, 1, 3, 1, 'Notaris', '2017', NULL, 'deserunt', 'Ki. Gambang No. 188, Pasuruan 57769, Jambi', 'Rp.4.000.000', '2024-01-17 06:15:39', '2024-01-17 06:15:39'),
(32, 65, 5, 2, 1, 0, 'Tukang Cukur', '2020', NULL, 'saepe', 'Jr. Siliwangi No. 48, Padangpanjang 79663, NTB', 'Rp.4.000.000', '2024-01-17 06:15:39', '2024-01-17 06:15:39'),
(33, 66, 1, 3, 5, 1, 'Pramugari', '2018', 'PD Pradipta', 'aut', 'Ds. Radio No. 765, Surakarta 81642, Malut', 'Rp.2.000.000', '2024-01-17 06:15:39', '2024-01-17 06:15:39'),
(34, 70, 8, 3, 1, 0, 'Perdagangan', '2016', 'Perum Nashiruddin Saptono (Persero) Tbk', 'in', 'Jln. Yogyakarta No. 215, Palangka Raya 84027, Malut', 'Rp.1.000.000', '2024-01-17 06:15:40', '2024-01-17 06:15:40'),
(35, 71, 7, 2, 5, 0, 'Transportasi', '2021', 'Fa Suryono Dabukke (Persero) Tbk', 'sit', 'Jln. Flora No. 522, Palopo 86998, Kaltim', 'Rp.5.000.000', '2024-01-17 06:15:40', '2024-01-17 06:15:40'),
(36, 73, 5, 2, 5, 1, 'Sopir', '2023', 'Fa Budiyanto Latupono Tbk', 'dolore', 'Psr. Surapati No. 528, Administrasi Jakarta Barat 64471, Babel', 'Rp.5.000.000', '2024-01-17 06:15:40', '2024-01-17 06:15:40'),
(37, 74, 2, 2, 4, 1, 'Pilot', '2022', NULL, 'cum', 'Kpg. Baung No. 436, Tarakan 65822, Sumbar', 'Rp.3.000.000', '2024-01-17 06:15:40', '2024-01-17 06:15:40'),
(38, 75, 1, 3, 5, 1, 'Tukang Jahit', '2020', 'UD Sihombing Widiastuti Tbk', 'qui', 'Gg. Zamrud No. 718, Pariaman 78519, DIY', 'Rp.3.000.000', '2024-01-17 06:15:40', '2024-01-17 06:15:40'),
(39, 76, 1, 3, 2, 0, 'Penata Rias', '2018', NULL, 'unde', 'Ds. Yos Sudarso No. 241, Tual 69932, Sumut', 'Rp.2.000.000', '2024-01-17 06:15:40', '2024-01-17 06:15:40'),
(40, 79, 8, 1, 1, 1, 'Industri', '2022', NULL, 'neque', 'Kpg. Bakau Griya Utama No. 600, Depok 85599, Jambi', 'Rp.1.000.000', '2024-01-17 06:15:41', '2024-01-17 06:15:41'),
(41, 82, 5, 1, 2, 0, 'Penata Busana', '2016', NULL, 'sint', 'Jln. Camar No. 848, Bogor 85248, Kalteng', NULL, '2024-01-17 06:15:41', '2024-01-17 06:15:41'),
(42, 84, 6, 2, 4, 1, 'Kondektur', '2021', NULL, 'non', 'Kpg. Merdeka No. 606, Batam 17781, Banten', 'Rp.5.000.000', '2024-01-17 06:15:41', '2024-01-17 06:15:41'),
(43, 86, 5, 3, 2, 1, 'Pembantu Rumah Tangga', '2020', NULL, 'aut', 'Psr. Dipenogoro No. 94, Kediri 91684, Riau', 'Rp.5.000.000', '2024-01-17 06:15:41', '2024-01-17 06:15:41'),
(44, 87, 3, 3, 4, 0, 'Guru', '2017', NULL, 'nam', 'Jln. Basoka Raya No. 610, Medan 77932, Papua', 'Rp.1.000.000', '2024-01-17 06:15:41', '2024-01-17 06:15:41'),
(45, 89, 4, 1, 5, 1, 'Penambang', '2023', 'UD Sitorus Maheswara', 'quia', 'Kpg. Labu No. 182, Parepare 83531, Papua', 'Rp.3.000.000', '2024-01-17 06:15:41', '2024-01-17 06:15:41'),
(46, 90, 8, 1, 2, 1, 'Industri', '2021', 'Yayasan Mulyani Tbk', 'quisquam', 'Jln. Bahagia No. 185, Tangerang Selatan 23552, DIY', 'Rp.4.000.000', '2024-01-17 06:15:42', '2024-01-17 06:15:42'),
(47, 93, 8, 3, 3, 0, 'Konsultan', '2021', NULL, 'voluptatem', 'Kpg. Babah No. 417, Kediri 95226, Kaltara', 'Rp.4.000.000', '2024-01-17 06:15:42', '2024-01-17 06:15:42'),
(48, 94, 3, 3, 1, 0, 'Mengurus Rumah Tangga', '2020', 'PT Usada Situmorang (Persero) Tbk', 'eveniet', 'Jr. Dago No. 490, Magelang 39586, Kaltim', 'Rp.4.000.000', '2024-01-17 06:15:42', '2024-01-17 06:15:42'),
(49, 95, 5, 2, 3, 1, 'Pastor', '2022', NULL, 'incidunt', 'Gg. Bagonwoto  No. 30, Palangka Raya 10489, Sumsel', 'Rp.2.000.000', '2024-01-17 06:15:42', '2024-01-17 06:15:42'),
(50, 97, 2, 3, 1, 0, 'Nelayan / Perikanan', '2019', NULL, 'molestias', 'Dk. Bhayangkara No. 955, Batu 58671, Kalbar', 'Rp.2.000.000', '2024-01-17 06:15:42', '2024-01-17 06:15:42'),
(51, 99, 4, 3, 5, 1, 'Bidan', '2019', NULL, 'aliquam', 'Jln. Moch. Yamin No. 999, Sibolga 73513, Sultra', 'Rp.3.000.000', '2024-01-17 06:15:42', '2024-01-17 06:15:42'),
(52, 100, 8, 3, 1, 1, 'Industri', '2021', 'UD Purnawati Tarihoran Tbk', 'earum', 'Jr. Ahmad Dahlan No. 288, Pematangsiantar 38330, Sulsel', 'Rp.4.000.000', '2024-01-17 06:15:42', '2024-01-17 06:15:42'),
(53, 101, 1, 1, 5, 0, 'Pelajar / Mahasiswa', '2023', NULL, 'ex', 'Ki. Padma No. 698, Tebing Tinggi 38128, Jambi', 'Rp.5.000.000', '2024-01-17 06:15:42', '2024-01-17 06:15:42'),
(54, 102, 6, 3, 4, 0, 'Biarawati', '2016', 'UD Dabukke Suryatmi Tbk', 'atque', 'Ds. Ters. Buah Batu No. 519, Tanjung Pinang 11132, Kalbar', 'Rp.4.000.000', '2024-01-17 06:15:43', '2024-01-17 06:15:43'),
(55, 103, 8, 3, 5, 1, 'Bidan', '2022', NULL, 'vel', 'Gg. Jend. A. Yani No. 778, Banda Aceh 92776, Bengkulu', 'Rp.5.000.000', '2024-01-17 06:15:43', '2024-01-17 06:15:43'),
(56, 105, 4, 2, 4, 1, 'Penulis', '2017', 'Yayasan Rajata Handayani Tbk', 'in', 'Psr. Baladewa No. 614, Bitung 21714, Jabar', 'Rp.4.000.000', '2024-01-17 06:15:43', '2024-01-17 06:15:43'),
(57, 106, 4, 3, 5, 0, 'Dosen', '2016', 'PJ Haryanto Tbk', 'omnis', 'Jln. Barat No. 511, Mataram 54167, Malut', 'Rp.2.000.000', '2024-01-17 06:15:43', '2024-01-17 06:15:43'),
(58, 107, 3, 3, 2, 0, 'Tukang Jahit', '2022', 'PT Mahendra Adriansyah Tbk', 'repellat', 'Psr. Baik No. 934, Pasuruan 31535, Riau', 'Rp.2.000.000', '2024-01-17 06:15:43', '2024-01-17 06:15:43'),
(59, 108, 1, 2, 2, 0, 'Penambang', '2016', 'PT Dabukke Hakim', 'ducimus', 'Psr. Baladewa No. 756, Tanjungbalai 85066, Jatim', NULL, '2024-01-17 06:15:43', '2024-01-17 06:15:43'),
(60, 109, 6, 3, 3, 0, 'Penata Rambut', '2016', NULL, 'nihil', 'Kpg. Uluwatu No. 105, Padangpanjang 96339, Kalteng', 'Rp.5.000.000', '2024-01-17 06:15:43', '2024-01-17 06:15:43'),
(61, 114, 5, 2, 4, 0, 'Promotor Acara', '2017', NULL, 'maiores', 'Gg. Wahid No. 878, Tasikmalaya 55622, DIY', 'Rp.5.000.000', '2024-01-17 06:15:44', '2024-01-17 06:15:44'),
(62, 117, 5, 2, 4, 1, 'Atlet', '2020', NULL, 'id', 'Psr. Jakarta No. 193, Bandung 74247, Papua', 'Rp.1.000.000', '2024-01-17 06:15:44', '2024-01-17 06:15:44'),
(63, 118, 3, 3, 5, 0, 'Promotor Acara', '2023', NULL, 'omnis', 'Psr. Bara Tambar No. 546, Gunungsitoli 37178, Sulut', 'Rp.5.000.000', '2024-01-17 06:15:44', '2024-01-17 06:15:44'),
(64, 123, 3, 3, 4, 0, 'Pedagang', '2023', NULL, 'dolorem', 'Psr. Perintis Kemerdekaan No. 802, Bukittinggi 83365, NTT', NULL, '2024-01-17 06:15:44', '2024-01-17 06:15:44'),
(65, 124, 5, 1, 2, 1, 'Tukang Cukur', '2017', 'PT Saputra Tbk', 'tempora', 'Jln. Bank Dagang Negara No. 653, Binjai 56026, Pabar', 'Rp.1.000.000', '2024-01-17 06:15:44', '2024-01-17 06:15:44'),
(66, 127, 1, 3, 4, 0, 'Pensiunan', '2018', 'PJ Kurniawan Tbk', 'nihil', 'Jln. Rajawali No. 165, Jambi 13925, Sultra', NULL, '2024-01-17 06:15:45', '2024-01-17 06:15:45'),
(67, 128, 6, 2, 4, 1, 'Buruh Harian Lepas', '2023', NULL, 'suscipit', 'Jr. Acordion No. 774, Cilegon 73104, Sulut', 'Rp.5.000.000', '2024-01-17 06:15:45', '2024-01-17 06:15:45'),
(68, 130, 8, 1, 1, 0, 'Buruh Harian Lepas', '2020', NULL, 'voluptatibus', 'Psr. Camar No. 556, Probolinggo 33258, Jatim', 'Rp.2.000.000', '2024-01-17 06:15:45', '2024-01-17 06:15:45'),
(69, 131, 1, 2, 2, 0, 'Pilot', '2020', NULL, 'voluptatum', 'Ds. Abang No. 513, Bima 74156, NTB', 'Rp.2.000.000', '2024-01-17 06:15:45', '2024-01-17 06:15:45'),
(70, 133, 2, 3, 2, 0, 'Dokter', '2018', NULL, 'nemo', 'Gg. Gajah No. 137, Administrasi Jakarta Pusat 19870, NTT', 'Rp.2.000.000', '2024-01-17 06:15:45', '2024-01-17 06:15:45'),
(71, 134, 8, 1, 5, 0, 'Tentara Nasional Indonesia (TNI)', '2021', 'Yayasan Adriansyah Tbk', 'ipsa', 'Jln. Baranang Siang Indah No. 668, Tebing Tinggi 50424, Bali', 'Rp.2.000.000', '2024-01-17 06:15:45', '2024-01-17 06:15:45'),
(72, 135, 1, 3, 3, 1, 'Pramugari', '2021', NULL, 'quasi', 'Ki. Krakatau No. 96, Madiun 39152, Kalsel', 'Rp.2.000.000', '2024-01-17 06:15:45', '2024-01-17 06:15:45'),
(73, 137, 8, 3, 3, 1, 'Buruh Nelayan / Perikanan', '2020', NULL, 'quo', 'Ki. Sentot Alibasa No. 55, Bau-Bau 74380, Papua', 'Rp.1.000.000', '2024-01-17 06:15:45', '2024-01-17 06:15:45'),
(74, 139, 4, 2, 3, 0, 'Nahkoda', '2021', NULL, 'aliquam', 'Dk. Babadan No. 535, Administrasi Jakarta Barat 92726, Jateng', 'Rp.5.000.000', '2024-01-17 06:15:46', '2024-01-17 06:15:46'),
(75, 142, 5, 2, 5, 0, 'Tukang Kayu', '2019', 'PT Napitupulu (Persero) Tbk', 'a', 'Kpg. Jend. A. Yani No. 727, Semarang 67131, Kaltim', 'Rp.5.000.000', '2024-01-17 06:15:46', '2024-01-17 06:15:46'),
(76, 143, 2, 2, 5, 1, 'Penata Busana', '2023', 'PT Puspita Mustofa Tbk', 'velit', 'Ds. Casablanca No. 886, Tanjungbalai 59247, Maluku', NULL, '2024-01-17 06:15:46', '2024-01-17 06:15:46'),
(77, 146, 3, 1, 3, 0, 'Sopir', '2017', NULL, 'aut', 'Gg. Karel S. Tubun No. 416, Batam 28079, Papua', 'Rp.5.000.000', '2024-01-17 06:15:46', '2024-01-17 06:15:46'),
(78, 148, 2, 2, 5, 1, 'Penambang', '2022', NULL, 'nobis', 'Ds. R.M. Said No. 418, Gorontalo 27820, NTB', NULL, '2024-01-17 06:15:46', '2024-01-17 06:15:46'),
(79, 151, 7, 1, 5, 1, 'Penerjemah', '2021', NULL, 'quo', 'Psr. Suryo Pranoto No. 924, Mataram 10416, Gorontalo', 'Rp.1.000.000', '2024-01-17 06:15:47', '2024-01-17 06:15:47'),
(80, 152, 4, 3, 5, 0, 'Tukang Sol Sepatu', '2016', NULL, 'repellendus', 'Jr. Wahid No. 807, Sabang 99269, Babel', 'Rp.5.000.000', '2024-01-17 06:15:47', '2024-01-17 06:15:47'),
(81, 153, 1, 2, 1, 1, 'Notaris', '2021', 'PD Yuliarti', 'beatae', 'Jr. Thamrin No. 389, Banjarbaru 25092, Kalsel', 'Rp.1.000.000', '2024-01-17 06:15:47', '2024-01-17 06:15:47'),
(82, 159, 1, 1, 3, 1, 'Biarawati', '2016', 'PD Wibowo', 'laboriosam', 'Jln. Badak No. 373, Gunungsitoli 29320, Sumut', 'Rp.1.000.000', '2024-01-17 06:15:47', '2024-01-17 06:15:47'),
(83, 161, 5, 1, 4, 0, 'Tabib', '2020', NULL, 'molestiae', 'Jln. Baladewa No. 221, Gorontalo 68194, Banten', 'Rp.5.000.000', '2024-01-17 06:15:47', '2024-01-17 06:15:47'),
(84, 163, 4, 1, 1, 0, 'Arsitek', '2017', 'CV Thamrin Dabukke', 'aperiam', 'Ds. Jaksa No. 744, Balikpapan 28915, NTT', 'Rp.1.000.000', '2024-01-17 06:15:48', '2024-01-17 06:15:48'),
(85, 164, 7, 1, 4, 1, 'Tukang Sol Sepatu', '2020', NULL, 'veritatis', 'Ds. Casablanca No. 101, Madiun 73962, Kaltim', 'Rp.2.000.000', '2024-01-17 06:15:48', '2024-01-17 06:15:48'),
(86, 167, 8, 3, 4, 1, 'Satpam', '2020', 'Fa Laksmiwati Kurniawan (Persero) Tbk', 'et', 'Dk. Yoga No. 778, Cilegon 10536, Sultra', NULL, '2024-01-17 06:15:48', '2024-01-17 06:15:48'),
(87, 170, 6, 1, 5, 0, 'Biarawati', '2022', 'PJ Saragih (Persero) Tbk', 'ut', 'Gg. Bara Tambar No. 109, Parepare 31298, Banten', NULL, '2024-01-17 06:15:48', '2024-01-17 06:15:48'),
(88, 172, 6, 1, 3, 0, 'Paraji', '2022', NULL, 'delectus', 'Ds. Ters. Jakarta No. 984, Pagar Alam 19929, Jatim', 'Rp.3.000.000', '2024-01-17 06:15:48', '2024-01-17 06:15:48'),
(89, 173, 6, 2, 2, 0, 'Buruh Harian Lepas', '2021', NULL, 'atque', 'Ki. Basuki Rahmat  No. 262, Administrasi Jakarta Timur 61963, Pabar', 'Rp.5.000.000', '2024-01-17 06:15:48', '2024-01-17 06:15:48'),
(90, 174, 8, 2, 3, 0, 'Penulis', '2022', NULL, 'soluta', 'Ki. Bah Jaya No. 584, Administrasi Jakarta Utara 30037, Kalsel', 'Rp.4.000.000', '2024-01-17 06:15:49', '2024-01-17 06:15:49'),
(91, 175, 4, 1, 3, 1, 'Penata Rambut', '2022', 'Fa Sudiati', 'sint', 'Gg. Reksoninten No. 803, Subulussalam 50158, Kalsel', 'Rp.3.000.000', '2024-01-17 06:15:49', '2024-01-17 06:15:49'),
(92, 176, 4, 3, 3, 0, 'Tukang Gigi', '2023', 'UD Kusmawati Prakasa', 'atque', 'Jr. Pacuan Kuda No. 891, Depok 54603, Sulteng', 'Rp.3.000.000', '2024-01-17 06:15:49', '2024-01-17 06:15:49'),
(93, 179, 6, 3, 3, 0, 'Guru', '2019', NULL, 'magni', 'Dk. Baabur Royan No. 65, Surakarta 47969, Kalteng', NULL, '2024-01-17 06:15:49', '2024-01-17 06:15:49'),
(94, 180, 3, 3, 5, 0, 'Mengurus Rumah Tangga', '2018', 'PD Palastri (Persero) Tbk', 'possimus', 'Jln. Bakin No. 449, Pontianak 97734, Gorontalo', 'Rp.4.000.000', '2024-01-17 06:15:49', '2024-01-17 06:15:49'),
(95, 182, 6, 3, 2, 1, 'Ustaz / Mubaligh', '2021', 'PJ Wastuti Tbk', 'molestiae', 'Jr. Orang No. 964, Bengkulu 91603, Babel', NULL, '2024-01-17 06:15:49', '2024-01-17 06:15:49'),
(96, 183, 4, 1, 2, 0, 'Programmer', '2022', 'CV Wastuti', 'sunt', 'Dk. B.Agam Dlm No. 804, Tasikmalaya 25572, NTB', NULL, '2024-01-17 06:15:49', '2024-01-17 06:15:49'),
(97, 184, 4, 1, 1, 1, 'Buruh Harian Lepas', '2021', NULL, 'quod', 'Ds. Kalimantan No. 782, Tangerang Selatan 82402, Kepri', 'Rp.2.000.000', '2024-01-17 06:15:49', '2024-01-17 06:15:49'),
(98, 185, 6, 2, 5, 0, 'Tukang Kayu', '2016', NULL, 'molestiae', 'Ki. Sumpah Pemuda No. 638, Binjai 84059, Banten', 'Rp.1.000.000', '2024-01-17 06:15:50', '2024-01-17 06:15:50'),
(99, 187, 3, 2, 1, 1, 'Tukang Listrik', '2020', 'PT Situmorang', 'temporibus', 'Psr. Bambon No. 658, Prabumulih 84640, Sulsel', NULL, '2024-01-17 06:15:50', '2024-01-17 06:15:50'),
(100, 190, 4, 2, 2, 0, 'Pegawai Negeri Sipil (PNS)', '2017', 'Yayasan Wibisono Suwarno (Persero) Tbk', 'dignissimos', 'Jr. Badak No. 301, Cilegon 28329, Jabar', 'Rp.3.000.000', '2024-01-17 06:15:50', '2024-01-17 06:15:50'),
(101, 193, 1, 2, 2, 1, 'Jaksa', '2017', 'CV Zulaika', 'dolorum', 'Dk. Lada No. 408, Padangsidempuan 61442, Kaltim', 'Rp.2.000.000', '2024-01-17 06:15:50', '2024-01-17 06:15:50'),
(102, 195, 8, 3, 3, 0, 'Peternak', '2018', NULL, 'non', 'Psr. Sudirman No. 982, Pontianak 12517, Sulut', 'Rp.4.000.000', '2024-01-17 06:15:50', '2024-01-17 06:15:50'),
(103, 197, 8, 2, 3, 0, 'Bidan', '2019', NULL, 'temporibus', 'Kpg. Baja Raya No. 773, Pekanbaru 22290, Gorontalo', 'Rp.1.000.000', '2024-01-17 06:15:51', '2024-01-17 06:15:51'),
(104, 198, 7, 1, 3, 0, 'Buruh Harian Lepas', '2018', NULL, 'natus', 'Gg. Supomo No. 32, Tanjung Pinang 57208, Sulteng', 'Rp.3.000.000', '2024-01-17 06:15:51', '2024-01-17 06:15:51'),
(105, 200, 4, 3, 1, 0, 'Masinis', '2016', NULL, 'corporis', 'Gg. Gremet No. 925, Semarang 74210, NTB', 'Rp.4.000.000', '2024-01-17 06:15:51', '2024-01-17 06:15:51'),
(106, 202, 6, 3, 3, 0, 'Penulis', '2020', NULL, 'harum', 'Kpg. Baan No. 203, Jambi 11928, Sulsel', NULL, '2024-01-17 06:15:51', '2024-01-17 06:15:51'),
(107, 203, 6, 2, 5, 0, 'Karyawan Honorer', '2020', NULL, 'soluta', 'Jr. Baranangsiang No. 531, Banjarbaru 63086, Bengkulu', 'Rp.4.000.000', '2024-01-17 06:15:51', '2024-01-17 06:15:51'),
(108, 204, 1, 2, 4, 1, 'Sopir', '2017', NULL, 'eos', 'Jr. Babadan No. 635, Makassar 97331, Lampung', 'Rp.5.000.000', '2024-01-17 06:15:51', '2024-01-17 06:15:51'),
(109, 206, 2, 1, 3, 0, 'Petani / Pekebun', '2023', NULL, 'occaecati', 'Jr. Baha No. 771, Pontianak 14396, Aceh', 'Rp.4.000.000', '2024-01-17 06:15:51', '2024-01-17 06:15:51'),
(110, 210, 3, 1, 4, 1, 'Buruh Tani / Perkebunan', '2019', NULL, 'autem', 'Jr. Basket No. 16, Gunungsitoli 71121, Riau', 'Rp.2.000.000', '2024-01-17 06:15:52', '2024-01-17 06:15:52'),
(111, 212, 2, 1, 3, 1, 'Perangkat Desa', '2022', 'Yayasan Anggraini Tbk', 'praesentium', 'Ki. Bagonwoto  No. 165, Bitung 59850, Lampung', NULL, '2024-01-17 06:15:52', '2024-01-17 06:15:52'),
(112, 214, 7, 3, 5, 0, 'Promotor Acara', '2021', NULL, 'rem', 'Gg. Sentot Alibasa No. 226, Sorong 48939, Sumbar', 'Rp.5.000.000', '2024-01-17 06:15:52', '2024-01-17 06:15:52'),
(113, 216, 6, 2, 4, 0, 'Pilot', '2017', NULL, 'dignissimos', 'Kpg. Setiabudhi No. 205, Cirebon 61816, Riau', 'Rp.1.000.000', '2024-01-17 06:15:52', '2024-01-17 06:15:52'),
(114, 218, 1, 1, 2, 1, 'Tukang Las / Pandai Besi', '2019', NULL, 'molestias', 'Kpg. Banda No. 196, Banjarmasin 24879, Aceh', NULL, '2024-01-17 06:15:52', '2024-01-17 06:15:52'),
(115, 219, 2, 3, 4, 1, 'Buruh Tani / Perkebunan', '2019', 'PT Pudjiastuti Tbk', 'voluptatem', 'Dk. Sudiarto No. 204, Langsa 71179, Jatim', 'Rp.1.000.000', '2024-01-17 06:15:52', '2024-01-17 06:15:52'),
(116, 223, 8, 1, 1, 0, 'Buruh Nelayan / Perikanan', '2016', 'CV Najmudin Riyanti (Persero) Tbk', 'incidunt', 'Ds. Cikutra Timur No. 828, Batam 83918, Pabar', 'Rp.4.000.000', '2024-01-17 06:15:53', '2024-01-17 06:15:53'),
(117, 226, 3, 2, 1, 1, 'Pialang', '2021', 'PT Yuliarti', 'aut', 'Dk. Babah No. 452, Balikpapan 72531, Bengkulu', NULL, '2024-01-17 06:15:53', '2024-01-17 06:15:53'),
(118, 228, 7, 2, 4, 1, 'Wakil Presiden', '2023', NULL, 'nisi', 'Jln. Salak No. 634, Depok 23295, Kalteng', 'Rp.5.000.000', '2024-01-17 06:15:53', '2024-01-17 06:15:53'),
(119, 230, 2, 2, 4, 1, 'Pedagang', '2017', NULL, 'velit', 'Psr. Kusmanto No. 999, Metro 93549, Kaltim', 'Rp.4.000.000', '2024-01-17 06:15:53', '2024-01-17 06:15:53'),
(120, 231, 3, 1, 4, 0, 'Tukang Sol Sepatu', '2022', 'PD Novitasari Rajasa', 'voluptas', 'Ds. Gajah Mada No. 890, Palangka Raya 37634, Kalsel', NULL, '2024-01-17 06:15:53', '2024-01-17 06:15:53'),
(121, 232, 2, 1, 1, 1, 'Nahkoda', '2017', 'Fa Widodo Tbk', 'eum', 'Jln. Barasak No. 310, Tebing Tinggi 58119, NTB', 'Rp.4.000.000', '2024-01-17 06:15:54', '2024-01-17 06:15:54'),
(122, 233, 4, 1, 3, 0, 'Peternak', '2018', NULL, 'itaque', 'Jln. Gambang No. 379, Malang 78885, Kalteng', 'Rp.5.000.000', '2024-01-17 06:15:54', '2024-01-17 06:15:54'),
(123, 238, 4, 3, 4, 1, 'Atlet', '2017', NULL, 'eum', 'Psr. Supono No. 597, Sorong 22122, Lampung', 'Rp.3.000.000', '2024-01-17 06:15:54', '2024-01-17 06:15:54'),
(124, 239, 2, 3, 3, 0, 'Imam Masjid', '2016', 'Yayasan Nasyiah Nasyidah Tbk', 'ullam', 'Kpg. Jaksa No. 536, Magelang 74511, Kalbar', 'Rp.4.000.000', '2024-01-17 06:15:54', '2024-01-17 06:15:54'),
(125, 240, 7, 2, 2, 0, 'Ustaz / Mubaligh', '2017', NULL, 'ipsa', 'Kpg. Yosodipuro No. 993, Dumai 58810, Pabar', 'Rp.2.000.000', '2024-01-17 06:15:54', '2024-01-17 06:15:54'),
(126, 241, 2, 1, 3, 0, 'Perancang Busana', '2019', 'Fa Situmorang Anggraini', 'aut', 'Ds. Pasirkoja No. 717, Magelang 15831, Kalbar', NULL, '2024-01-17 06:15:54', '2024-01-17 06:15:54'),
(127, 242, 6, 2, 4, 0, 'Karyawan Honorer', '2023', 'Fa Januar Maulana', 'qui', 'Kpg. Cokroaminoto No. 66, Banjarmasin 24016, Aceh', 'Rp.1.000.000', '2024-01-17 06:15:55', '2024-01-17 06:15:55'),
(128, 244, 5, 1, 1, 1, 'Karyawan Swasta', '2018', 'PT Kusmawati', 'dolore', 'Psr. Sutan Syahrir No. 302, Gorontalo 16406, Sumsel', 'Rp.1.000.000', '2024-01-17 06:15:55', '2024-01-17 06:15:55'),
(129, 245, 6, 3, 2, 0, 'Atlet', '2019', 'UD Suartini (Persero) Tbk', 'sunt', 'Psr. S. Parman No. 442, Palu 82801, Bengkulu', 'Rp.3.000.000', '2024-01-17 06:15:55', '2024-01-17 06:15:55'),
(130, 246, 4, 3, 4, 1, 'Seniman', '2020', 'PJ Napitupulu Winarsih', 'eveniet', 'Ki. Yosodipuro No. 507, Administrasi Jakarta Timur 30917, Sumut', NULL, '2024-01-17 06:15:55', '2024-01-17 06:15:55'),
(131, 248, 4, 1, 3, 0, 'Satpam', '2020', NULL, 'perferendis', 'Kpg. Raden No. 932, Pariaman 74280, Jatim', 'Rp.4.000.000', '2024-01-17 06:15:55', '2024-01-17 06:15:55'),
(132, 250, 7, 3, 4, 0, 'Presiden', '2021', 'PD Usamah Siregar', 'laborum', 'Ki. Pasir Koja No. 906, Pariaman 24539, Malut', 'Rp.4.000.000', '2024-01-17 06:15:55', '2024-01-17 06:15:55'),
(133, 251, 5, 2, 4, 0, 'Tabib', '2023', 'Yayasan Mulyani Laksita (Persero) Tbk', 'aperiam', 'Gg. Bakhita No. 423, Prabumulih 21750, Sumsel', 'Rp.2.000.000', '2024-01-17 06:15:55', '2024-01-17 06:15:55'),
(134, 254, 8, 3, 5, 0, 'Pegawai Negeri Sipil (PNS)', '2016', NULL, 'itaque', 'Jr. Sudiarto No. 518, Administrasi Jakarta Pusat 81038, Jambi', 'Rp.3.000.000', '2024-01-17 06:15:56', '2024-01-17 06:15:56'),
(135, 258, 8, 3, 4, 0, 'Perancang Busana', '2019', 'CV Padmasari Firmansyah', 'earum', 'Jln. Cikutra Timur No. 407, Medan 59207, Gorontalo', 'Rp.2.000.000', '2024-01-17 06:15:56', '2024-01-17 06:15:56'),
(136, 260, 5, 1, 5, 0, 'Seniman', '2016', 'Fa Sihotang (Persero) Tbk', 'laborum', 'Gg. Cemara No. 874, Banda Aceh 56704, Jateng', 'Rp.4.000.000', '2024-01-17 06:15:56', '2024-01-17 06:15:56'),
(137, 261, 6, 1, 4, 1, 'Masinis', '2020', 'PJ Nuraini', 'et', 'Kpg. R.E. Martadinata No. 632, Batu 89883, Babel', 'Rp.2.000.000', '2024-01-17 06:15:56', '2024-01-17 06:15:56'),
(138, 262, 2, 1, 3, 0, 'Satpam', '2017', 'Fa Novitasari (Persero) Tbk', 'minus', 'Ds. Kusmanto No. 116, Bau-Bau 42833, Gorontalo', 'Rp.4.000.000', '2024-01-17 06:15:56', '2024-01-17 06:15:56'),
(139, 264, 3, 2, 5, 0, 'Arsitek', '2021', 'Yayasan Yulianti Lazuardi', 'modi', 'Kpg. S. Parman No. 151, Pekalongan 19223, Jambi', 'Rp.5.000.000', '2024-01-17 06:15:57', '2024-01-17 06:15:57'),
(140, 266, 3, 2, 1, 0, 'Pendeta', '2022', 'PT Maryadi', 'harum', 'Kpg. Bahagia  No. 876, Palopo 17142, Pabar', 'Rp.3.000.000', '2024-01-17 06:15:57', '2024-01-17 06:15:57'),
(141, 267, 7, 3, 4, 0, 'Wakil Presiden', '2019', 'Fa Ardianto Tbk', 'totam', 'Dk. BKR No. 78, Cirebon 17005, Lampung', 'Rp.4.000.000', '2024-01-17 06:15:57', '2024-01-17 06:15:57'),
(142, 268, 4, 2, 1, 0, 'Peneliti', '2022', 'Yayasan Rahayu Mahendra Tbk', 'adipisci', 'Kpg. Sutarjo No. 793, Jambi 99657, Sulteng', 'Rp.5.000.000', '2024-01-17 06:15:57', '2024-01-17 06:15:57'),
(143, 269, 1, 2, 1, 0, 'Kondektur', '2021', NULL, 'nobis', 'Gg. Tambun No. 395, Padangpanjang 77288, Malut', 'Rp.2.000.000', '2024-01-17 06:15:57', '2024-01-17 06:15:57'),
(144, 272, 1, 3, 5, 1, 'Sopir', '2017', NULL, 'veritatis', 'Ki. Umalas No. 211, Kotamobagu 11332, Kalbar', 'Rp.2.000.000', '2024-01-17 06:15:57', '2024-01-17 06:15:57'),
(145, 273, 7, 1, 4, 0, 'Buruh Nelayan / Perikanan', '2019', NULL, 'voluptatem', 'Jr. Fajar No. 941, Tarakan 57285, Babel', 'Rp.5.000.000', '2024-01-17 06:15:57', '2024-01-17 06:15:57'),
(146, 275, 3, 1, 5, 0, 'Sopir', '2023', NULL, 'autem', 'Ds. Banceng Pondok No. 439, Tangerang Selatan 48710, Jabar', 'Rp.4.000.000', '2024-01-17 06:15:58', '2024-01-17 06:15:58'),
(147, 276, 8, 1, 5, 1, 'Sopir', '2023', 'Perum Nasyiah', 'rem', 'Ki. Tangkuban Perahu No. 180, Semarang 31119, Sulbar', 'Rp.1.000.000', '2024-01-17 06:15:58', '2024-01-17 06:15:58'),
(148, 277, 5, 3, 1, 1, 'Mengurus Rumah Tangga', '2017', NULL, 'suscipit', 'Jr. Basmol Raya No. 286, Bitung 89945, Jateng', 'Rp.1.000.000', '2024-01-17 06:15:58', '2024-01-17 06:15:58'),
(149, 278, 4, 1, 3, 0, 'Jaksa', '2020', 'PJ Hastuti', 'assumenda', 'Ki. HOS. Cjokroaminoto (Pasirkaliki) No. 600, Bogor 27806, Kalsel', 'Rp.4.000.000', '2024-01-17 06:15:58', '2024-01-17 06:15:58'),
(150, 279, 6, 3, 4, 1, 'Seniman', '2017', 'PD Mayasari Rahayu', 'ex', 'Dk. Jayawijaya No. 36, Dumai 26861, Papua', 'Rp.4.000.000', '2024-01-17 06:15:58', '2024-01-17 06:15:58'),
(151, 280, 4, 2, 1, 0, 'Pelajar / Mahasiswa', '2023', NULL, 'est', 'Jr. Kyai Gede No. 68, Singkawang 54352, Gorontalo', 'Rp.2.000.000', '2024-01-17 06:15:58', '2024-01-17 06:15:58'),
(152, 281, 1, 3, 4, 1, 'Penata Rambut', '2019', 'CV Prasetya', 'nesciunt', 'Ds. Rajiman No. 192, Administrasi Jakarta Utara 23766, Sulbar', NULL, '2024-01-17 06:15:58', '2024-01-17 06:15:58'),
(153, 283, 3, 1, 1, 1, 'Notaris', '2016', NULL, 'voluptatem', 'Dk. Hang No. 359, Binjai 47748, Sumsel', 'Rp.2.000.000', '2024-01-17 06:15:58', '2024-01-17 06:15:58'),
(154, 284, 5, 2, 3, 0, 'Atlet', '2019', 'PJ Pradana', 'in', 'Dk. Bayan No. 322, Jayapura 44795, Gorontalo', NULL, '2024-01-17 06:15:58', '2024-01-17 06:15:58'),
(155, 286, 5, 3, 2, 0, 'Hakim', '2016', NULL, 'vel', 'Jln. M.T. Haryono No. 217, Probolinggo 98175, DKI', 'Rp.2.000.000', '2024-01-17 06:15:58', '2024-01-17 06:15:58'),
(156, 287, 7, 2, 2, 1, 'Pemandu Wisata', '2021', 'Yayasan Maryati', 'sint', 'Jr. Cikutra Barat No. 279, Gunungsitoli 87785, NTB', 'Rp.3.000.000', '2024-01-17 06:15:59', '2024-01-17 06:15:59'),
(157, 289, 6, 3, 5, 0, 'Buruh Harian Lepas', '2017', NULL, 'quasi', 'Dk. Pasteur No. 515, Lubuklinggau 28670, Jatim', 'Rp.4.000.000', '2024-01-17 06:15:59', '2024-01-17 06:15:59'),
(158, 291, 3, 3, 4, 1, 'Perdagangan', '2021', NULL, 'ut', 'Kpg. Warga No. 601, Serang 43213, Maluku', NULL, '2024-01-17 06:15:59', '2024-01-17 06:15:59'),
(159, 292, 4, 2, 2, 1, 'Guru', '2020', NULL, 'est', 'Dk. Suryo No. 538, Surabaya 42102, Sultra', 'Rp.2.000.000', '2024-01-17 06:15:59', '2024-01-17 06:15:59'),
(160, 295, 3, 3, 5, 0, 'Karyawan BUMD', '2016', NULL, 'vero', 'Jln. Rajiman No. 490, Ambon 34022, Kalbar', 'Rp.5.000.000', '2024-01-17 06:15:59', '2024-01-17 06:15:59'),
(161, 297, 3, 3, 4, 0, 'Biarawati', '2020', NULL, 'perspiciatis', 'Ds. Urip Sumoharjo No. 19, Tanjung Pinang 92424, Banten', 'Rp.5.000.000', '2024-01-17 06:15:59', '2024-01-17 06:15:59'),
(162, 299, 7, 3, 4, 1, 'Psikiater / Psikolog', '2016', 'CV Lestari Prakasa', 'repellendus', 'Ki. Ki Hajar Dewantara No. 733, Magelang 51489, Aceh', NULL, '2024-01-17 06:16:00', '2024-01-17 06:16:00'),
(163, 300, 6, 1, 2, 0, 'Pastor', '2016', NULL, 'ut', 'Jr. Abdul. Muis No. 885, Kendari 51080, Sultra', 'Rp.3.000.000', '2024-01-17 06:16:00', '2024-01-17 06:16:00'),
(164, 301, 4, 2, 5, 0, 'Pelajar / Mahasiswa', '2016', 'Perum Wahyuni (Persero) Tbk', 'sapiente', 'Ds. Pelajar Pejuang 45 No. 19, Administrasi Jakarta Timur 21815, Kepri', 'Rp.1.000.000', '2024-01-17 06:16:00', '2024-01-17 06:16:00'),
(165, 304, 3, 1, 3, 0, 'Buruh Peternakan', '2022', 'PD Mulyani Napitupulu', 'illum', 'Ki. Astana Anyar No. 970, Kupang 38071, Gorontalo', 'Rp.1.000.000', '2024-01-17 06:16:00', '2024-01-17 06:16:00'),
(166, 307, 1, 1, 4, 0, 'Imam Masjid', '2019', 'Yayasan Sinaga Kusumo', 'quam', 'Jln. Sentot Alibasa No. 28, Pontianak 98775, Kaltim', NULL, '2024-01-17 06:16:00', '2024-01-17 06:16:00'),
(167, 309, 4, 3, 2, 1, 'Penyiar Televisi', '2021', 'PJ Saputra Maryadi', 'suscipit', 'Psr. Lumban Tobing No. 212, Batam 47376, Sultra', 'Rp.2.000.000', '2024-01-17 06:16:00', '2024-01-17 06:16:00'),
(168, 312, 2, 2, 3, 0, 'Kondektur', '2021', NULL, 'eligendi', 'Jln. Soekarno Hatta No. 177, Jayapura 23436, Sulbar', NULL, '2024-01-17 06:16:01', '2024-01-17 06:16:01'),
(169, 314, 2, 1, 1, 1, 'Paraji', '2022', 'PT Sihombing (Persero) Tbk', 'nihil', 'Dk. Baabur Royan No. 71, Solok 32343, Kalteng', 'Rp.1.000.000', '2024-01-17 06:16:01', '2024-01-17 06:16:01'),
(170, 322, 5, 3, 2, 0, 'Notaris', '2019', 'PD Latupono Hartati', 'rerum', 'Jln. Bhayangkara No. 10, Sawahlunto 14930, Papua', 'Rp.4.000.000', '2024-01-17 06:16:02', '2024-01-17 06:16:02'),
(171, 325, 6, 1, 2, 0, 'Nahkoda', '2016', 'PT Utama Puspita (Persero) Tbk', 'nesciunt', 'Gg. Dipatiukur No. 234, Surakarta 43869, Sultra', 'Rp.4.000.000', '2024-01-17 06:16:02', '2024-01-17 06:16:02'),
(172, 329, 7, 2, 4, 1, 'Tukang Las / Pandai Besi', '2018', 'Fa Ardianto Palastri Tbk', 'in', 'Ds. Badak No. 485, Tasikmalaya 73514, Jatim', 'Rp.5.000.000', '2024-01-17 06:16:02', '2024-01-17 06:16:02'),
(173, 332, 8, 3, 3, 0, 'Seniman', '2023', 'PT Sudiati Putra Tbk', 'omnis', 'Jln. Jend. A. Yani No. 815, Jambi 67819, NTB', NULL, '2024-01-17 06:16:02', '2024-01-17 06:16:02'),
(174, 334, 4, 3, 3, 0, 'Nahkoda', '2016', NULL, 'autem', 'Dk. Dewi Sartika No. 581, Dumai 48574, Jambi', 'Rp.4.000.000', '2024-01-17 06:16:03', '2024-01-17 06:16:03'),
(175, 335, 7, 3, 2, 0, 'Buruh Nelayan / Perikanan', '2016', NULL, 'qui', 'Dk. K.H. Maskur No. 214, Surabaya 60184, Kaltara', 'Rp.3.000.000', '2024-01-17 06:16:03', '2024-01-17 06:16:03'),
(176, 336, 4, 1, 4, 0, 'Programmer', '2020', NULL, 'sint', 'Jln. Fajar No. 507, Padangpanjang 71194, Jateng', 'Rp.1.000.000', '2024-01-17 06:16:03', '2024-01-17 06:16:03'),
(177, 337, 7, 3, 2, 1, 'Imam Masjid', '2020', 'PT Kurniawan', 'assumenda', 'Dk. Aceh No. 186, Pariaman 98301, DKI', NULL, '2024-01-17 06:16:03', '2024-01-17 06:16:03'),
(178, 338, 1, 1, 4, 0, 'Juru Masak', '2022', 'Yayasan Wulandari', 'enim', 'Psr. R.M. Said No. 252, Mojokerto 90069, Gorontalo', 'Rp.4.000.000', '2024-01-17 06:16:03', '2024-01-17 06:16:03'),
(179, 342, 7, 2, 1, 0, 'Dosen', '2019', NULL, 'sed', 'Kpg. Bacang No. 128, Prabumulih 10472, Kaltara', 'Rp.5.000.000', '2024-01-17 06:16:03', '2024-01-17 06:16:03'),
(180, 344, 8, 3, 5, 0, 'Bidan', '2023', 'Fa Waluyo Astuti', 'atque', 'Kpg. Dipenogoro No. 424, Bitung 40242, DKI', NULL, '2024-01-17 06:16:03', '2024-01-17 06:16:03'),
(181, 345, 1, 1, 3, 1, 'Penerjemah', '2020', NULL, 'nisi', 'Gg. Acordion No. 450, Jayapura 13693, Aceh', 'Rp.2.000.000', '2024-01-17 06:16:04', '2024-01-17 06:16:04'),
(182, 347, 7, 3, 3, 0, 'Sopir', '2022', NULL, 'non', 'Kpg. Yosodipuro No. 656, Palembang 86339, Babel', 'Rp.2.000.000', '2024-01-17 06:16:04', '2024-01-17 06:16:04'),
(183, 350, 5, 1, 2, 1, 'Tukang Las / Pandai Besi', '2021', 'Fa Wibowo', 'aut', 'Gg. Mahakam No. 927, Mataram 75149, Sulteng', 'Rp.2.000.000', '2024-01-17 06:16:04', '2024-01-17 06:16:04'),
(184, 351, 2, 1, 4, 0, 'Apoteker', '2022', 'PD Sihombing Anggraini', 'est', 'Ki. Bhayangkara No. 552, Sukabumi 75542, Sulut', NULL, '2024-01-17 06:16:04', '2024-01-17 06:16:04'),
(185, 352, 8, 1, 4, 0, 'Perancang Busana', '2023', NULL, 'eaque', 'Ki. Otto No. 478, Pontianak 30926, Bengkulu', 'Rp.5.000.000', '2024-01-17 06:16:04', '2024-01-17 06:16:04'),
(186, 355, 8, 2, 2, 1, 'Tukang Sol Sepatu', '2020', NULL, 'adipisci', 'Gg. Bayan No. 293, Sawahlunto 91209, Maluku', 'Rp.4.000.000', '2024-01-17 06:16:04', '2024-01-17 06:16:04'),
(187, 356, 7, 3, 1, 0, 'Guru', '2019', NULL, 'eaque', 'Dk. Abdul. Muis No. 610, Lhokseumawe 63003, Malut', 'Rp.2.000.000', '2024-01-17 06:16:04', '2024-01-17 06:16:04'),
(188, 357, 4, 3, 5, 1, 'Perancang Busana', '2016', NULL, 'ratione', 'Psr. PHH. Mustofa No. 625, Banjar 75976, Jabar', 'Rp.3.000.000', '2024-01-17 06:16:05', '2024-01-17 06:16:05'),
(189, 360, 7, 3, 4, 0, 'Tukang Batu', '2022', NULL, 'iusto', 'Jln. Banal No. 371, Cimahi 84213, Sultra', 'Rp.1.000.000', '2024-01-17 06:16:05', '2024-01-17 06:16:05'),
(190, 365, 2, 2, 3, 1, 'Perdagangan', '2018', 'Fa Sirait Wijayanti Tbk', 'vel', 'Jr. Karel S. Tubun No. 339, Depok 82616, Bali', 'Rp.3.000.000', '2024-01-17 06:16:05', '2024-01-17 06:16:05'),
(191, 370, 1, 1, 4, 1, 'Notaris', '2021', 'PJ Lestari Tbk', 'rerum', 'Ki. Babadak No. 969, Padangpanjang 47249, Banten', 'Rp.3.000.000', '2024-01-17 06:16:06', '2024-01-17 06:16:06'),
(192, 372, 1, 1, 4, 0, 'Apoteker', '2023', NULL, 'quia', 'Jln. Basuki No. 398, Administrasi Jakarta Utara 20824, Kalsel', NULL, '2024-01-17 06:16:06', '2024-01-17 06:16:06'),
(193, 373, 6, 3, 4, 1, 'Tabib', '2018', 'Yayasan Marbun Tbk', 'deserunt', 'Gg. Antapani Lama No. 152, Cimahi 67658, Sumsel', 'Rp.4.000.000', '2024-01-17 06:16:06', '2024-01-17 06:16:06'),
(194, 376, 5, 3, 1, 1, 'Mengurus Rumah Tangga', '2022', 'CV Padmasari', 'magnam', 'Jln. Monginsidi No. 359, Batu 44661, Sulbar', 'Rp.3.000.000', '2024-01-17 06:16:06', '2024-01-17 06:16:06'),
(195, 379, 2, 2, 3, 0, 'Penerjemah', '2016', 'CV Permata Tbk', 'voluptatum', 'Ki. Banceng Pondok No. 350, Subulussalam 24236, Bali', 'Rp.1.000.000', '2024-01-17 06:16:06', '2024-01-17 06:16:06'),
(196, 382, 4, 2, 5, 1, 'Perdagangan', '2018', 'PJ Hassanah Pranowo', 'quis', 'Gg. Sutarto No. 264, Pekalongan 50060, Sulut', 'Rp.3.000.000', '2024-01-17 06:16:07', '2024-01-17 06:16:07'),
(197, 384, 7, 2, 5, 1, 'Penata Rias', '2018', NULL, 'et', 'Jln. Jaksa No. 35, Palembang 29393, Kaltim', 'Rp.2.000.000', '2024-01-17 06:16:07', '2024-01-17 06:16:07'),
(198, 388, 1, 3, 4, 1, 'Penyiar Radio', '2018', 'Perum Handayani Halimah', 'iusto', 'Jr. Suryo No. 112, Banjarmasin 98366, Kalbar', 'Rp.4.000.000', '2024-01-17 06:16:07', '2024-01-17 06:16:07'),
(199, 392, 6, 1, 1, 1, 'Buruh Peternakan', '2021', NULL, 'vel', 'Dk. Basoka Raya No. 704, Pangkal Pinang 67880, Babel', NULL, '2024-01-17 06:16:08', '2024-01-17 06:16:08'),
(200, 394, 7, 3, 2, 1, 'Desainer', '2016', 'Perum Aryani Prabowo', 'aliquam', 'Ds. R.E. Martadinata No. 575, Manado 69729, Bali', 'Rp.5.000.000', '2024-01-17 06:16:08', '2024-01-17 06:16:08'),
(201, 396, 5, 1, 1, 1, 'Pastor', '2019', NULL, 'ut', 'Dk. Pahlawan No. 990, Payakumbuh 79759, Jambi', 'Rp.4.000.000', '2024-01-17 06:16:08', '2024-01-17 06:16:08'),
(202, 397, 6, 1, 3, 0, 'Tukang Las / Pandai Besi', '2016', NULL, 'nobis', 'Jln. Sutarjo No. 737, Administrasi Jakarta Timur 86965, Bengkulu', 'Rp.3.000.000', '2024-01-17 06:16:08', '2024-01-17 06:16:08'),
(203, 400, 8, 1, 4, 0, 'Hakim', '2022', 'PD Zulaika', 'qui', 'Gg. Jakarta No. 630, Cimahi 78768, Malut', 'Rp.2.000.000', '2024-01-17 06:16:08', '2024-01-17 06:16:08'),
(204, 401, 2, 1, 2, 1, 'Buruh Harian Lepas', '2019', NULL, 'id', 'Jr. Acordion No. 957, Palopo 65703, Kalteng', 'Rp.5.000.000', '2024-01-17 06:16:08', '2024-01-17 06:16:08'),
(205, 404, 1, 1, 2, 0, 'Perangkat Desa', '2022', 'PT Maryadi', 'vitae', 'Ki. Reksoninten No. 204, Administrasi Jakarta Pusat 67687, Jateng', 'Rp.1.000.000', '2024-01-17 06:16:09', '2024-01-17 06:16:09'),
(206, 405, 6, 2, 3, 1, 'Kepolisian RI (POLRI)', '2021', NULL, 'esse', 'Ds. Baiduri No. 910, Tanjungbalai 26874, DIY', 'Rp.5.000.000', '2024-01-17 06:16:09', '2024-01-17 06:16:09'),
(207, 406, 2, 3, 5, 0, 'Belum / Tidak Bekerja', '2019', 'Yayasan Puspasari Puspasari', 'et', 'Ki. Ronggowarsito No. 805, Tanjung Pinang 92426, Sulbar', 'Rp.3.000.000', '2024-01-17 06:16:09', '2024-01-17 06:16:09'),
(208, 409, 1, 3, 1, 0, 'Penyelam', '2022', NULL, 'deleniti', 'Jln. R.M. Said No. 899, Kupang 85990, Banten', 'Rp.4.000.000', '2024-01-17 06:16:09', '2024-01-17 06:16:09'),
(209, 411, 6, 3, 2, 1, 'Notaris', '2020', NULL, 'nemo', 'Jln. W.R. Supratman No. 652, Balikpapan 39233, Banten', 'Rp.2.000.000', '2024-01-17 06:16:09', '2024-01-17 06:16:09'),
(210, 412, 5, 1, 5, 1, 'Transportasi', '2023', 'UD Rajasa Halimah', 'minima', 'Jr. Ekonomi No. 992, Palangka Raya 52832, NTT', 'Rp.4.000.000', '2024-01-17 06:16:09', '2024-01-17 06:16:09'),
(211, 413, 3, 2, 4, 0, 'Presiden', '2018', NULL, 'numquam', 'Kpg. Pattimura No. 788, Magelang 68769, Sultra', 'Rp.3.000.000', '2024-01-17 06:16:09', '2024-01-17 06:16:09'),
(212, 419, 4, 1, 4, 0, 'Tukang Las / Pandai Besi', '2023', NULL, 'in', 'Ds. Jambu No. 809, Payakumbuh 87624, Kalsel', 'Rp.4.000.000', '2024-01-17 06:16:10', '2024-01-17 06:16:10'),
(213, 421, 8, 1, 5, 0, 'Kondektur', '2017', 'CV Sihombing', 'magni', 'Dk. Adisumarmo No. 92, Bandung 74832, Riau', 'Rp.5.000.000', '2024-01-17 06:16:10', '2024-01-17 06:16:10'),
(214, 422, 2, 2, 3, 1, 'Dosen', '2018', 'PJ Suryatmi', 'consequatur', 'Ki. Jayawijaya No. 709, Binjai 13374, NTB', 'Rp.5.000.000', '2024-01-17 06:16:10', '2024-01-17 06:16:10'),
(215, 424, 8, 2, 2, 0, 'Programmer', '2017', NULL, 'hic', 'Jr. Yogyakarta No. 806, Bau-Bau 56477, DIY', 'Rp.4.000.000', '2024-01-17 06:16:10', '2024-01-17 06:16:10'),
(216, 425, 1, 3, 1, 1, 'Perancang Busana', '2020', NULL, 'sed', 'Jln. Cikutra Timur No. 635, Tual 12302, Malut', 'Rp.5.000.000', '2024-01-17 06:16:10', '2024-01-17 06:16:10'),
(217, 427, 5, 3, 3, 0, 'Pelajar / Mahasiswa', '2020', NULL, 'nulla', 'Ds. Bagonwoto  No. 264, Medan 46429, Sultra', 'Rp.5.000.000', '2024-01-17 06:16:11', '2024-01-17 06:16:11'),
(218, 429, 1, 1, 5, 0, 'Wartawan', '2019', NULL, 'est', 'Psr. Pacuan Kuda No. 24, Madiun 12506, Sulut', NULL, '2024-01-17 06:16:11', '2024-01-17 06:16:11'),
(219, 431, 3, 3, 4, 1, 'Perdagangan', '2022', NULL, 'ratione', 'Gg. Tangkuban Perahu No. 543, Manado 75765, Sulsel', 'Rp.4.000.000', '2024-01-17 06:16:11', '2024-01-17 06:16:11'),
(220, 434, 8, 1, 2, 0, 'Tukang Jahit', '2019', 'CV Hariyah Tbk', 'voluptatem', 'Ki. Cut Nyak Dien No. 294, Surakarta 24885, Jabar', 'Rp.5.000.000', '2024-01-17 06:16:11', '2024-01-17 06:16:11'),
(221, 436, 6, 3, 3, 1, 'Arsitek', '2020', 'PT Wulandari Kusumo', 'consequuntur', 'Jln. Reksoninten No. 251, Surakarta 66653, NTB', 'Rp.1.000.000', '2024-01-17 06:16:11', '2024-01-17 06:16:11'),
(222, 438, 7, 3, 4, 0, 'Penambang', '2022', NULL, 'earum', 'Psr. Batako No. 660, Administrasi Jakarta Selatan 76001, Babel', NULL, '2024-01-17 06:16:12', '2024-01-17 06:16:12'),
(223, 439, 3, 1, 2, 1, 'Peternak', '2023', NULL, 'ut', 'Psr. Siliwangi No. 346, Pangkal Pinang 88479, DIY', 'Rp.2.000.000', '2024-01-17 06:16:12', '2024-01-17 06:16:12'),
(224, 440, 7, 1, 1, 0, 'Hakim', '2019', NULL, 'laudantium', 'Jr. Tambun No. 131, Administrasi Jakarta Utara 56839, Maluku', 'Rp.2.000.000', '2024-01-17 06:16:12', '2024-01-17 06:16:12'),
(225, 441, 2, 1, 1, 0, 'Pemandu Wisata', '2016', 'Fa Wahyudin', 'quos', 'Ki. Monginsidi No. 528, Bima 57836, DIY', 'Rp.3.000.000', '2024-01-17 06:16:12', '2024-01-17 06:16:12'),
(226, 442, 3, 2, 3, 0, 'Wiraswasta', '2022', NULL, 'explicabo', 'Dk. Bara No. 694, Bogor 36673, Jambi', 'Rp.1.000.000', '2024-01-17 06:16:12', '2024-01-17 06:16:12'),
(227, 447, 3, 3, 3, 1, 'Wakil Presiden', '2023', 'Yayasan Fujiati (Persero) Tbk', 'placeat', 'Gg. B.Agam 1 No. 199, Pasuruan 96783, Banten', 'Rp.2.000.000', '2024-01-17 06:16:12', '2024-01-17 06:16:12'),
(228, 449, 4, 3, 2, 0, 'Ustaz / Mubaligh', '2023', 'UD Yuniar Andriani', 'et', 'Gg. Ters. Kiaracondong No. 232, Makassar 11933, Banten', 'Rp.3.000.000', '2024-01-17 06:16:12', '2024-01-17 06:16:12'),
(229, 450, 8, 3, 1, 1, 'Konstruksi', '2021', NULL, 'velit', 'Kpg. R.M. Said No. 955, Mataram 98776, Sulut', 'Rp.3.000.000', '2024-01-17 06:16:13', '2024-01-17 06:16:13'),
(230, 451, 6, 1, 3, 1, 'Pramusaji', '2020', NULL, 'commodi', 'Gg. Bank Dagang Negara No. 357, Banjar 93122, Maluku', 'Rp.5.000.000', '2024-01-17 06:16:13', '2024-01-17 06:16:13'),
(231, 453, 4, 2, 2, 1, 'Dosen', '2018', 'UD Suryatmi Nasyidah Tbk', 'molestiae', 'Kpg. Gegerkalong Hilir No. 228, Pontianak 93480, Sulut', 'Rp.3.000.000', '2024-01-17 06:16:13', '2024-01-17 06:16:13'),
(232, 455, 2, 3, 3, 1, 'Perangkat Desa', '2022', 'CV Sihombing Tbk', 'voluptate', 'Dk. Teuku Umar No. 842, Bandar Lampung 12796, Jatim', 'Rp.1.000.000', '2024-01-17 06:16:13', '2024-01-17 06:16:13'),
(233, 457, 1, 1, 5, 0, 'Notaris', '2020', NULL, 'in', 'Psr. Imam Bonjol No. 957, Makassar 68684, Papua', NULL, '2024-01-17 06:16:13', '2024-01-17 06:16:13'),
(234, 458, 5, 1, 2, 0, 'Perangkat Desa', '2020', 'Perum Prayoga Tbk', 'ut', 'Kpg. Elang No. 470, Tangerang 86680, Sumbar', 'Rp.5.000.000', '2024-01-17 06:16:13', '2024-01-17 06:16:13'),
(235, 460, 8, 1, 5, 0, 'Peneliti', '2022', NULL, 'eligendi', 'Ki. Wahid No. 507, Jayapura 24402, Sumsel', 'Rp.1.000.000', '2024-01-17 06:16:13', '2024-01-17 06:16:13'),
(236, 461, 7, 1, 5, 0, 'Promotor Acara', '2020', 'PJ Mangunsong Tbk', 'et', 'Psr. Ekonomi No. 168, Metro 27258, Sulut', 'Rp.5.000.000', '2024-01-17 06:16:13', '2024-01-17 06:16:13'),
(237, 462, 7, 3, 1, 1, 'Pastor', '2018', 'Fa Permadi Waskita (Persero) Tbk', 'at', 'Kpg. Siliwangi No. 61, Cilegon 57621, NTT', 'Rp.1.000.000', '2024-01-17 06:16:14', '2024-01-17 06:16:14'),
(238, 464, 8, 2, 1, 0, 'Pilot', '2021', 'Fa Hutasoit', 'sapiente', 'Dk. Wahid No. 75, Pasuruan 19348, Lampung', 'Rp.5.000.000', '2024-01-17 06:16:14', '2024-01-17 06:16:14'),
(239, 465, 2, 3, 2, 0, 'Penyelam', '2023', 'Yayasan Yolanda Simbolon Tbk', 'praesentium', 'Jr. Elang No. 921, Bekasi 34135, DKI', 'Rp.4.000.000', '2024-01-17 06:16:14', '2024-01-17 06:16:14'),
(240, 468, 8, 3, 2, 1, 'Kepala Desa', '2022', NULL, 'nesciunt', 'Psr. Yos Sudarso No. 700, Pasuruan 73306, Kalbar', 'Rp.4.000.000', '2024-01-17 06:16:14', '2024-01-17 06:16:14'),
(241, 470, 6, 2, 3, 1, 'Industri', '2020', NULL, 'id', 'Psr. Sudiarto No. 983, Parepare 64421, Jateng', 'Rp.3.000.000', '2024-01-17 06:16:14', '2024-01-17 06:16:14'),
(242, 471, 3, 3, 4, 0, 'Mengurus Rumah Tangga', '2019', 'Perum Usada', 'quam', 'Psr. Abdul No. 461, Tanjungbalai 13782, Sulsel', 'Rp.4.000.000', '2024-01-17 06:16:14', '2024-01-17 06:16:14'),
(243, 477, 3, 1, 5, 0, 'Kondektur', '2022', NULL, 'nesciunt', 'Jr. Wahid No. 474, Palangka Raya 32466, Banten', 'Rp.5.000.000', '2024-01-17 06:16:15', '2024-01-17 06:16:15'),
(244, 478, 8, 2, 2, 1, 'Nelayan / Perikanan', '2016', NULL, 'qui', 'Ds. Hang No. 839, Balikpapan 34355, Bengkulu', 'Rp.3.000.000', '2024-01-17 06:16:15', '2024-01-17 06:16:15'),
(245, 483, 5, 2, 1, 1, 'Pramugari', '2018', NULL, 'ut', 'Ki. Honggowongso No. 687, Administrasi Jakarta Barat 58412, Bali', 'Rp.3.000.000', '2024-01-17 06:16:15', '2024-01-17 06:16:15'),
(246, 488, 2, 3, 5, 1, 'Tukang Batu', '2023', NULL, 'dolores', 'Gg. Flora No. 450, Bontang 96751, Sumbar', 'Rp.2.000.000', '2024-01-17 06:16:16', '2024-01-17 06:16:16'),
(247, 489, 4, 3, 1, 1, 'Kepala Desa', '2022', 'UD Winarsih Handayani', 'molestias', 'Gg. Bazuka Raya No. 96, Tual 45346, Kepri', NULL, '2024-01-17 06:16:16', '2024-01-17 06:16:16'),
(248, 491, 1, 1, 4, 0, 'Penyelam', '2020', 'Perum Mansur Tbk', 'blanditiis', 'Kpg. Baik No. 485, Prabumulih 79550, Kalsel', 'Rp.3.000.000', '2024-01-17 06:16:16', '2024-01-17 06:16:16'),
(249, 492, 2, 1, 3, 0, 'Penata Busana', '2021', NULL, 'fugit', 'Jln. Badak No. 415, Sorong 89924, Kalsel', 'Rp.3.000.000', '2024-01-17 06:16:16', '2024-01-17 06:16:16'),
(250, 495, 2, 2, 4, 0, 'Wiraswasta', '2020', NULL, 'sed', 'Ki. Camar No. 318, Banda Aceh 22441, Kaltim', NULL, '2024-01-17 06:16:16', '2024-01-17 06:16:16'),
(251, 496, 8, 1, 3, 1, 'Ustaz / Mubaligh', '2021', 'UD Yuniar Kurniawan (Persero) Tbk', 'et', 'Gg. Haji No. 211, Batam 26950, NTT', 'Rp.4.000.000', '2024-01-17 06:16:16', '2024-01-17 06:16:16'),
(252, 499, 6, 1, 5, 1, 'Pensiunan', '2021', NULL, 'rem', 'Gg. Aceh No. 184, Pematangsiantar 45193, Pabar', 'Rp.1.000.000', '2024-01-17 06:16:17', '2024-01-17 06:16:17'),
(253, 503, 7, 2, 5, 0, 'Industri', '2018', NULL, 'debitis', 'Kpg. Sadang Serang No. 753, Kediri 30014, Kalteng', NULL, '2024-01-17 06:16:17', '2024-01-17 06:16:17'),
(254, 504, 5, 3, 2, 0, 'Kepala Desa', '2021', NULL, 'voluptatem', 'Dk. Baan No. 167, Administrasi Jakarta Utara 94295, Bengkulu', 'Rp.4.000.000', '2024-01-17 06:16:17', '2024-01-17 06:16:17'),
(255, 505, 3, 1, 3, 1, 'Kepolisian RI (POLRI)', '2020', NULL, 'esse', 'Ds. Taman No. 782, Sibolga 67993, Maluku', NULL, '2024-01-17 06:16:17', '2024-01-17 06:16:17'),
(256, 507, 6, 3, 1, 1, 'Pilot', '2016', 'Perum Mardhiyah Hutasoit (Persero) Tbk', 'voluptate', 'Jln. Padang No. 388, Banjarbaru 70302, Kaltim', 'Rp.1.000.000', '2024-01-17 06:16:17', '2024-01-17 06:16:17'),
(257, 510, 3, 2, 4, 1, 'Karyawan Honorer', '2016', 'UD Fujiati Usamah (Persero) Tbk', 'explicabo', 'Ds. Samanhudi No. 746, Bekasi 10863, Jateng', NULL, '2024-01-17 06:16:18', '2024-01-17 06:16:18'),
(258, 513, 4, 1, 5, 0, 'Programmer', '2021', 'Fa Wijaya Wulandari (Persero) Tbk', 'non', 'Ki. Merdeka No. 302, Pontianak 50730, Kalbar', NULL, '2024-01-17 06:16:18', '2024-01-17 06:16:18'),
(259, 514, 5, 1, 3, 0, 'Perangkat Desa', '2022', NULL, 'sit', 'Jln. Sukajadi No. 315, Bau-Bau 72158, Gorontalo', NULL, '2024-01-17 06:16:18', '2024-01-17 06:16:18'),
(260, 515, 5, 2, 2, 1, 'Masinis', '2022', NULL, 'iure', 'Psr. Baladewa No. 838, Batam 38583, Riau', 'Rp.3.000.000', '2024-01-17 06:16:18', '2024-01-17 06:16:18'),
(261, 516, 8, 2, 1, 0, 'Pramusaji', '2020', NULL, 'voluptate', 'Jr. PHH. Mustofa No. 496, Bogor 51982, Lampung', 'Rp.1.000.000', '2024-01-17 06:16:18', '2024-01-17 06:16:18'),
(262, 517, 5, 3, 3, 0, 'Karyawan Swasta', '2016', 'PD Pertiwi', 'quam', 'Ds. Raya Setiabudhi No. 749, Depok 90628, Babel', 'Rp.2.000.000', '2024-01-17 06:16:18', '2024-01-17 06:16:18'),
(263, 519, 8, 3, 5, 1, 'Wiraswasta', '2019', 'CV Uwais', 'omnis', 'Jr. Diponegoro No. 188, Ambon 38371, Gorontalo', 'Rp.1.000.000', '2024-01-17 06:16:18', '2024-01-17 06:16:18'),
(264, 521, 4, 1, 2, 1, 'Tabib', '2022', 'PJ Lailasari', 'quia', 'Jln. Batako No. 876, Probolinggo 34779, Jatim', 'Rp.3.000.000', '2024-01-17 06:16:19', '2024-01-17 06:16:19'),
(265, 524, 4, 3, 2, 1, 'Mengurus Rumah Tangga', '2022', NULL, 'accusamus', 'Gg. Pattimura No. 870, Pasuruan 28367, Sultra', 'Rp.4.000.000', '2024-01-17 06:16:19', '2024-01-17 06:16:19'),
(266, 526, 2, 3, 2, 0, 'Buruh Nelayan / Perikanan', '2023', NULL, 'perferendis', 'Jr. Otista No. 434, Palu 37602, Sulteng', NULL, '2024-01-17 06:16:19', '2024-01-17 06:16:19'),
(267, 527, 2, 3, 5, 0, 'Nelayan / Perikanan', '2019', 'UD Mayasari Mayasari', 'veniam', 'Jln. Krakatau No. 952, Kediri 84563, Sulut', 'Rp.5.000.000', '2024-01-17 06:16:19', '2024-01-17 06:16:19'),
(268, 528, 3, 2, 4, 0, 'Presiden', '2016', 'PJ Puspita Tbk', 'veniam', 'Gg. Cut Nyak Dien No. 646, Cimahi 25301, Pabar', 'Rp.5.000.000', '2024-01-17 06:16:19', '2024-01-17 06:16:19'),
(269, 529, 3, 3, 2, 0, 'Buruh Peternakan', '2020', 'PT Hastuti Permadi', 'vel', 'Ds. Urip Sumoharjo No. 286, Madiun 72218, Kaltim', 'Rp.5.000.000', '2024-01-17 06:16:19', '2024-01-17 06:16:19'),
(270, 530, 3, 3, 1, 1, 'Tentara Nasional Indonesia (TNI)', '2019', NULL, 'expedita', 'Gg. Gatot Subroto No. 737, Surakarta 67633, NTB', 'Rp.1.000.000', '2024-01-17 06:16:19', '2024-01-17 06:16:19'),
(271, 533, 2, 3, 3, 1, 'Presiden', '2019', NULL, 'autem', 'Kpg. Sutarto No. 353, Administrasi Jakarta Barat 87265, Sulsel', 'Rp.4.000.000', '2024-01-17 06:16:20', '2024-01-17 06:16:20'),
(272, 536, 4, 1, 4, 0, 'Karyawan Honorer', '2016', NULL, 'aliquam', 'Dk. Ters. Pasir Koja No. 919, Pasuruan 71115, Kalteng', 'Rp.3.000.000', '2024-01-17 06:16:20', '2024-01-17 06:16:20'),
(273, 537, 5, 3, 1, 1, 'Karyawan Honorer', '2021', NULL, 'quam', 'Gg. Lembong No. 502, Palembang 99593, Jatim', 'Rp.2.000.000', '2024-01-17 06:16:20', '2024-01-17 06:16:20'),
(274, 541, 4, 3, 3, 1, 'Ustaz / Mubaligh', '2016', NULL, 'qui', 'Jr. Abdul No. 224, Semarang 56099, Bengkulu', 'Rp.4.000.000', '2024-01-17 06:16:20', '2024-01-17 06:16:20'),
(275, 545, 1, 2, 5, 0, 'Tukang Cukur', '2020', NULL, 'id', 'Jr. Bhayangkara No. 500, Kediri 13764, NTT', 'Rp.5.000.000', '2024-01-17 06:16:21', '2024-01-17 06:16:21'),
(276, 548, 4, 2, 1, 1, 'Ustaz / Mubaligh', '2021', 'PJ Nasyidah Habibi (Persero) Tbk', 'optio', 'Ki. Ronggowarsito No. 137, Yogyakarta 88573, Kaltara', 'Rp.1.000.000', '2024-01-17 06:16:21', '2024-01-17 06:16:21'),
(277, 549, 4, 3, 1, 0, 'Paraji', '2016', NULL, 'iusto', 'Dk. Sukajadi No. 222, Payakumbuh 72284, DIY', 'Rp.3.000.000', '2024-01-17 06:16:21', '2024-01-17 06:16:21');
INSERT INTO `alumnis` (`id`, `pelamar_id`, `angkatan_id`, `jurusan_id`, `kegiatan_id`, `relevan`, `pekerjaan`, `tahun_mulai`, `nama_dudi`, `bidang_dudi`, `alamat_dudi`, `penghasilan`, `created_at`, `updated_at`) VALUES
(278, 551, 6, 3, 4, 0, 'Hakim', '2021', 'UD Handayani (Persero) Tbk', 'qui', 'Psr. Bahagia  No. 479, Banjar 96724, Riau', 'Rp.4.000.000', '2024-01-17 06:16:21', '2024-01-17 06:16:21'),
(279, 555, 5, 1, 4, 0, 'Kepala Desa', '2023', 'PJ Astuti', 'labore', 'Kpg. Bagas Pati No. 221, Tual 79526, Maluku', 'Rp.5.000.000', '2024-01-17 06:16:21', '2024-01-17 06:16:21'),
(280, 556, 6, 3, 2, 0, 'Tukang Las / Pandai Besi', '2020', NULL, 'sapiente', 'Dk. Sentot Alibasa No. 888, Administrasi Jakarta Utara 96502, Bengkulu', 'Rp.1.000.000', '2024-01-17 06:16:22', '2024-01-17 06:16:22'),
(281, 558, 5, 1, 1, 0, 'Promotor Acara', '2017', 'Fa Yuniar Siregar', 'soluta', 'Jln. Baha No. 777, Yogyakarta 18019, NTT', 'Rp.3.000.000', '2024-01-17 06:16:22', '2024-01-17 06:16:22'),
(282, 559, 7, 3, 2, 1, 'Bidan', '2019', NULL, 'nihil', 'Jr. K.H. Wahid Hasyim (Kopo) No. 767, Kotamobagu 10641, Kepri', 'Rp.3.000.000', '2024-01-17 06:16:22', '2024-01-17 06:16:22'),
(283, 560, 7, 2, 4, 1, 'Paraji', '2020', NULL, 'ut', 'Dk. Bayan No. 185, Binjai 33695, Sumbar', 'Rp.1.000.000', '2024-01-17 06:16:22', '2024-01-17 06:16:22'),
(284, 564, 8, 1, 5, 1, 'Perancang Busana', '2021', NULL, 'dignissimos', 'Gg. Sam Ratulangi No. 532, Bima 37944, Jabar', 'Rp.3.000.000', '2024-01-17 06:16:22', '2024-01-17 06:16:22'),
(285, 566, 8, 1, 4, 1, 'Pendeta', '2019', 'PD Marbun Tbk', 'reiciendis', 'Psr. Daan No. 196, Lubuklinggau 38427, Malut', 'Rp.5.000.000', '2024-01-17 06:16:22', '2024-01-17 06:16:22'),
(286, 568, 1, 2, 2, 0, 'Penyelam', '2016', 'Yayasan Nasyidah (Persero) Tbk', 'eius', 'Psr. Moch. Ramdan No. 893, Tasikmalaya 58634, Sumsel', 'Rp.2.000.000', '2024-01-17 06:16:23', '2024-01-17 06:16:23'),
(287, 570, 2, 2, 3, 0, 'Pramusaji', '2016', 'PJ Iswahyudi', 'mollitia', 'Kpg. Imam No. 902, Magelang 20242, Pabar', 'Rp.1.000.000', '2024-01-17 06:16:23', '2024-01-17 06:16:23'),
(288, 572, 1, 1, 3, 1, 'Karyawan BUMN', '2019', 'PD Siregar (Persero) Tbk', 'earum', 'Psr. Dewi Sartika No. 140, Batu 25346, Bengkulu', NULL, '2024-01-17 06:16:23', '2024-01-17 06:16:23'),
(289, 573, 8, 1, 4, 0, 'Peternak', '2020', 'PJ Lestari Tbk', 'quo', 'Jln. Madiun No. 530, Lubuklinggau 94091, Kalsel', NULL, '2024-01-17 06:16:23', '2024-01-17 06:16:23'),
(290, 575, 6, 1, 4, 1, 'Apoteker', '2017', 'PD Sirait', 'suscipit', 'Ds. Salatiga No. 952, Parepare 32063, Kaltim', 'Rp.2.000.000', '2024-01-17 06:16:23', '2024-01-17 06:16:23'),
(291, 576, 7, 1, 1, 1, 'Penyiar Radio', '2021', NULL, 'quia', 'Jr. Salam No. 161, Binjai 52868, Babel', 'Rp.4.000.000', '2024-01-17 06:16:23', '2024-01-17 06:16:23'),
(292, 578, 8, 3, 5, 1, 'Karyawan Honorer', '2017', NULL, 'veniam', 'Jr. Nangka No. 889, Padang 47590, Kalteng', 'Rp.5.000.000', '2024-01-17 06:16:23', '2024-01-17 06:16:23'),
(293, 579, 8, 1, 5, 1, 'Juru Masak', '2017', 'PD Wijayanti Tbk', 'aliquid', 'Ki. Cikutra Timur No. 396, Pangkal Pinang 63044, Gorontalo', 'Rp.1.000.000', '2024-01-17 06:16:23', '2024-01-17 06:16:23'),
(294, 580, 2, 3, 2, 0, 'Pensiunan', '2017', NULL, 'unde', 'Kpg. Laswi No. 555, Surakarta 87726, Jabar', 'Rp.5.000.000', '2024-01-17 06:16:24', '2024-01-17 06:16:24'),
(295, 581, 7, 1, 5, 0, 'Notaris', '2021', NULL, 'commodi', 'Jr. Jambu No. 812, Bukittinggi 94118, Kalsel', 'Rp.3.000.000', '2024-01-17 06:16:24', '2024-01-17 06:16:24'),
(296, 584, 2, 2, 3, 0, 'Pemandu Wisata', '2021', 'Yayasan Yuniar Pertiwi (Persero) Tbk', 'impedit', 'Kpg. S. Parman No. 571, Tarakan 52840, Bengkulu', NULL, '2024-01-17 06:16:24', '2024-01-17 06:16:24'),
(297, 585, 5, 1, 5, 0, 'Arsitek', '2018', NULL, 'deleniti', 'Psr. PHH. Mustofa No. 722, Palopo 19219, Lampung', 'Rp.4.000.000', '2024-01-17 06:16:24', '2024-01-17 06:16:24'),
(298, 588, 7, 1, 4, 1, 'Tentara Nasional Indonesia (TNI)', '2021', 'Yayasan Anggraini Mangunsong', 'recusandae', 'Kpg. Laswi No. 364, Metro 43631, Sulut', 'Rp.5.000.000', '2024-01-17 06:16:24', '2024-01-17 06:16:24'),
(299, 593, 7, 2, 4, 0, 'Wartawan', '2017', NULL, 'voluptatem', 'Gg. Antapani Lama No. 594, Kendari 40849, Jabar', 'Rp.4.000.000', '2024-01-17 06:16:25', '2024-01-17 06:16:25'),
(300, 595, 1, 1, 5, 0, 'Mengurus Rumah Tangga', '2016', NULL, 'voluptatem', 'Ds. Bagonwoto  No. 290, Malang 99481, Bengkulu', NULL, '2024-01-17 06:16:25', '2024-01-17 06:16:25'),
(301, 597, 1, 1, 2, 1, 'Tukang Jahit', '2020', NULL, 'quo', 'Psr. Basoka No. 523, Langsa 62765, Papua', 'Rp.5.000.000', '2024-01-17 06:16:25', '2024-01-17 06:16:25'),
(302, 598, 3, 3, 4, 1, 'Masinis', '2021', 'Yayasan Widodo Tbk', 'voluptates', 'Ki. Yos No. 855, Payakumbuh 38443, Banten', 'Rp.1.000.000', '2024-01-17 06:16:25', '2024-01-17 06:16:25'),
(303, 599, 6, 1, 4, 1, 'Tentara Nasional Indonesia (TNI)', '2016', NULL, 'qui', 'Jr. Tangkuban Perahu No. 164, Tanjungbalai 74992, Sulut', 'Rp.4.000.000', '2024-01-17 06:16:25', '2024-01-17 06:16:25'),
(304, 600, 8, 2, 4, 1, 'Tabib', '2022', 'Yayasan Marbun (Persero) Tbk', 'et', 'Dk. Salatiga No. 546, Bengkulu 37110, Jabar', 'Rp.5.000.000', '2024-01-17 06:16:25', '2024-01-17 06:16:25'),
(305, 602, 6, 1, 1, 1, 'Mengurus Rumah Tangga', '2022', 'PD Yolanda', 'esse', 'Jln. Barasak No. 773, Bima 18982, Kalbar', 'Rp.4.000.000', '2024-01-17 06:16:25', '2024-01-17 06:16:25'),
(306, 603, 6, 2, 1, 1, 'Buruh Nelayan / Perikanan', '2018', NULL, 'et', 'Gg. Tangkuban Perahu No. 805, Ambon 85532, Riau', 'Rp.4.000.000', '2024-01-17 06:16:26', '2024-01-17 06:16:26'),
(307, 605, 6, 1, 2, 1, 'Pegawai Negeri Sipil (PNS)', '2018', NULL, 'ut', 'Ds. HOS. Cjokroaminoto (Pasirkaliki) No. 180, Administrasi Jakarta Utara 53112, Sulut', NULL, '2024-01-17 06:16:26', '2024-01-17 06:16:26'),
(308, 606, 3, 2, 5, 1, 'Perdagangan', '2020', 'Fa Pangestu', 'fugiat', 'Kpg. Warga No. 707, Blitar 20388, Jateng', 'Rp.3.000.000', '2024-01-17 06:16:26', '2024-01-17 06:16:26'),
(309, 608, 2, 3, 1, 1, 'Perangkat Desa', '2023', NULL, 'illo', 'Ki. Setiabudhi No. 420, Sorong 84518, Jatim', 'Rp.3.000.000', '2024-01-17 06:16:26', '2024-01-17 06:16:26'),
(310, 610, 4, 3, 1, 1, 'Akuntan', '2021', NULL, 'quibusdam', 'Psr. Orang No. 643, Dumai 22270, Jambi', 'Rp.2.000.000', '2024-01-17 06:16:26', '2024-01-17 06:16:26'),
(311, 612, 5, 2, 2, 0, 'Pilot', '2019', 'PJ Handayani (Persero) Tbk', 'aut', 'Ds. Bagonwoto  No. 224, Magelang 73493, Sumbar', 'Rp.2.000.000', '2024-01-17 06:16:26', '2024-01-17 06:16:26'),
(312, 614, 7, 2, 2, 0, 'Pendeta', '2018', NULL, 'aut', 'Gg. Ujung No. 270, Bitung 12681, Sultra', NULL, '2024-01-17 06:16:26', '2024-01-17 06:16:26'),
(313, 615, 6, 3, 5, 0, 'Karyawan Swasta', '2023', NULL, 'sit', 'Jr. Yos No. 423, Kendari 21303, Kalsel', NULL, '2024-01-17 06:16:27', '2024-01-17 06:16:27'),
(314, 616, 5, 1, 4, 0, 'Buruh Peternakan', '2023', NULL, 'expedita', 'Jln. Basoka No. 46, Tual 64731, Kalsel', 'Rp.5.000.000', '2024-01-17 06:16:27', '2024-01-17 06:16:27'),
(315, 617, 6, 3, 3, 1, 'Guru', '2017', 'UD Samosir Tbk', 'rerum', 'Jr. Babadak No. 371, Depok 20874, DKI', 'Rp.5.000.000', '2024-01-17 06:16:27', '2024-01-17 06:16:27'),
(316, 619, 8, 3, 2, 0, 'Karyawan Honorer', '2016', NULL, 'repellendus', 'Ds. Urip Sumoharjo No. 912, Pasuruan 64165, Lampung', 'Rp.3.000.000', '2024-01-17 06:16:27', '2024-01-17 06:16:27'),
(317, 622, 8, 2, 1, 0, 'Penata Rias', '2018', 'PD Riyanti Narpati', 'iste', 'Kpg. Bahagia  No. 790, Manado 85190, Aceh', 'Rp.3.000.000', '2024-01-17 06:16:27', '2024-01-17 06:16:27'),
(318, 624, 2, 2, 1, 1, 'Presiden', '2017', 'Fa Salahudin', 'voluptas', 'Gg. Bambu No. 510, Pagar Alam 34642, Maluku', 'Rp.4.000.000', '2024-01-17 06:16:27', '2024-01-17 06:16:27'),
(319, 625, 1, 1, 4, 1, 'Hakim', '2021', 'Fa Laksmiwati Tbk', 'dicta', 'Jr. Surapati No. 872, Banjarmasin 39774, Jatim', 'Rp.4.000.000', '2024-01-17 06:16:27', '2024-01-17 06:16:27'),
(320, 626, 5, 1, 1, 1, 'Pramusaji', '2017', NULL, 'praesentium', 'Gg. Sutarto No. 325, Jayapura 36102, Jateng', 'Rp.5.000.000', '2024-01-17 06:16:27', '2024-01-17 06:16:27'),
(321, 627, 8, 1, 5, 0, 'Psikiater / Psikolog', '2018', 'Fa Maulana', 'sed', 'Gg. Gatot Subroto No. 926, Tarakan 15554, NTB', 'Rp.4.000.000', '2024-01-17 06:16:28', '2024-01-17 06:16:28'),
(322, 629, 4, 2, 1, 0, 'Pelajar / Mahasiswa', '2018', NULL, 'laborum', 'Ki. Bank Dagang Negara No. 899, Tanjungbalai 78345, Kalbar', NULL, '2024-01-17 06:16:28', '2024-01-17 06:16:28'),
(323, 630, 3, 3, 2, 1, 'Tukang Batu', '2016', 'CV Winarno Safitri Tbk', 'atque', 'Jr. Casablanca No. 861, Sukabumi 14042, Pabar', NULL, '2024-01-17 06:16:28', '2024-01-17 06:16:28'),
(324, 631, 4, 3, 3, 1, 'Perdagangan', '2022', 'Yayasan Prasetya Utama', 'illo', 'Jln. Sugiyopranoto No. 3, Kendari 62009, Jabar', 'Rp.4.000.000', '2024-01-17 06:16:28', '2024-01-17 06:16:28'),
(325, 632, 8, 3, 2, 0, 'Transportasi', '2020', 'Fa Iswahyudi Tbk', 'optio', 'Jln. Tambak No. 315, Semarang 50024, Maluku', 'Rp.2.000.000', '2024-01-17 06:16:28', '2024-01-17 06:16:28'),
(326, 634, 6, 3, 3, 1, 'Pastor', '2021', 'PT Novitasari', 'ut', 'Gg. Supomo No. 647, Pariaman 90757, Jatim', NULL, '2024-01-17 06:16:28', '2024-01-17 06:16:28'),
(327, 635, 1, 1, 2, 1, 'Perawat', '2016', NULL, 'tenetur', 'Jln. Pintu Besar Selatan No. 646, Payakumbuh 17080, DKI', 'Rp.5.000.000', '2024-01-17 06:16:28', '2024-01-17 06:16:28'),
(328, 639, 3, 2, 2, 0, 'Pegawai Negeri Sipil (PNS)', '2022', NULL, 'distinctio', 'Gg. Yos Sudarso No. 241, Medan 32714, Kepri', 'Rp.1.000.000', '2024-01-17 06:16:29', '2024-01-17 06:16:29'),
(329, 640, 1, 3, 3, 1, 'Pilot', '2016', 'PT Uwais Widiastuti Tbk', 'eaque', 'Ds. Thamrin No. 668, Tidore Kepulauan 66160, Jambi', 'Rp.2.000.000', '2024-01-17 06:16:29', '2024-01-17 06:16:29'),
(330, 648, 8, 2, 1, 1, 'Petani / Pekebun', '2017', NULL, 'itaque', 'Jln. Basoka No. 304, Dumai 31901, Sumbar', NULL, '2024-01-17 06:16:29', '2024-01-17 06:16:29'),
(331, 650, 1, 1, 5, 1, 'Pramugari', '2023', NULL, 'assumenda', 'Dk. Pintu Besar Selatan No. 832, Semarang 43636, Jatim', 'Rp.1.000.000', '2024-01-17 06:16:29', '2024-01-17 06:16:29'),
(332, 651, 8, 3, 2, 0, 'Arsitek', '2023', 'PD Yuliarti Simanjuntak (Persero) Tbk', 'amet', 'Kpg. Baranang Siang No. 767, Tanjung Pinang 53653, Sultra', 'Rp.2.000.000', '2024-01-17 06:16:30', '2024-01-17 06:16:30'),
(333, 652, 2, 3, 5, 1, 'Penata Busana', '2022', 'PJ Manullang Tbk', 'sed', 'Gg. Padma No. 749, Denpasar 94831, DKI', 'Rp.1.000.000', '2024-01-17 06:16:30', '2024-01-17 06:16:30'),
(334, 655, 3, 2, 2, 0, 'Pemandu Wisata', '2023', NULL, 'autem', 'Gg. Moch. Ramdan No. 157, Kupang 90246, NTB', 'Rp.1.000.000', '2024-01-17 06:16:30', '2024-01-17 06:16:30'),
(335, 657, 1, 2, 3, 1, 'Pengacara', '2016', NULL, 'reiciendis', 'Jr. Lembong No. 99, Mataram 36030, Sulsel', 'Rp.4.000.000', '2024-01-17 06:16:30', '2024-01-17 06:16:30'),
(336, 658, 4, 3, 4, 0, 'Tukang Batu', '2020', 'Fa Dabukke Hasanah (Persero) Tbk', 'officiis', 'Gg. Katamso No. 5, Tegal 56447, DIY', 'Rp.3.000.000', '2024-01-17 06:16:30', '2024-01-17 06:16:30'),
(337, 663, 8, 1, 1, 1, 'Pendeta', '2022', NULL, 'maxime', 'Jr. Abdul No. 264, Sibolga 89116, DIY', 'Rp.5.000.000', '2024-01-17 06:16:31', '2024-01-17 06:16:31'),
(338, 665, 1, 2, 1, 1, 'Buruh Tani / Perkebunan', '2019', 'PJ Napitupulu Astuti', 'laborum', 'Gg. Eka No. 526, Tasikmalaya 28566, Sumbar', 'Rp.1.000.000', '2024-01-17 06:16:31', '2024-01-17 06:16:31'),
(339, 667, 6, 3, 2, 0, 'Penata Rias', '2021', 'UD Kusmawati', 'alias', 'Ds. Eka No. 335, Palu 91321, DIY', 'Rp.2.000.000', '2024-01-17 06:16:31', '2024-01-17 06:16:31'),
(340, 669, 1, 3, 3, 0, 'Wiraswasta', '2018', 'Fa Marbun Wasita', 'reprehenderit', 'Jr. Bahagia  No. 106, Sibolga 35663, Jatim', NULL, '2024-01-17 06:16:31', '2024-01-17 06:16:31'),
(341, 671, 3, 2, 4, 1, 'Wartawan', '2021', 'Fa Nashiruddin', 'laborum', 'Kpg. Teuku Umar No. 70, Lhokseumawe 77787, Banten', 'Rp.2.000.000', '2024-01-17 06:16:31', '2024-01-17 06:16:31'),
(342, 672, 3, 2, 3, 0, 'Kepala Desa', '2019', NULL, 'aperiam', 'Kpg. Gatot Subroto No. 468, Lhokseumawe 52409, Bengkulu', 'Rp.1.000.000', '2024-01-17 06:16:31', '2024-01-17 06:16:31'),
(343, 677, 6, 2, 5, 0, 'Pendeta', '2022', 'Fa Waskita Wulandari', 'earum', 'Ki. Nanas No. 166, Makassar 81115, Bali', 'Rp.2.000.000', '2024-01-17 06:16:32', '2024-01-17 06:16:32'),
(344, 679, 5, 1, 5, 1, 'Nahkoda', '2023', 'PJ Tamba Rahimah', 'qui', 'Ds. Ters. Pasir Koja No. 665, Manado 30212, Lampung', 'Rp.4.000.000', '2024-01-17 06:16:32', '2024-01-17 06:16:32'),
(345, 680, 5, 1, 5, 0, 'Perancang Busana', '2019', 'PT Mardhiyah', 'consequuntur', 'Ds. Peta No. 508, Palu 60475, Riau', 'Rp.2.000.000', '2024-01-17 06:16:32', '2024-01-17 06:16:32'),
(346, 681, 2, 2, 4, 0, 'Psikiater / Psikolog', '2016', 'Fa Utami Sirait (Persero) Tbk', 'fugit', 'Kpg. Jagakarsa No. 288, Yogyakarta 67909, DKI', 'Rp.2.000.000', '2024-01-17 06:16:32', '2024-01-17 06:16:32'),
(347, 682, 7, 1, 1, 0, 'Konstruksi', '2018', 'Yayasan Pratama Haryanti (Persero) Tbk', 'saepe', 'Kpg. Zamrud No. 356, Sukabumi 23077, Sulsel', 'Rp.3.000.000', '2024-01-17 06:16:32', '2024-01-17 06:16:32'),
(348, 683, 8, 3, 3, 1, 'Nelayan / Perikanan', '2017', 'Fa Nuraini Salahudin (Persero) Tbk', 'incidunt', 'Dk. Dipenogoro No. 106, Administrasi Jakarta Pusat 93902, Aceh', 'Rp.3.000.000', '2024-01-17 06:16:32', '2024-01-17 06:16:32'),
(349, 685, 8, 3, 5, 0, 'Sopir', '2022', 'Perum Dabukke', 'facere', 'Jln. Nakula No. 348, Batam 34684, Sultra', 'Rp.2.000.000', '2024-01-17 06:16:32', '2024-01-17 06:16:32'),
(350, 687, 8, 1, 4, 1, 'Wartawan', '2016', 'Yayasan Nasyidah Hidayat', 'magni', 'Psr. Baabur Royan No. 441, Langsa 53372, Sumbar', 'Rp.1.000.000', '2024-01-17 06:16:33', '2024-01-17 06:16:33'),
(351, 689, 1, 3, 1, 1, 'Tukang Kayu', '2018', 'Fa Puspasari Melani Tbk', 'aut', 'Ds. Yosodipuro No. 541, Tangerang 34861, NTT', 'Rp.5.000.000', '2024-01-17 06:16:33', '2024-01-17 06:16:33'),
(352, 691, 3, 2, 2, 1, 'Promotor Acara', '2019', NULL, 'perferendis', 'Jr. Baranangsiang No. 69, Denpasar 86594, Jateng', 'Rp.2.000.000', '2024-01-17 06:16:33', '2024-01-17 06:16:33'),
(353, 693, 1, 2, 1, 1, 'Pelaut', '2022', NULL, 'optio', 'Ki. Flora No. 383, Samarinda 72115, Sumsel', NULL, '2024-01-17 06:16:33', '2024-01-17 06:16:33'),
(354, 694, 5, 3, 1, 1, 'Dokter', '2021', NULL, 'fuga', 'Kpg. Abdul No. 771, Madiun 13534, NTB', 'Rp.3.000.000', '2024-01-17 06:16:33', '2024-01-17 06:16:33'),
(355, 695, 2, 2, 2, 0, 'Buruh Nelayan / Perikanan', '2017', NULL, 'sed', 'Jr. Sutan Syahrir No. 273, Padangsidempuan 23090, Riau', 'Rp.3.000.000', '2024-01-17 06:16:33', '2024-01-17 06:16:33'),
(356, 696, 1, 3, 1, 0, 'Pialang', '2019', NULL, 'illo', 'Kpg. Bambu No. 161, Manado 49398, NTT', NULL, '2024-01-17 06:16:33', '2024-01-17 06:16:33'),
(357, 698, 1, 1, 1, 0, 'Penyelam', '2023', 'PJ Yuliarti', 'ipsam', 'Dk. Cokroaminoto No. 579, Batam 15673, Kaltara', 'Rp.2.000.000', '2024-01-17 06:16:34', '2024-01-17 06:16:34'),
(358, 699, 8, 1, 2, 0, 'Buruh Peternakan', '2021', NULL, 'qui', 'Ki. Kyai Mojo No. 721, Sawahlunto 42303, Bali', NULL, '2024-01-17 06:16:34', '2024-01-17 06:16:34'),
(359, 700, 7, 1, 3, 1, 'Hakim', '2019', NULL, 'voluptatem', 'Ki. Tangkuban Perahu No. 123, Batu 85877, Bali', 'Rp.1.000.000', '2024-01-17 06:16:34', '2024-01-17 06:16:34'),
(360, 701, 1, 1, 1, 1, 'Pialang', '2019', NULL, 'sit', 'Kpg. Dago No. 261, Tegal 90698, Papua', 'Rp.1.000.000', '2024-01-17 06:16:34', '2024-01-17 06:16:34'),
(361, 702, 2, 1, 4, 1, 'Kepala Desa', '2018', NULL, 'dolorem', 'Gg. Mahakam No. 973, Prabumulih 21723, Jambi', 'Rp.4.000.000', '2024-01-17 06:16:34', '2024-01-17 06:16:34'),
(362, 704, 7, 3, 5, 1, 'Belum / Tidak Bekerja', '2016', NULL, 'ex', 'Kpg. Badak No. 868, Administrasi Jakarta Selatan 56739, Malut', 'Rp.4.000.000', '2024-01-17 06:16:34', '2024-01-17 06:16:34'),
(363, 708, 2, 3, 5, 1, 'Tukang Las / Pandai Besi', '2019', 'UD Saefullah', 'dolores', 'Dk. Krakatau No. 272, Tanjung Pinang 70430, Kaltim', 'Rp.5.000.000', '2024-01-17 06:16:34', '2024-01-17 06:16:34'),
(364, 710, 1, 3, 3, 1, 'Pemandu Wisata', '2023', 'Yayasan Tampubolon Riyanti (Persero) Tbk', 'laboriosam', 'Dk. Gremet No. 308, Pagar Alam 97600, Kalsel', 'Rp.4.000.000', '2024-01-17 06:16:35', '2024-01-17 06:16:35'),
(365, 716, 6, 2, 4, 1, 'Ustaz / Mubaligh', '2017', 'PJ Iswahyudi Pratama (Persero) Tbk', 'delectus', 'Jln. Padma No. 239, Tangerang Selatan 62089, Bali', 'Rp.5.000.000', '2024-01-17 06:16:35', '2024-01-17 06:16:35'),
(366, 717, 7, 3, 4, 1, 'Pegawai Negeri Sipil (PNS)', '2021', NULL, 'pariatur', 'Jln. Sampangan No. 599, Parepare 12764, Bali', 'Rp.5.000.000', '2024-01-17 06:16:35', '2024-01-17 06:16:35'),
(367, 725, 6, 1, 1, 1, 'Karyawan BUMN', '2018', 'UD Ardianto', 'ea', 'Psr. Bara No. 914, Batu 52951, DIY', 'Rp.2.000.000', '2024-01-17 06:16:36', '2024-01-17 06:16:36'),
(368, 729, 2, 1, 4, 1, 'Tukang Jahit', '2018', 'CV Widodo Tbk', 'quidem', 'Ki. Abdullah No. 19, Palembang 57059, DKI', 'Rp.1.000.000', '2024-01-17 06:16:36', '2024-01-17 06:16:36'),
(369, 731, 8, 3, 1, 1, 'Apoteker', '2018', NULL, 'numquam', 'Jln. Bakau Griya Utama No. 290, Kupang 33903, DIY', 'Rp.2.000.000', '2024-01-17 06:16:36', '2024-01-17 06:16:36'),
(370, 735, 3, 3, 5, 1, 'Pastor', '2016', 'UD Sihotang Dongoran Tbk', 'perspiciatis', 'Jr. Ahmad Dahlan No. 832, Salatiga 26844, Lampung', 'Rp.1.000.000', '2024-01-17 06:16:37', '2024-01-17 06:16:37'),
(371, 738, 3, 2, 5, 1, 'Masinis', '2022', 'Fa Farida Anggraini', 'fugiat', 'Dk. Raya Ujungberung No. 465, Tual 66460, NTB', 'Rp.2.000.000', '2024-01-17 06:16:37', '2024-01-17 06:16:37'),
(372, 739, 2, 1, 3, 1, 'Wartawan', '2016', NULL, 'at', 'Ki. Baan No. 599, Tanjungbalai 87458, Sulsel', 'Rp.2.000.000', '2024-01-17 06:16:37', '2024-01-17 06:16:37'),
(373, 740, 7, 1, 5, 0, 'Desainer', '2019', NULL, 'dolor', 'Dk. Lada No. 802, Prabumulih 61156, Gorontalo', 'Rp.2.000.000', '2024-01-17 06:16:37', '2024-01-17 06:16:37'),
(374, 742, 6, 2, 1, 1, 'Presiden', '2019', NULL, 'dolor', 'Jln. Bakit  No. 545, Bitung 42212, Jateng', 'Rp.1.000.000', '2024-01-17 06:16:37', '2024-01-17 06:16:37'),
(375, 746, 6, 3, 1, 0, 'Pelaut', '2018', NULL, 'ad', 'Jln. Sam Ratulangi No. 478, Yogyakarta 46128, NTT', 'Rp.1.000.000', '2024-01-17 06:16:38', '2024-01-17 06:16:38'),
(376, 748, 6, 2, 4, 1, 'Konsultan', '2018', NULL, 'dolor', 'Psr. Lada No. 611, Solok 27009, Kaltara', 'Rp.4.000.000', '2024-01-17 06:16:38', '2024-01-17 06:16:38'),
(377, 749, 6, 3, 5, 0, 'Tukang Las / Pandai Besi', '2022', NULL, 'quis', 'Ki. Otto No. 793, Tanjungbalai 61060, Jabar', 'Rp.4.000.000', '2024-01-17 06:16:38', '2024-01-17 06:16:38'),
(378, 751, 5, 1, 5, 0, 'Perawat', '2016', 'PD Simanjuntak Pudjiastuti (Persero) Tbk', 'totam', 'Gg. Sam Ratulangi No. 327, Tanjungbalai 71668, Babel', 'Rp.3.000.000', '2024-01-17 06:16:38', '2024-01-17 06:16:38'),
(379, 752, 4, 2, 2, 1, 'Nahkoda', '2023', NULL, 'quae', 'Kpg. Krakatau No. 802, Makassar 62977, Sumbar', NULL, '2024-01-17 06:16:38', '2024-01-17 06:16:38'),
(380, 753, 6, 2, 2, 1, 'Tukang Cukur', '2022', 'PD Wahyudin Yolanda (Persero) Tbk', 'odio', 'Psr. Kalimalang No. 222, Padang 56312, Kaltara', 'Rp.4.000.000', '2024-01-17 06:16:38', '2024-01-17 06:16:38'),
(381, 754, 1, 3, 1, 1, 'Petani / Pekebun', '2021', NULL, 'velit', 'Dk. Suryo Pranoto No. 699, Banda Aceh 80723, Babel', 'Rp.1.000.000', '2024-01-17 06:16:38', '2024-01-17 06:16:38'),
(382, 755, 4, 1, 5, 0, 'Mekanik', '2017', 'Fa Damanik Tbk', 'magnam', 'Jln. Agus Salim No. 189, Sabang 86103, Babel', 'Rp.2.000.000', '2024-01-17 06:16:38', '2024-01-17 06:16:38'),
(383, 756, 7, 1, 1, 1, 'Pialang', '2022', 'Perum Wacana Mustofa Tbk', 'omnis', 'Ki. Jamika No. 575, Serang 40884, Sumsel', 'Rp.2.000.000', '2024-01-17 06:16:38', '2024-01-17 06:16:38'),
(384, 757, 7, 2, 2, 1, 'Pelaut', '2023', NULL, 'ut', 'Gg. Ters. Jakarta No. 196, Denpasar 80352, Sumsel', 'Rp.5.000.000', '2024-01-17 06:16:38', '2024-01-17 06:16:38'),
(385, 758, 5, 2, 3, 1, 'Satpam', '2020', 'Yayasan Hasanah (Persero) Tbk', 'autem', 'Dk. Bacang No. 374, Kendari 11917, DKI', 'Rp.3.000.000', '2024-01-17 06:16:39', '2024-01-17 06:16:39'),
(386, 759, 1, 1, 2, 0, 'Peneliti', '2017', 'Fa Napitupulu', 'quae', 'Dk. Bakti No. 106, Administrasi Jakarta Utara 96336, Jatim', 'Rp.3.000.000', '2024-01-17 06:16:39', '2024-01-17 06:16:39'),
(387, 760, 1, 1, 3, 0, 'Bidan', '2023', NULL, 'sed', 'Ds. Yos No. 158, Ternate 61303, Jambi', NULL, '2024-01-17 06:16:39', '2024-01-17 06:16:39'),
(388, 764, 1, 1, 5, 0, 'Tukang Kayu', '2022', 'Yayasan Oktaviani Hartati Tbk', 'ut', 'Dk. BKR No. 77, Manado 36840, Lampung', 'Rp.3.000.000', '2024-01-17 06:16:39', '2024-01-17 06:16:39'),
(389, 765, 1, 1, 4, 0, 'Penambang', '2016', 'PT Hastuti Tbk', 'quia', 'Ki. Tubagus Ismail No. 162, Magelang 97173, Papua', 'Rp.5.000.000', '2024-01-17 06:16:39', '2024-01-17 06:16:39'),
(390, 769, 6, 3, 1, 1, 'Penulis', '2016', 'UD Hardiansyah Tbk', 'autem', 'Ds. Gegerkalong Hilir No. 224, Gunungsitoli 20385, Kalteng', 'Rp.3.000.000', '2024-01-17 06:16:40', '2024-01-17 06:16:40'),
(391, 770, 7, 3, 4, 0, 'Biarawati', '2021', 'PD Wijayanti Pradipta', 'reiciendis', 'Jln. Padma No. 514, Yogyakarta 46845, Kalteng', 'Rp.4.000.000', '2024-01-17 06:16:40', '2024-01-17 06:16:40'),
(392, 771, 4, 1, 3, 1, 'Sopir', '2016', 'PD Pudjiastuti Tbk', 'reprehenderit', 'Ki. Tangkuban Perahu No. 697, Medan 39565, Bali', 'Rp.3.000.000', '2024-01-17 06:16:40', '2024-01-17 06:16:40'),
(393, 773, 3, 2, 4, 1, 'Jaksa', '2018', 'Fa Rahayu Pratiwi (Persero) Tbk', 'voluptatum', 'Ki. Supono No. 665, Gorontalo 51042, Kalteng', 'Rp.4.000.000', '2024-01-17 06:16:40', '2024-01-17 06:16:40'),
(394, 782, 7, 2, 2, 1, 'Presiden', '2019', NULL, 'et', 'Psr. Sampangan No. 952, Bandung 90129, Lampung', 'Rp.4.000.000', '2024-01-17 06:16:41', '2024-01-17 06:16:41'),
(395, 783, 2, 2, 1, 1, 'Karyawan Honorer', '2021', NULL, 'mollitia', 'Dk. Moch. Toha No. 882, Singkawang 79205, Kalbar', 'Rp.1.000.000', '2024-01-17 06:16:41', '2024-01-17 06:16:41'),
(396, 790, 7, 2, 3, 0, 'Kondektur', '2020', 'PT Sihotang Kuswandari Tbk', 'molestias', 'Kpg. Raden Saleh No. 808, Administrasi Jakarta Selatan 82157, DIY', 'Rp.2.000.000', '2024-01-17 06:16:41', '2024-01-17 06:16:41'),
(397, 792, 8, 3, 4, 0, 'Pedagang', '2021', 'CV Nasyidah', 'rerum', 'Psr. Haji No. 815, Mojokerto 50178, Papua', 'Rp.2.000.000', '2024-01-17 06:16:41', '2024-01-17 06:16:41'),
(398, 793, 5, 2, 5, 0, 'Perangkat Desa', '2023', NULL, 'odio', 'Jr. Padma No. 110, Tasikmalaya 84786, DIY', 'Rp.3.000.000', '2024-01-17 06:16:42', '2024-01-17 06:16:42'),
(399, 794, 8, 1, 1, 0, 'Buruh Peternakan', '2023', 'PJ Pratiwi', 'illum', 'Psr. Jambu No. 610, Bengkulu 19119, Sulsel', 'Rp.3.000.000', '2024-01-17 06:16:42', '2024-01-17 06:16:42'),
(400, 795, 5, 2, 2, 0, 'Penyiar Radio', '2020', 'UD Hastuti Saragih Tbk', 'quia', 'Jr. Aceh No. 75, Sungai Penuh 23922, Malut', NULL, '2024-01-17 06:16:42', '2024-01-17 06:16:42'),
(401, 796, 2, 3, 4, 1, 'Satpam', '2023', 'Perum Rajasa', 'natus', 'Jln. Bacang No. 28, Palembang 45917, Sumsel', 'Rp.3.000.000', '2024-01-17 06:16:42', '2024-01-17 06:16:42'),
(402, 802, 4, 3, 5, 0, 'Karyawan BUMN', '2021', 'PT Marbun Pertiwi', 'distinctio', 'Jln. Radio No. 354, Salatiga 98713, Babel', 'Rp.5.000.000', '2024-01-17 06:16:42', '2024-01-17 06:16:42'),
(403, 807, 6, 2, 1, 1, 'Transportasi', '2020', 'CV Rajasa Tbk', 'reiciendis', 'Psr. Banal No. 922, Salatiga 68126, DIY', 'Rp.5.000.000', '2024-01-17 06:16:43', '2024-01-17 06:16:43'),
(404, 810, 2, 3, 2, 0, 'Wiraswasta', '2023', 'Fa Sihombing Tbk', 'quam', 'Jln. Bagis Utama No. 817, Langsa 15461, Lampung', NULL, '2024-01-17 06:16:43', '2024-01-17 06:16:43'),
(405, 812, 4, 2, 5, 1, 'Belum / Tidak Bekerja', '2019', 'PT Suryatmi Budiyanto', 'vero', 'Ki. Bambon No. 959, Madiun 71938, Kalsel', 'Rp.4.000.000', '2024-01-17 06:16:43', '2024-01-17 06:16:43'),
(406, 813, 4, 1, 3, 1, 'Buruh Nelayan / Perikanan', '2022', NULL, 'tempore', 'Kpg. Basudewo No. 704, Sorong 23545, Gorontalo', 'Rp.5.000.000', '2024-01-17 06:16:43', '2024-01-17 06:16:43'),
(407, 814, 7, 3, 4, 1, 'Tukang Gigi', '2022', 'Perum Prakasa Tbk', 'est', 'Ki. B.Agam Dlm No. 992, Banda Aceh 26801, Sulsel', 'Rp.2.000.000', '2024-01-17 06:16:43', '2024-01-17 06:16:43'),
(408, 820, 2, 1, 4, 0, 'Pilot', '2016', 'PJ Maheswara Tbk', 'sit', 'Dk. Bambu No. 700, Tebing Tinggi 56329, Kalbar', NULL, '2024-01-17 06:16:44', '2024-01-17 06:16:44'),
(409, 821, 3, 1, 4, 1, 'Buruh Tani / Perkebunan', '2021', 'PT Sihombing (Persero) Tbk', 'quo', 'Psr. Monginsidi No. 832, Sabang 63715, Banten', 'Rp.4.000.000', '2024-01-17 06:16:44', '2024-01-17 06:16:44'),
(410, 823, 7, 1, 4, 1, 'Penambang', '2018', NULL, 'corporis', 'Jln. Kebangkitan Nasional No. 168, Tegal 76716, Lampung', 'Rp.4.000.000', '2024-01-17 06:16:44', '2024-01-17 06:16:44'),
(411, 825, 8, 1, 3, 1, 'Ustaz / Mubaligh', '2016', NULL, 'cupiditate', 'Psr. Hayam Wuruk No. 504, Banjarmasin 58369, Maluku', NULL, '2024-01-17 06:16:44', '2024-01-17 06:16:44'),
(412, 827, 3, 1, 5, 0, 'Tentara Nasional Indonesia (TNI)', '2020', NULL, 'aliquam', 'Ki. Juanda No. 22, Tegal 99651, DKI', 'Rp.1.000.000', '2024-01-17 06:16:44', '2024-01-17 06:16:44'),
(413, 828, 5, 2, 2, 0, 'Penambang', '2020', 'PJ Farida Salahudin', 'quibusdam', 'Dk. Pasir Koja No. 385, Sorong 16229, Sultra', 'Rp.5.000.000', '2024-01-17 06:16:45', '2024-01-17 06:16:45'),
(414, 829, 4, 2, 2, 1, 'Pedagang', '2016', 'UD Kusmawati Puspasari Tbk', 'eligendi', 'Gg. Ketandan No. 789, Balikpapan 45008, Kaltim', 'Rp.2.000.000', '2024-01-17 06:16:45', '2024-01-17 06:16:45'),
(415, 832, 2, 2, 1, 0, 'Seniman', '2022', NULL, 'eos', 'Ds. Bank Dagang Negara No. 198, Padang 22694, Aceh', 'Rp.5.000.000', '2024-01-17 06:16:45', '2024-01-17 06:16:45'),
(416, 834, 8, 2, 3, 1, 'Perancang Busana', '2016', 'Fa Widiastuti (Persero) Tbk', 'iste', 'Psr. Otista No. 606, Payakumbuh 90194, Sultra', NULL, '2024-01-17 06:16:45', '2024-01-17 06:16:45'),
(417, 837, 8, 1, 1, 0, 'Tukang Las / Pandai Besi', '2017', NULL, 'facilis', 'Kpg. Sukajadi No. 958, Jambi 53200, Kalteng', 'Rp.4.000.000', '2024-01-17 06:16:45', '2024-01-17 06:16:45'),
(418, 840, 1, 3, 3, 0, 'Satpam', '2016', NULL, 'quos', 'Gg. Orang No. 709, Pagar Alam 90445, Sulteng', 'Rp.2.000.000', '2024-01-17 06:16:46', '2024-01-17 06:16:46'),
(419, 841, 2, 1, 1, 0, 'Peternak', '2023', NULL, 'officiis', 'Ki. Asia Afrika No. 826, Surakarta 22148, Kalbar', 'Rp.5.000.000', '2024-01-17 06:16:46', '2024-01-17 06:16:46'),
(420, 842, 2, 2, 4, 1, 'Pengacara', '2021', NULL, 'harum', 'Psr. Basuki Rahmat  No. 916, Sabang 11104, Jambi', 'Rp.1.000.000', '2024-01-17 06:16:46', '2024-01-17 06:16:46'),
(421, 843, 8, 3, 3, 0, 'Dosen', '2021', NULL, 'nisi', 'Ds. Yohanes No. 910, Mojokerto 75092, Sumbar', 'Rp.1.000.000', '2024-01-17 06:16:46', '2024-01-17 06:16:46'),
(422, 846, 5, 2, 5, 0, 'Wakil Presiden', '2021', NULL, 'eveniet', 'Psr. Lada No. 976, Bitung 42176, Sumbar', 'Rp.4.000.000', '2024-01-17 06:16:46', '2024-01-17 06:16:46'),
(423, 848, 5, 1, 4, 0, 'Kepolisian RI (POLRI)', '2022', 'Yayasan Hutasoit Wibowo Tbk', 'hic', 'Psr. Bank Dagang Negara No. 58, Tual 60898, Riau', 'Rp.1.000.000', '2024-01-17 06:16:46', '2024-01-17 06:16:46'),
(424, 849, 4, 1, 5, 0, 'Tentara Nasional Indonesia (TNI)', '2016', NULL, 'quibusdam', 'Gg. Labu No. 555, Parepare 86978, Kalsel', 'Rp.1.000.000', '2024-01-17 06:16:46', '2024-01-17 06:16:46'),
(425, 851, 3, 3, 3, 1, 'Belum / Tidak Bekerja', '2017', NULL, 'ullam', 'Kpg. Dahlia No. 486, Mojokerto 30836, Sulut', 'Rp.1.000.000', '2024-01-17 06:16:46', '2024-01-17 06:16:46'),
(426, 852, 7, 2, 4, 1, 'Tukang Batu', '2019', NULL, 'quis', 'Ds. Sutan Syahrir No. 188, Sibolga 50875, Jatim', 'Rp.2.000.000', '2024-01-17 06:16:47', '2024-01-17 06:16:47'),
(427, 854, 1, 2, 5, 0, 'Karyawan Swasta', '2019', 'PJ Wasita', 'rerum', 'Jr. Abdul. Muis No. 299, Balikpapan 84340, DKI', 'Rp.2.000.000', '2024-01-17 06:16:47', '2024-01-17 06:16:47'),
(428, 855, 8, 3, 2, 1, 'Tukang Cukur', '2022', 'PD Gunawan Tbk', 'quia', 'Kpg. Yos Sudarso No. 308, Pagar Alam 83064, Lampung', 'Rp.3.000.000', '2024-01-17 06:16:47', '2024-01-17 06:16:47'),
(429, 857, 2, 3, 4, 1, 'Pelaut', '2019', NULL, 'illum', 'Dk. Thamrin No. 473, Administrasi Jakarta Barat 17629, Kaltim', NULL, '2024-01-17 06:16:47', '2024-01-17 06:16:47'),
(430, 858, 3, 2, 5, 1, 'Pelajar / Mahasiswa', '2018', NULL, 'incidunt', 'Ki. Ciwastra No. 492, Tangerang 34280, DIY', 'Rp.5.000.000', '2024-01-17 06:16:47', '2024-01-17 06:16:47'),
(431, 860, 1, 1, 5, 1, 'Dosen', '2023', 'CV Aryani Haryanti Tbk', 'ratione', 'Ds. Dr. Junjunan No. 428, Mojokerto 16498, Bali', 'Rp.3.000.000', '2024-01-17 06:16:47', '2024-01-17 06:16:47'),
(432, 861, 5, 2, 1, 0, 'Pemandu Wisata', '2022', NULL, 'et', 'Ki. B.Agam 1 No. 608, Tangerang 51788, Kaltim', 'Rp.1.000.000', '2024-01-17 06:16:47', '2024-01-17 06:16:47'),
(433, 862, 8, 1, 1, 1, 'Buruh Nelayan / Perikanan', '2020', 'PT Pratiwi Tbk', 'fugiat', 'Jln. Eka No. 156, Kediri 25553, DIY', NULL, '2024-01-17 06:16:47', '2024-01-17 06:16:47'),
(434, 865, 2, 3, 1, 0, 'Petani / Pekebun', '2023', NULL, 'similique', 'Psr. Kalimalang No. 949, Kediri 10049, Sumsel', 'Rp.5.000.000', '2024-01-17 06:16:48', '2024-01-17 06:16:48'),
(435, 867, 1, 2, 2, 0, 'Tabib', '2017', 'UD Hasanah (Persero) Tbk', 'veniam', 'Jln. Gotong Royong No. 346, Jambi 35992, Jatim', NULL, '2024-01-17 06:16:48', '2024-01-17 06:16:48'),
(436, 869, 8, 3, 1, 1, 'Penata Rias', '2016', NULL, 'dolorem', 'Psr. Rajawali Timur No. 974, Tangerang Selatan 89469, Kepri', 'Rp.1.000.000', '2024-01-17 06:16:48', '2024-01-17 06:16:48'),
(437, 870, 8, 2, 5, 1, 'Akuntan', '2020', NULL, 'illum', 'Gg. Ciwastra No. 763, Palangka Raya 40838, Kaltim', 'Rp.1.000.000', '2024-01-17 06:16:48', '2024-01-17 06:16:48'),
(438, 871, 3, 1, 2, 1, 'Karyawan Honorer', '2022', 'UD Pratiwi', 'labore', 'Dk. Jagakarsa No. 775, Lhokseumawe 22922, DIY', 'Rp.5.000.000', '2024-01-17 06:16:48', '2024-01-17 06:16:48'),
(439, 874, 7, 1, 1, 0, 'Karyawan Swasta', '2023', 'UD Marbun (Persero) Tbk', 'quod', 'Kpg. Rajawali Barat No. 742, Parepare 16296, Papua', NULL, '2024-01-17 06:16:48', '2024-01-17 06:16:48'),
(440, 877, 4, 1, 5, 1, 'Bidan', '2016', 'PT Sihotang', 'excepturi', 'Psr. Suryo Pranoto No. 268, Semarang 72863, Sumsel', 'Rp.2.000.000', '2024-01-17 06:16:49', '2024-01-17 06:16:49'),
(441, 879, 6, 1, 5, 0, 'Biarawati', '2018', NULL, 'sit', 'Ds. Babadan No. 368, Binjai 66432, Kalbar', 'Rp.4.000.000', '2024-01-17 06:16:49', '2024-01-17 06:16:49'),
(442, 880, 7, 1, 1, 0, 'Apoteker', '2018', 'PT Mahendra Jailani', 'quisquam', 'Ki. Kalimalang No. 165, Padangpanjang 15554, Banten', 'Rp.1.000.000', '2024-01-17 06:16:49', '2024-01-17 06:16:49'),
(443, 881, 8, 1, 3, 0, 'Pelaut', '2018', 'UD Sitompul Najmudin Tbk', 'qui', 'Psr. Pacuan Kuda No. 971, Batu 70519, Sulut', 'Rp.4.000.000', '2024-01-17 06:16:49', '2024-01-17 06:16:49'),
(444, 882, 5, 1, 5, 0, 'Penyiar Televisi', '2019', 'UD Sihombing Maryati (Persero) Tbk', 'repellat', 'Ds. Ikan No. 367, Probolinggo 61380, Kepri', 'Rp.5.000.000', '2024-01-17 06:16:49', '2024-01-17 06:16:49'),
(445, 883, 2, 2, 2, 0, 'Seniman', '2020', 'PT Novitasari Wasita Tbk', 'quaerat', 'Jln. Haji No. 702, Surakarta 85261, Bengkulu', 'Rp.3.000.000', '2024-01-17 06:16:49', '2024-01-17 06:16:49'),
(446, 884, 4, 1, 1, 0, 'Psikiater / Psikolog', '2016', NULL, 'laudantium', 'Gg. K.H. Wahid Hasyim (Kopo) No. 814, Lubuklinggau 52678, NTB', NULL, '2024-01-17 06:16:49', '2024-01-17 06:16:49'),
(447, 885, 5, 2, 1, 0, 'Dosen', '2023', NULL, 'beatae', 'Dk. Sugiono No. 292, Sungai Penuh 59337, Aceh', 'Rp.3.000.000', '2024-01-17 06:16:49', '2024-01-17 06:16:49'),
(448, 886, 3, 1, 2, 1, 'Bidan', '2016', NULL, 'perspiciatis', 'Ki. Peta No. 57, Mojokerto 47635, Bengkulu', 'Rp.1.000.000', '2024-01-17 06:16:49', '2024-01-17 06:16:49'),
(449, 887, 4, 1, 2, 1, 'Apoteker', '2021', NULL, 'et', 'Psr. Baranang No. 894, Balikpapan 36923, Sulteng', 'Rp.5.000.000', '2024-01-17 06:16:50', '2024-01-17 06:16:50'),
(450, 888, 2, 2, 3, 0, 'Psikiater / Psikolog', '2020', NULL, 'corporis', 'Jln. Setia Budi No. 347, Tangerang Selatan 86015, Kaltara', 'Rp.2.000.000', '2024-01-17 06:16:50', '2024-01-17 06:16:50'),
(451, 889, 8, 2, 3, 0, 'Pedagang', '2017', 'Yayasan Rajata Prasetyo', 'ut', 'Jr. Bakau No. 958, Tanjungbalai 88173, Pabar', 'Rp.5.000.000', '2024-01-17 06:16:50', '2024-01-17 06:16:50'),
(452, 891, 6, 3, 4, 1, 'Pastor', '2017', NULL, 'enim', 'Jln. Basudewo No. 63, Gorontalo 26424, Jateng', 'Rp.4.000.000', '2024-01-17 06:16:50', '2024-01-17 06:16:50'),
(453, 893, 3, 1, 2, 0, 'Tukang Sol Sepatu', '2021', 'PT Zulkarnain Tbk', 'eum', 'Psr. Sukajadi No. 921, Banda Aceh 56074, Riau', 'Rp.5.000.000', '2024-01-17 06:16:50', '2024-01-17 06:16:50'),
(454, 894, 4, 3, 3, 0, 'Sopir', '2018', 'CV Saptono', 'et', 'Gg. Banda No. 616, Lhokseumawe 55668, Babel', 'Rp.2.000.000', '2024-01-17 06:16:50', '2024-01-17 06:16:50'),
(455, 897, 4, 2, 4, 0, 'Penata Rambut', '2019', 'PT Dabukke (Persero) Tbk', 'fuga', 'Jr. Moch. Yamin No. 232, Sibolga 26804, Lampung', 'Rp.1.000.000', '2024-01-17 06:16:50', '2024-01-17 06:16:50'),
(456, 900, 1, 1, 1, 0, 'Konsultan', '2018', NULL, 'veritatis', 'Psr. Raya Setiabudhi No. 790, Pematangsiantar 34037, Babel', 'Rp.2.000.000', '2024-01-17 06:16:51', '2024-01-17 06:16:51'),
(457, 901, 6, 2, 1, 0, 'Perdagangan', '2022', 'UD Lestari (Persero) Tbk', 'voluptate', 'Ds. Madrasah No. 414, Palu 98406, Sumbar', 'Rp.3.000.000', '2024-01-17 06:16:51', '2024-01-17 06:16:51'),
(458, 902, 2, 1, 4, 1, 'Penata Rias', '2021', 'PD Wastuti Tbk', 'porro', 'Psr. Kartini No. 813, Administrasi Jakarta Selatan 52576, Bengkulu', 'Rp.4.000.000', '2024-01-17 06:16:51', '2024-01-17 06:16:51'),
(459, 904, 4, 3, 5, 0, 'Perangkat Desa', '2016', NULL, 'qui', 'Ki. Pelajar Pejuang 45 No. 348, Sibolga 14037, Kaltim', 'Rp.5.000.000', '2024-01-17 06:16:51', '2024-01-17 06:16:51'),
(460, 905, 6, 1, 2, 0, 'Psikiater / Psikolog', '2018', NULL, 'dolore', 'Jln. Sutan Syahrir No. 43, Bandar Lampung 29267, Sumsel', 'Rp.4.000.000', '2024-01-17 06:16:51', '2024-01-17 06:16:51'),
(461, 906, 8, 3, 2, 0, 'Pelajar / Mahasiswa', '2022', NULL, 'incidunt', 'Jln. Mahakam No. 987, Bontang 11835, Jatim', 'Rp.2.000.000', '2024-01-17 06:16:51', '2024-01-17 06:16:51'),
(462, 908, 4, 2, 4, 0, 'Penata Rambut', '2021', 'PD Padmasari Haryanti Tbk', 'fuga', 'Jr. Dipenogoro No. 988, Semarang 15244, Maluku', 'Rp.4.000.000', '2024-01-17 06:16:51', '2024-01-17 06:16:51'),
(463, 909, 8, 2, 2, 1, 'Pelaut', '2021', NULL, 'voluptas', 'Ds. Bata Putih No. 758, Blitar 59212, Banten', 'Rp.3.000.000', '2024-01-17 06:16:51', '2024-01-17 06:16:51'),
(464, 910, 2, 2, 3, 1, 'Pilot', '2019', 'CV Sudiati Tbk', 'asperiores', 'Jr. Basoka No. 922, Pangkal Pinang 66343, Gorontalo', 'Rp.2.000.000', '2024-01-17 06:16:52', '2024-01-17 06:16:52'),
(465, 913, 7, 2, 3, 0, 'Penulis', '2021', NULL, 'aut', 'Kpg. Sugiyopranoto No. 394, Binjai 66340, Bengkulu', 'Rp.4.000.000', '2024-01-17 06:16:52', '2024-01-17 06:16:52'),
(466, 914, 8, 2, 3, 1, 'Buruh Peternakan', '2021', 'Fa Marpaung Tamba', 'sed', 'Jr. Padang No. 467, Salatiga 80120, Malut', 'Rp.2.000.000', '2024-01-17 06:16:52', '2024-01-17 06:16:52'),
(467, 916, 2, 1, 1, 1, 'Dosen', '2019', NULL, 'a', 'Kpg. Karel S. Tubun No. 901, Kotamobagu 20146, Lampung', 'Rp.2.000.000', '2024-01-17 06:16:52', '2024-01-17 06:16:52'),
(468, 917, 7, 1, 1, 1, 'Pemandu Wisata', '2016', NULL, 'voluptatem', 'Ki. Lada No. 448, Mojokerto 71031, Babel', NULL, '2024-01-17 06:16:52', '2024-01-17 06:16:52'),
(469, 918, 8, 1, 1, 1, 'Pensiunan', '2016', 'Yayasan Agustina Pratiwi', 'quam', 'Psr. Gremet No. 883, Padangpanjang 67930, Jabar', 'Rp.5.000.000', '2024-01-17 06:16:52', '2024-01-17 06:16:52'),
(470, 919, 3, 1, 2, 1, 'Transportasi', '2016', NULL, 'dolorem', 'Ki. Tentara Pelajar No. 25, Sungai Penuh 33645, Kalbar', 'Rp.1.000.000', '2024-01-17 06:16:52', '2024-01-17 06:16:52'),
(471, 920, 5, 1, 3, 1, 'Nahkoda', '2019', 'Fa Yolanda', 'necessitatibus', 'Jln. Gading No. 940, Kediri 75779, Sumut', 'Rp.4.000.000', '2024-01-17 06:16:52', '2024-01-17 06:16:52'),
(472, 921, 6, 1, 5, 0, 'Mekanik', '2016', NULL, 'rerum', 'Ds. Pahlawan No. 363, Semarang 50564, Lampung', 'Rp.2.000.000', '2024-01-17 06:16:52', '2024-01-17 06:16:52'),
(473, 922, 6, 2, 5, 0, 'Perawat', '2021', 'Yayasan Saragih', 'molestiae', 'Psr. Gremet No. 348, Bandung 16484, Jateng', 'Rp.2.000.000', '2024-01-17 06:16:53', '2024-01-17 06:16:53'),
(474, 923, 2, 2, 1, 1, 'Penyelam', '2020', NULL, 'possimus', 'Dk. Yos Sudarso No. 717, Metro 31921, NTB', 'Rp.1.000.000', '2024-01-17 06:16:53', '2024-01-17 06:16:53'),
(475, 924, 8, 3, 1, 1, 'Peneliti', '2021', NULL, 'deleniti', 'Kpg. Bata Putih No. 945, Cirebon 61696, Pabar', 'Rp.2.000.000', '2024-01-17 06:16:53', '2024-01-17 06:16:53'),
(476, 928, 5, 2, 4, 1, 'Seniman', '2021', NULL, 'dolores', 'Jr. Laksamana No. 918, Denpasar 61982, Jambi', 'Rp.4.000.000', '2024-01-17 06:16:53', '2024-01-17 06:16:53'),
(477, 933, 5, 1, 4, 0, 'Pelajar / Mahasiswa', '2019', 'UD Hakim Hariyah', 'quo', 'Jr. Kyai Mojo No. 213, Metro 75585, Jambi', 'Rp.1.000.000', '2024-01-17 06:16:53', '2024-01-17 06:16:53'),
(478, 935, 2, 3, 3, 1, 'Karyawan BUMN', '2021', 'Perum Mandasari Mahendra', 'voluptatem', 'Dk. Bacang No. 906, Samarinda 75754, Sumbar', 'Rp.5.000.000', '2024-01-17 06:16:54', '2024-01-17 06:16:54'),
(479, 936, 5, 2, 4, 1, 'Mengurus Rumah Tangga', '2022', 'Perum Lestari (Persero) Tbk', 'perferendis', 'Ds. Honggowongso No. 544, Semarang 85139, Papua', NULL, '2024-01-17 06:16:54', '2024-01-17 06:16:54'),
(480, 937, 4, 1, 1, 1, 'Wiraswasta', '2023', 'PT Prayoga Tbk', 'qui', 'Dk. Bawal No. 375, Administrasi Jakarta Selatan 46233, NTT', 'Rp.1.000.000', '2024-01-17 06:16:54', '2024-01-17 06:16:54'),
(481, 938, 4, 3, 1, 1, 'Programmer', '2019', NULL, 'sit', 'Ki. Laksamana No. 749, Singkawang 80308, Jatim', NULL, '2024-01-17 06:16:54', '2024-01-17 06:16:54'),
(482, 939, 2, 1, 2, 1, 'Masinis', '2023', 'PT Megantara Pradipta (Persero) Tbk', 'non', 'Jr. Urip Sumoharjo No. 859, Mojokerto 72009, Bali', 'Rp.5.000.000', '2024-01-17 06:16:54', '2024-01-17 06:16:54'),
(483, 942, 5, 2, 1, 1, 'Programmer', '2021', NULL, 'porro', 'Ds. Baya Kali Bungur No. 620, Tasikmalaya 89986, NTB', 'Rp.5.000.000', '2024-01-17 06:16:54', '2024-01-17 06:16:54'),
(484, 943, 5, 3, 1, 0, 'Penyiar Radio', '2019', NULL, 'consequatur', 'Gg. Dipenogoro No. 842, Bima 73827, DIY', 'Rp.3.000.000', '2024-01-17 06:16:54', '2024-01-17 06:16:54'),
(485, 945, 7, 1, 5, 1, 'Presiden', '2021', NULL, 'consectetur', 'Jr. BKR No. 706, Metro 33877, Bali', 'Rp.3.000.000', '2024-01-17 06:16:55', '2024-01-17 06:16:55'),
(486, 946, 7, 1, 1, 0, 'Buruh Harian Lepas', '2021', 'PJ Yolanda Tbk', 'nemo', 'Jr. Haji No. 405, Depok 24163, Pabar', 'Rp.5.000.000', '2024-01-17 06:16:55', '2024-01-17 06:16:55'),
(487, 948, 8, 3, 5, 1, 'Pelajar / Mahasiswa', '2016', NULL, 'veniam', 'Jln. B.Agam 1 No. 798, Bontang 76225, Maluku', 'Rp.2.000.000', '2024-01-17 06:16:55', '2024-01-17 06:16:55'),
(488, 950, 1, 3, 2, 0, 'Konsultan', '2017', 'PT Waskita Hakim', 'placeat', 'Gg. Pintu Besar Selatan No. 968, Metro 56399, DIY', 'Rp.1.000.000', '2024-01-17 06:16:55', '2024-01-17 06:16:55'),
(489, 951, 3, 2, 5, 0, 'Tentara Nasional Indonesia (TNI)', '2021', 'PT Permata', 'voluptatem', 'Jln. Basket No. 142, Tasikmalaya 19269, Banten', 'Rp.3.000.000', '2024-01-17 06:16:55', '2024-01-17 06:16:55'),
(490, 955, 7, 3, 3, 0, 'Pastor', '2019', NULL, 'sed', 'Psr. Sunaryo No. 473, Pekanbaru 47088, Jateng', 'Rp.3.000.000', '2024-01-17 06:16:55', '2024-01-17 06:16:55'),
(491, 959, 4, 2, 5, 1, 'Mekanik', '2018', NULL, 'vel', 'Psr. Sumpah Pemuda No. 92, Pontianak 27956, NTT', 'Rp.5.000.000', '2024-01-17 06:16:56', '2024-01-17 06:16:56'),
(492, 961, 8, 2, 1, 1, 'Wartawan', '2020', NULL, 'adipisci', 'Gg. Rajawali No. 507, Ternate 50725, Gorontalo', 'Rp.3.000.000', '2024-01-17 06:16:56', '2024-01-17 06:16:56'),
(493, 962, 2, 2, 2, 1, 'Tukang Gigi', '2017', 'PJ Irawan Tbk', 'aut', 'Gg. Bass No. 607, Kendari 75355, Jatim', 'Rp.5.000.000', '2024-01-17 06:16:56', '2024-01-17 06:16:56'),
(494, 970, 1, 1, 2, 1, 'Perancang Busana', '2022', 'UD Sihotang', 'sed', 'Ki. K.H. Wahid Hasyim (Kopo) No. 730, Pasuruan 70859, Jabar', 'Rp.2.000.000', '2024-01-17 06:16:57', '2024-01-17 06:16:57'),
(495, 971, 7, 1, 1, 0, 'Seniman', '2016', 'Fa Pratiwi Haryanto', 'pariatur', 'Ki. Sugiono No. 381, Tanjungbalai 46639, Sulut', 'Rp.2.000.000', '2024-01-17 06:16:57', '2024-01-17 06:16:57'),
(496, 972, 6, 1, 4, 1, 'Akuntan', '2017', 'UD Andriani Putra', 'laudantium', 'Psr. Basuki Rahmat  No. 229, Bitung 44046, Gorontalo', 'Rp.1.000.000', '2024-01-17 06:16:57', '2024-01-17 06:16:57'),
(497, 973, 1, 2, 4, 1, 'Pastor', '2023', NULL, 'aut', 'Kpg. Sutan Syahrir No. 21, Subulussalam 88870, Kaltim', 'Rp.2.000.000', '2024-01-17 06:16:57', '2024-01-17 06:16:57'),
(498, 976, 5, 3, 3, 0, 'Tukang Las / Pandai Besi', '2017', NULL, 'vel', 'Gg. Kalimalang No. 598, Bogor 17715, Sumbar', 'Rp.2.000.000', '2024-01-17 06:16:57', '2024-01-17 06:16:57'),
(499, 978, 6, 3, 5, 1, 'Masinis', '2018', 'Yayasan Usada', 'ab', 'Ds. Baik No. 845, Tasikmalaya 39737, Banten', 'Rp.1.000.000', '2024-01-17 06:16:57', '2024-01-17 06:16:57'),
(500, 983, 8, 3, 1, 1, 'Perawat', '2017', NULL, 'dolor', 'Ki. Ujung No. 236, Lhokseumawe 11883, Kalsel', 'Rp.5.000.000', '2024-01-17 06:16:58', '2024-01-17 06:16:58'),
(501, 988, 3, 3, 3, 0, 'Pedagang', '2016', NULL, 'rerum', 'Gg. Agus Salim No. 540, Batam 94088, Maluku', 'Rp.5.000.000', '2024-01-17 06:16:58', '2024-01-17 06:16:58'),
(502, 990, 2, 1, 4, 0, 'Juru Masak', '2019', 'PT Nasyidah Tbk', 'sit', 'Psr. Jend. A. Yani No. 694, Padangpanjang 70384, Malut', 'Rp.4.000.000', '2024-01-17 06:16:58', '2024-01-17 06:16:58'),
(503, 991, 2, 2, 1, 1, 'Nahkoda', '2021', 'PD Hidayanto Wijayanti Tbk', 'optio', 'Kpg. Gading No. 669, Administrasi Jakarta Utara 11824, DIY', NULL, '2024-01-17 06:16:58', '2024-01-17 06:16:58'),
(504, 993, 8, 2, 2, 0, 'Psikiater / Psikolog', '2020', 'Fa Pudjiastuti Saragih', 'quod', 'Psr. Sumpah Pemuda No. 941, Langsa 44340, Sulbar', 'Rp.3.000.000', '2024-01-17 06:16:59', '2024-01-17 06:16:59'),
(505, 995, 7, 1, 2, 1, 'Juru Masak', '2020', 'PD Mayasari Suryatmi', 'qui', 'Ki. BKR No. 405, Tegal 61219, Aceh', 'Rp.1.000.000', '2024-01-17 06:16:59', '2024-01-17 06:16:59'),
(506, 997, 7, 3, 3, 0, 'Petani / Pekebun', '2020', 'CV Namaga', 'earum', 'Psr. Pacuan Kuda No. 907, Pematangsiantar 73304, Kaltara', 'Rp.1.000.000', '2024-01-17 06:16:59', '2024-01-17 06:16:59'),
(507, 1000, 1, 3, 3, 0, 'Wiraswasta', '2020', 'PJ Yuliarti Lailasari Tbk', 'quo', 'Ds. Raya Setiabudhi No. 485, Tebing Tinggi 10993, Gorontalo', 'Rp.2.000.000', '2024-01-17 06:16:59', '2024-01-17 06:16:59'),
(508, 1001, 8, 1, 3, 1, 'Penyiar Radio', '2021', 'Fa Wijaya Yuniar Tbk', 'odio', 'Psr. Adisucipto No. 130, Batu 46155, Sumbar', 'Rp.5.000.000', '2024-01-17 06:16:59', '2024-01-17 06:16:59'),
(509, 2, 1, 1, 2, 1, 'Programmer', '2023', 'PT. ALVARO', 'Informatika', 'Tasikmalaya', 'Rp5.000.000-7.500.000', '2024-01-17 06:17:02', '2024-01-17 06:17:02');

-- --------------------------------------------------------

--
-- Table structure for table `angkatans`
--

CREATE TABLE `angkatans` (
  `id` bigint(20) UNSIGNED NOT NULL,
  `tahun` varchar(255) NOT NULL,
  `created_at` timestamp NULL DEFAULT NULL,
  `updated_at` timestamp NULL DEFAULT NULL
) ENGINE=InnoDB DEFAULT CHARSET=utf8mb4 COLLATE=utf8mb4_unicode_ci;

--
-- Dumping data for table `angkatans`
--

INSERT INTO `angkatans` (`id`, `tahun`, `created_at`, `updated_at`) VALUES
(1, '2016', '2024-01-17 06:15:29', '2024-01-17 06:15:29'),
(2, '2017', '2024-01-17 06:15:29', '2024-01-17 06:15:29'),
(3, '2018', '2024-01-17 06:15:29', '2024-01-17 06:15:29'),
(4, '2019', '2024-01-17 06:15:29', '2024-01-17 06:15:29'),
(5, '2020', '2024-01-17 06:15:29', '2024-01-17 06:15:29'),
(6, '2021', '2024-01-17 06:15:29', '2024-01-17 06:15:29'),
(7, '2022', '2024-01-17 06:15:29', '2024-01-17 06:15:29'),
(8, '2023', '2024-01-17 06:15:29', '2024-01-17 06:15:29');

-- --------------------------------------------------------

--
-- Table structure for table `berkas`
--

CREATE TABLE `berkas` (
  `id` bigint(20) UNSIGNED NOT NULL,
  `pelamar_id` bigint(20) UNSIGNED NOT NULL,
  `surat_lamaran` varchar(255) DEFAULT NULL,
  `cv` varchar(255) DEFAULT NULL,
  `ktp` varchar(255) DEFAULT NULL,
  `ijazah` varchar(255) DEFAULT NULL,
  `skck` varchar(255) DEFAULT NULL,
  `sertifikat_keahlian` varchar(255) DEFAULT NULL,
  `created_at` timestamp NULL DEFAULT NULL,
  `updated_at` timestamp NULL DEFAULT NULL
) ENGINE=InnoDB DEFAULT CHARSET=utf8mb4 COLLATE=utf8mb4_unicode_ci;

--
-- Dumping data for table `berkas`
--

INSERT INTO `berkas` (`id`, `pelamar_id`, `surat_lamaran`, `cv`, `ktp`, `ijazah`, `skck`, `sertifikat_keahlian`, `created_at`, `updated_at`) VALUES
(1, 1, NULL, NULL, NULL, NULL, NULL, NULL, '2024-01-17 06:15:30', '2024-01-17 06:15:30'),
(2, 2, NULL, NULL, NULL, NULL, NULL, NULL, '2024-01-17 06:15:30', '2024-01-17 06:15:30'),
(3, 3, NULL, NULL, NULL, NULL, NULL, NULL, '2024-01-17 06:16:59', '2024-01-17 06:16:59'),
(4, 4, NULL, NULL, NULL, NULL, NULL, NULL, '2024-01-17 06:16:59', '2024-01-17 06:16:59'),
(5, 5, NULL, NULL, NULL, NULL, NULL, NULL, '2024-01-17 06:16:59', '2024-01-17 06:16:59'),
(6, 6, NULL, NULL, NULL, NULL, NULL, NULL, '2024-01-17 06:16:59', '2024-01-17 06:16:59'),
(7, 7, NULL, NULL, NULL, NULL, NULL, NULL, '2024-01-17 06:16:59', '2024-01-17 06:16:59'),
(8, 8, NULL, NULL, NULL, NULL, NULL, NULL, '2024-01-17 06:16:59', '2024-01-17 06:16:59'),
(9, 9, NULL, NULL, NULL, NULL, NULL, NULL, '2024-01-17 06:16:59', '2024-01-17 06:16:59'),
(10, 10, NULL, NULL, NULL, NULL, NULL, NULL, '2024-01-17 06:16:59', '2024-01-17 06:16:59'),
(11, 11, NULL, NULL, NULL, NULL, NULL, NULL, '2024-01-17 06:16:59', '2024-01-17 06:16:59'),
(12, 12, NULL, NULL, NULL, NULL, NULL, NULL, '2024-01-17 06:16:59', '2024-01-17 06:16:59'),
(13, 13, NULL, NULL, NULL, NULL, NULL, NULL, '2024-01-17 06:16:59', '2024-01-17 06:16:59'),
(14, 14, NULL, NULL, NULL, NULL, NULL, NULL, '2024-01-17 06:16:59', '2024-01-17 06:16:59'),
(15, 15, NULL, NULL, NULL, NULL, NULL, NULL, '2024-01-17 06:16:59', '2024-01-17 06:16:59'),
(16, 16, NULL, NULL, NULL, NULL, NULL, NULL, '2024-01-17 06:17:00', '2024-01-17 06:17:00'),
(17, 17, NULL, NULL, NULL, NULL, NULL, NULL, '2024-01-17 06:17:00', '2024-01-17 06:17:00'),
(18, 18, NULL, NULL, NULL, NULL, NULL, NULL, '2024-01-17 06:17:00', '2024-01-17 06:17:00'),
(19, 19, NULL, NULL, NULL, NULL, NULL, NULL, '2024-01-17 06:17:00', '2024-01-17 06:17:00'),
(20, 20, NULL, NULL, NULL, NULL, NULL, NULL, '2024-01-17 06:17:00', '2024-01-17 06:17:00'),
(21, 21, NULL, NULL, NULL, NULL, NULL, NULL, '2024-01-17 06:17:00', '2024-01-17 06:17:00'),
(22, 22, NULL, NULL, NULL, NULL, NULL, NULL, '2024-01-17 06:17:00', '2024-01-17 06:17:00'),
(23, 23, NULL, NULL, NULL, NULL, NULL, NULL, '2024-01-17 06:17:00', '2024-01-17 06:17:00'),
(24, 24, NULL, NULL, NULL, NULL, NULL, NULL, '2024-01-17 06:17:00', '2024-01-17 06:17:00'),
(25, 25, NULL, NULL, NULL, NULL, NULL, NULL, '2024-01-17 06:17:00', '2024-01-17 06:17:00'),
(26, 26, NULL, NULL, NULL, NULL, NULL, NULL, '2024-01-17 06:17:00', '2024-01-17 06:17:00'),
(27, 27, NULL, NULL, NULL, NULL, NULL, NULL, '2024-01-17 06:17:00', '2024-01-17 06:17:00'),
(28, 28, NULL, NULL, NULL, NULL, NULL, NULL, '2024-01-17 06:17:00', '2024-01-17 06:17:00'),
(29, 29, NULL, NULL, NULL, NULL, NULL, NULL, '2024-01-17 06:17:00', '2024-01-17 06:17:00'),
(30, 30, NULL, NULL, NULL, NULL, NULL, NULL, '2024-01-17 06:17:00', '2024-01-17 06:17:00'),
(31, 31, NULL, NULL, NULL, NULL, NULL, NULL, '2024-01-17 06:17:00', '2024-01-17 06:17:00'),
(32, 32, NULL, NULL, NULL, NULL, NULL, NULL, '2024-01-17 06:17:00', '2024-01-17 06:17:00'),
(33, 33, NULL, NULL, NULL, NULL, NULL, NULL, '2024-01-17 06:17:00', '2024-01-17 06:17:00'),
(34, 34, NULL, NULL, NULL, NULL, NULL, NULL, '2024-01-17 06:17:00', '2024-01-17 06:17:00'),
(35, 35, NULL, NULL, NULL, NULL, NULL, NULL, '2024-01-17 06:17:00', '2024-01-17 06:17:00'),
(36, 36, NULL, NULL, NULL, NULL, NULL, NULL, '2024-01-17 06:17:00', '2024-01-17 06:17:00'),
(37, 37, NULL, NULL, NULL, NULL, NULL, NULL, '2024-01-17 06:17:00', '2024-01-17 06:17:00'),
(38, 38, NULL, NULL, NULL, NULL, NULL, NULL, '2024-01-17 06:17:00', '2024-01-17 06:17:00'),
(39, 39, NULL, NULL, NULL, NULL, NULL, NULL, '2024-01-17 06:17:00', '2024-01-17 06:17:00'),
(40, 40, NULL, NULL, NULL, NULL, NULL, NULL, '2024-01-17 06:17:00', '2024-01-17 06:17:00'),
(41, 41, NULL, NULL, NULL, NULL, NULL, NULL, '2024-01-17 06:17:00', '2024-01-17 06:17:00'),
(42, 42, NULL, NULL, NULL, NULL, NULL, NULL, '2024-01-17 06:17:00', '2024-01-17 06:17:00'),
(43, 43, NULL, NULL, NULL, NULL, NULL, NULL, '2024-01-17 06:17:00', '2024-01-17 06:17:00'),
(44, 44, NULL, NULL, NULL, NULL, NULL, NULL, '2024-01-17 06:17:00', '2024-01-17 06:17:00'),
(45, 45, NULL, NULL, NULL, NULL, NULL, NULL, '2024-01-17 06:17:00', '2024-01-17 06:17:00'),
(46, 46, NULL, NULL, NULL, NULL, NULL, NULL, '2024-01-17 06:17:00', '2024-01-17 06:17:00'),
(47, 47, NULL, NULL, NULL, NULL, NULL, NULL, '2024-01-17 06:17:00', '2024-01-17 06:17:00'),
(48, 48, NULL, NULL, NULL, NULL, NULL, NULL, '2024-01-17 06:17:00', '2024-01-17 06:17:00'),
(49, 49, NULL, NULL, NULL, NULL, NULL, NULL, '2024-01-17 06:17:00', '2024-01-17 06:17:00'),
(50, 50, NULL, NULL, NULL, NULL, NULL, NULL, '2024-01-17 06:17:00', '2024-01-17 06:17:00'),
(51, 51, NULL, NULL, NULL, NULL, NULL, NULL, '2024-01-17 06:17:00', '2024-01-17 06:17:00'),
(52, 52, NULL, NULL, NULL, NULL, NULL, NULL, '2024-01-17 06:17:00', '2024-01-17 06:17:00'),
(53, 53, NULL, NULL, NULL, NULL, NULL, NULL, '2024-01-17 06:17:00', '2024-01-17 06:17:00'),
(54, 54, NULL, NULL, NULL, NULL, NULL, NULL, '2024-01-17 06:17:00', '2024-01-17 06:17:00'),
(55, 55, NULL, NULL, NULL, NULL, NULL, NULL, '2024-01-17 06:17:00', '2024-01-17 06:17:00'),
(56, 56, NULL, NULL, NULL, NULL, NULL, NULL, '2024-01-17 06:17:00', '2024-01-17 06:17:00'),
(57, 57, NULL, NULL, NULL, NULL, NULL, NULL, '2024-01-17 06:17:00', '2024-01-17 06:17:00'),
(58, 58, NULL, NULL, NULL, NULL, NULL, NULL, '2024-01-17 06:17:00', '2024-01-17 06:17:00'),
(59, 59, NULL, NULL, NULL, NULL, NULL, NULL, '2024-01-17 06:17:00', '2024-01-17 06:17:00'),
(60, 60, NULL, NULL, NULL, NULL, NULL, NULL, '2024-01-17 06:17:00', '2024-01-17 06:17:00'),
(61, 61, NULL, NULL, NULL, NULL, NULL, NULL, '2024-01-17 06:17:00', '2024-01-17 06:17:00'),
(62, 62, NULL, NULL, NULL, NULL, NULL, NULL, '2024-01-17 06:17:00', '2024-01-17 06:17:00'),
(63, 63, NULL, NULL, NULL, NULL, NULL, NULL, '2024-01-17 06:17:00', '2024-01-17 06:17:00'),
(64, 64, NULL, NULL, NULL, NULL, NULL, NULL, '2024-01-17 06:17:00', '2024-01-17 06:17:00'),
(65, 65, NULL, NULL, NULL, NULL, NULL, NULL, '2024-01-17 06:17:00', '2024-01-17 06:17:00'),
(66, 66, NULL, NULL, NULL, NULL, NULL, NULL, '2024-01-17 06:17:00', '2024-01-17 06:17:00'),
(67, 67, NULL, NULL, NULL, NULL, NULL, NULL, '2024-01-17 06:17:00', '2024-01-17 06:17:00'),
(68, 68, NULL, NULL, NULL, NULL, NULL, NULL, '2024-01-17 06:17:00', '2024-01-17 06:17:00'),
(69, 69, NULL, NULL, NULL, NULL, NULL, NULL, '2024-01-17 06:17:00', '2024-01-17 06:17:00'),
(70, 70, NULL, NULL, NULL, NULL, NULL, NULL, '2024-01-17 06:17:00', '2024-01-17 06:17:00'),
(71, 71, NULL, NULL, NULL, NULL, NULL, NULL, '2024-01-17 06:17:00', '2024-01-17 06:17:00'),
(72, 72, NULL, NULL, NULL, NULL, NULL, NULL, '2024-01-17 06:17:00', '2024-01-17 06:17:00'),
(73, 73, NULL, NULL, NULL, NULL, NULL, NULL, '2024-01-17 06:17:00', '2024-01-17 06:17:00'),
(74, 74, NULL, NULL, NULL, NULL, NULL, NULL, '2024-01-17 06:17:00', '2024-01-17 06:17:00'),
(75, 75, NULL, NULL, NULL, NULL, NULL, NULL, '2024-01-17 06:17:00', '2024-01-17 06:17:00'),
(76, 76, NULL, NULL, NULL, NULL, NULL, NULL, '2024-01-17 06:17:00', '2024-01-17 06:17:00'),
(77, 77, NULL, NULL, NULL, NULL, NULL, NULL, '2024-01-17 06:17:00', '2024-01-17 06:17:00'),
(78, 78, NULL, NULL, NULL, NULL, NULL, NULL, '2024-01-17 06:17:00', '2024-01-17 06:17:00'),
(79, 79, NULL, NULL, NULL, NULL, NULL, NULL, '2024-01-17 06:17:00', '2024-01-17 06:17:00'),
(80, 80, NULL, NULL, NULL, NULL, NULL, NULL, '2024-01-17 06:17:00', '2024-01-17 06:17:00'),
(81, 81, NULL, NULL, NULL, NULL, NULL, NULL, '2024-01-17 06:17:00', '2024-01-17 06:17:00'),
(82, 82, NULL, NULL, NULL, NULL, NULL, NULL, '2024-01-17 06:17:00', '2024-01-17 06:17:00'),
(83, 83, NULL, NULL, NULL, NULL, NULL, NULL, '2024-01-17 06:17:00', '2024-01-17 06:17:00'),
(84, 84, NULL, NULL, NULL, NULL, NULL, NULL, '2024-01-17 06:17:00', '2024-01-17 06:17:00'),
(85, 85, NULL, NULL, NULL, NULL, NULL, NULL, '2024-01-17 06:17:00', '2024-01-17 06:17:00'),
(86, 86, NULL, NULL, NULL, NULL, NULL, NULL, '2024-01-17 06:17:00', '2024-01-17 06:17:00'),
(87, 87, NULL, NULL, NULL, NULL, NULL, NULL, '2024-01-17 06:17:00', '2024-01-17 06:17:00'),
(88, 88, NULL, NULL, NULL, NULL, NULL, NULL, '2024-01-17 06:17:00', '2024-01-17 06:17:00'),
(89, 89, NULL, NULL, NULL, NULL, NULL, NULL, '2024-01-17 06:17:00', '2024-01-17 06:17:00'),
(90, 90, NULL, NULL, NULL, NULL, NULL, NULL, '2024-01-17 06:17:00', '2024-01-17 06:17:00'),
(91, 91, NULL, NULL, NULL, NULL, NULL, NULL, '2024-01-17 06:17:00', '2024-01-17 06:17:00'),
(92, 92, NULL, NULL, NULL, NULL, NULL, NULL, '2024-01-17 06:17:00', '2024-01-17 06:17:00'),
(93, 93, NULL, NULL, NULL, NULL, NULL, NULL, '2024-01-17 06:17:00', '2024-01-17 06:17:00'),
(94, 94, NULL, NULL, NULL, NULL, NULL, NULL, '2024-01-17 06:17:00', '2024-01-17 06:17:00'),
(95, 95, NULL, NULL, NULL, NULL, NULL, NULL, '2024-01-17 06:17:00', '2024-01-17 06:17:00'),
(96, 96, NULL, NULL, NULL, NULL, NULL, NULL, '2024-01-17 06:17:00', '2024-01-17 06:17:00'),
(97, 97, NULL, NULL, NULL, NULL, NULL, NULL, '2024-01-17 06:17:00', '2024-01-17 06:17:00'),
(98, 98, NULL, NULL, NULL, NULL, NULL, NULL, '2024-01-17 06:17:00', '2024-01-17 06:17:00'),
(99, 99, NULL, NULL, NULL, NULL, NULL, NULL, '2024-01-17 06:17:00', '2024-01-17 06:17:00'),
(100, 100, NULL, NULL, NULL, NULL, NULL, NULL, '2024-01-17 06:17:00', '2024-01-17 06:17:00'),
(101, 101, NULL, NULL, NULL, NULL, NULL, NULL, '2024-01-17 06:17:00', '2024-01-17 06:17:00'),
(102, 102, NULL, NULL, NULL, NULL, NULL, NULL, '2024-01-17 06:17:00', '2024-01-17 06:17:00'),
(103, 103, NULL, NULL, NULL, NULL, NULL, NULL, '2024-01-17 06:17:00', '2024-01-17 06:17:00'),
(104, 104, NULL, NULL, NULL, NULL, NULL, NULL, '2024-01-17 06:17:00', '2024-01-17 06:17:00'),
(105, 105, NULL, NULL, NULL, NULL, NULL, NULL, '2024-01-17 06:17:00', '2024-01-17 06:17:00'),
(106, 106, NULL, NULL, NULL, NULL, NULL, NULL, '2024-01-17 06:17:00', '2024-01-17 06:17:00'),
(107, 107, NULL, NULL, NULL, NULL, NULL, NULL, '2024-01-17 06:17:00', '2024-01-17 06:17:00'),
(108, 108, NULL, NULL, NULL, NULL, NULL, NULL, '2024-01-17 06:17:00', '2024-01-17 06:17:00'),
(109, 109, NULL, NULL, NULL, NULL, NULL, NULL, '2024-01-17 06:17:00', '2024-01-17 06:17:00'),
(110, 110, NULL, NULL, NULL, NULL, NULL, NULL, '2024-01-17 06:17:00', '2024-01-17 06:17:00'),
(111, 111, NULL, NULL, NULL, NULL, NULL, NULL, '2024-01-17 06:17:00', '2024-01-17 06:17:00'),
(112, 112, NULL, NULL, NULL, NULL, NULL, NULL, '2024-01-17 06:17:00', '2024-01-17 06:17:00'),
(113, 113, NULL, NULL, NULL, NULL, NULL, NULL, '2024-01-17 06:17:00', '2024-01-17 06:17:00'),
(114, 114, NULL, NULL, NULL, NULL, NULL, NULL, '2024-01-17 06:17:00', '2024-01-17 06:17:00'),
(115, 115, NULL, NULL, NULL, NULL, NULL, NULL, '2024-01-17 06:17:00', '2024-01-17 06:17:00'),
(116, 116, NULL, NULL, NULL, NULL, NULL, NULL, '2024-01-17 06:17:00', '2024-01-17 06:17:00'),
(117, 117, NULL, NULL, NULL, NULL, NULL, NULL, '2024-01-17 06:17:00', '2024-01-17 06:17:00'),
(118, 118, NULL, NULL, NULL, NULL, NULL, NULL, '2024-01-17 06:17:00', '2024-01-17 06:17:00'),
(119, 119, NULL, NULL, NULL, NULL, NULL, NULL, '2024-01-17 06:17:00', '2024-01-17 06:17:00'),
(120, 120, NULL, NULL, NULL, NULL, NULL, NULL, '2024-01-17 06:17:00', '2024-01-17 06:17:00'),
(121, 121, NULL, NULL, NULL, NULL, NULL, NULL, '2024-01-17 06:17:00', '2024-01-17 06:17:00'),
(122, 122, NULL, NULL, NULL, NULL, NULL, NULL, '2024-01-17 06:17:00', '2024-01-17 06:17:00'),
(123, 123, NULL, NULL, NULL, NULL, NULL, NULL, '2024-01-17 06:17:00', '2024-01-17 06:17:00'),
(124, 124, NULL, NULL, NULL, NULL, NULL, NULL, '2024-01-17 06:17:00', '2024-01-17 06:17:00'),
(125, 125, NULL, NULL, NULL, NULL, NULL, NULL, '2024-01-17 06:17:00', '2024-01-17 06:17:00'),
(126, 126, NULL, NULL, NULL, NULL, NULL, NULL, '2024-01-17 06:17:00', '2024-01-17 06:17:00'),
(127, 127, NULL, NULL, NULL, NULL, NULL, NULL, '2024-01-17 06:17:00', '2024-01-17 06:17:00'),
(128, 128, NULL, NULL, NULL, NULL, NULL, NULL, '2024-01-17 06:17:00', '2024-01-17 06:17:00'),
(129, 129, NULL, NULL, NULL, NULL, NULL, NULL, '2024-01-17 06:17:00', '2024-01-17 06:17:00'),
(130, 130, NULL, NULL, NULL, NULL, NULL, NULL, '2024-01-17 06:17:00', '2024-01-17 06:17:00'),
(131, 131, NULL, NULL, NULL, NULL, NULL, NULL, '2024-01-17 06:17:00', '2024-01-17 06:17:00'),
(132, 132, NULL, NULL, NULL, NULL, NULL, NULL, '2024-01-17 06:17:00', '2024-01-17 06:17:00'),
(133, 133, NULL, NULL, NULL, NULL, NULL, NULL, '2024-01-17 06:17:00', '2024-01-17 06:17:00'),
(134, 134, NULL, NULL, NULL, NULL, NULL, NULL, '2024-01-17 06:17:00', '2024-01-17 06:17:00'),
(135, 135, NULL, NULL, NULL, NULL, NULL, NULL, '2024-01-17 06:17:00', '2024-01-17 06:17:00'),
(136, 136, NULL, NULL, NULL, NULL, NULL, NULL, '2024-01-17 06:17:00', '2024-01-17 06:17:00'),
(137, 137, NULL, NULL, NULL, NULL, NULL, NULL, '2024-01-17 06:17:00', '2024-01-17 06:17:00'),
(138, 138, NULL, NULL, NULL, NULL, NULL, NULL, '2024-01-17 06:17:00', '2024-01-17 06:17:00'),
(139, 139, NULL, NULL, NULL, NULL, NULL, NULL, '2024-01-17 06:17:00', '2024-01-17 06:17:00'),
(140, 140, NULL, NULL, NULL, NULL, NULL, NULL, '2024-01-17 06:17:00', '2024-01-17 06:17:00'),
(141, 141, NULL, NULL, NULL, NULL, NULL, NULL, '2024-01-17 06:17:00', '2024-01-17 06:17:00'),
(142, 142, NULL, NULL, NULL, NULL, NULL, NULL, '2024-01-17 06:17:00', '2024-01-17 06:17:00'),
(143, 143, NULL, NULL, NULL, NULL, NULL, NULL, '2024-01-17 06:17:00', '2024-01-17 06:17:00'),
(144, 144, NULL, NULL, NULL, NULL, NULL, NULL, '2024-01-17 06:17:00', '2024-01-17 06:17:00'),
(145, 145, NULL, NULL, NULL, NULL, NULL, NULL, '2024-01-17 06:17:00', '2024-01-17 06:17:00'),
(146, 146, NULL, NULL, NULL, NULL, NULL, NULL, '2024-01-17 06:17:00', '2024-01-17 06:17:00'),
(147, 147, NULL, NULL, NULL, NULL, NULL, NULL, '2024-01-17 06:17:00', '2024-01-17 06:17:00'),
(148, 148, NULL, NULL, NULL, NULL, NULL, NULL, '2024-01-17 06:17:00', '2024-01-17 06:17:00'),
(149, 149, NULL, NULL, NULL, NULL, NULL, NULL, '2024-01-17 06:17:00', '2024-01-17 06:17:00'),
(150, 150, NULL, NULL, NULL, NULL, NULL, NULL, '2024-01-17 06:17:00', '2024-01-17 06:17:00'),
(151, 151, NULL, NULL, NULL, NULL, NULL, NULL, '2024-01-17 06:17:00', '2024-01-17 06:17:00'),
(152, 152, NULL, NULL, NULL, NULL, NULL, NULL, '2024-01-17 06:17:00', '2024-01-17 06:17:00'),
(153, 153, NULL, NULL, NULL, NULL, NULL, NULL, '2024-01-17 06:17:00', '2024-01-17 06:17:00'),
(154, 154, NULL, NULL, NULL, NULL, NULL, NULL, '2024-01-17 06:17:00', '2024-01-17 06:17:00'),
(155, 155, NULL, NULL, NULL, NULL, NULL, NULL, '2024-01-17 06:17:00', '2024-01-17 06:17:00'),
(156, 156, NULL, NULL, NULL, NULL, NULL, NULL, '2024-01-17 06:17:00', '2024-01-17 06:17:00'),
(157, 157, NULL, NULL, NULL, NULL, NULL, NULL, '2024-01-17 06:17:00', '2024-01-17 06:17:00'),
(158, 158, NULL, NULL, NULL, NULL, NULL, NULL, '2024-01-17 06:17:00', '2024-01-17 06:17:00'),
(159, 159, NULL, NULL, NULL, NULL, NULL, NULL, '2024-01-17 06:17:00', '2024-01-17 06:17:00'),
(160, 160, NULL, NULL, NULL, NULL, NULL, NULL, '2024-01-17 06:17:00', '2024-01-17 06:17:00'),
(161, 161, NULL, NULL, NULL, NULL, NULL, NULL, '2024-01-17 06:17:00', '2024-01-17 06:17:00'),
(162, 162, NULL, NULL, NULL, NULL, NULL, NULL, '2024-01-17 06:17:00', '2024-01-17 06:17:00'),
(163, 163, NULL, NULL, NULL, NULL, NULL, NULL, '2024-01-17 06:17:00', '2024-01-17 06:17:00'),
(164, 164, NULL, NULL, NULL, NULL, NULL, NULL, '2024-01-17 06:17:00', '2024-01-17 06:17:00'),
(165, 165, NULL, NULL, NULL, NULL, NULL, NULL, '2024-01-17 06:17:00', '2024-01-17 06:17:00'),
(166, 166, NULL, NULL, NULL, NULL, NULL, NULL, '2024-01-17 06:17:00', '2024-01-17 06:17:00'),
(167, 167, NULL, NULL, NULL, NULL, NULL, NULL, '2024-01-17 06:17:00', '2024-01-17 06:17:00'),
(168, 168, NULL, NULL, NULL, NULL, NULL, NULL, '2024-01-17 06:17:00', '2024-01-17 06:17:00'),
(169, 169, NULL, NULL, NULL, NULL, NULL, NULL, '2024-01-17 06:17:00', '2024-01-17 06:17:00'),
(170, 170, NULL, NULL, NULL, NULL, NULL, NULL, '2024-01-17 06:17:00', '2024-01-17 06:17:00'),
(171, 171, NULL, NULL, NULL, NULL, NULL, NULL, '2024-01-17 06:17:00', '2024-01-17 06:17:00'),
(172, 172, NULL, NULL, NULL, NULL, NULL, NULL, '2024-01-17 06:17:00', '2024-01-17 06:17:00'),
(173, 173, NULL, NULL, NULL, NULL, NULL, NULL, '2024-01-17 06:17:00', '2024-01-17 06:17:00'),
(174, 174, NULL, NULL, NULL, NULL, NULL, NULL, '2024-01-17 06:17:00', '2024-01-17 06:17:00'),
(175, 175, NULL, NULL, NULL, NULL, NULL, NULL, '2024-01-17 06:17:00', '2024-01-17 06:17:00'),
(176, 176, NULL, NULL, NULL, NULL, NULL, NULL, '2024-01-17 06:17:00', '2024-01-17 06:17:00'),
(177, 177, NULL, NULL, NULL, NULL, NULL, NULL, '2024-01-17 06:17:00', '2024-01-17 06:17:00'),
(178, 178, NULL, NULL, NULL, NULL, NULL, NULL, '2024-01-17 06:17:00', '2024-01-17 06:17:00'),
(179, 179, NULL, NULL, NULL, NULL, NULL, NULL, '2024-01-17 06:17:00', '2024-01-17 06:17:00'),
(180, 180, NULL, NULL, NULL, NULL, NULL, NULL, '2024-01-17 06:17:00', '2024-01-17 06:17:00'),
(181, 181, NULL, NULL, NULL, NULL, NULL, NULL, '2024-01-17 06:17:00', '2024-01-17 06:17:00'),
(182, 182, NULL, NULL, NULL, NULL, NULL, NULL, '2024-01-17 06:17:00', '2024-01-17 06:17:00'),
(183, 183, NULL, NULL, NULL, NULL, NULL, NULL, '2024-01-17 06:17:00', '2024-01-17 06:17:00'),
(184, 184, NULL, NULL, NULL, NULL, NULL, NULL, '2024-01-17 06:17:00', '2024-01-17 06:17:00'),
(185, 185, NULL, NULL, NULL, NULL, NULL, NULL, '2024-01-17 06:17:00', '2024-01-17 06:17:00'),
(186, 186, NULL, NULL, NULL, NULL, NULL, NULL, '2024-01-17 06:17:00', '2024-01-17 06:17:00'),
(187, 187, NULL, NULL, NULL, NULL, NULL, NULL, '2024-01-17 06:17:00', '2024-01-17 06:17:00'),
(188, 188, NULL, NULL, NULL, NULL, NULL, NULL, '2024-01-17 06:17:00', '2024-01-17 06:17:00'),
(189, 189, NULL, NULL, NULL, NULL, NULL, NULL, '2024-01-17 06:17:00', '2024-01-17 06:17:00'),
(190, 190, NULL, NULL, NULL, NULL, NULL, NULL, '2024-01-17 06:17:00', '2024-01-17 06:17:00'),
(191, 191, NULL, NULL, NULL, NULL, NULL, NULL, '2024-01-17 06:17:00', '2024-01-17 06:17:00'),
(192, 192, NULL, NULL, NULL, NULL, NULL, NULL, '2024-01-17 06:17:00', '2024-01-17 06:17:00'),
(193, 193, NULL, NULL, NULL, NULL, NULL, NULL, '2024-01-17 06:17:00', '2024-01-17 06:17:00'),
(194, 194, NULL, NULL, NULL, NULL, NULL, NULL, '2024-01-17 06:17:00', '2024-01-17 06:17:00'),
(195, 195, NULL, NULL, NULL, NULL, NULL, NULL, '2024-01-17 06:17:00', '2024-01-17 06:17:00'),
(196, 196, NULL, NULL, NULL, NULL, NULL, NULL, '2024-01-17 06:17:00', '2024-01-17 06:17:00'),
(197, 197, NULL, NULL, NULL, NULL, NULL, NULL, '2024-01-17 06:17:00', '2024-01-17 06:17:00'),
(198, 198, NULL, NULL, NULL, NULL, NULL, NULL, '2024-01-17 06:17:00', '2024-01-17 06:17:00'),
(199, 199, NULL, NULL, NULL, NULL, NULL, NULL, '2024-01-17 06:17:00', '2024-01-17 06:17:00'),
(200, 200, NULL, NULL, NULL, NULL, NULL, NULL, '2024-01-17 06:17:00', '2024-01-17 06:17:00'),
(201, 201, NULL, NULL, NULL, NULL, NULL, NULL, '2024-01-17 06:17:00', '2024-01-17 06:17:00'),
(202, 202, NULL, NULL, NULL, NULL, NULL, NULL, '2024-01-17 06:17:00', '2024-01-17 06:17:00'),
(203, 203, NULL, NULL, NULL, NULL, NULL, NULL, '2024-01-17 06:17:00', '2024-01-17 06:17:00'),
(204, 204, NULL, NULL, NULL, NULL, NULL, NULL, '2024-01-17 06:17:00', '2024-01-17 06:17:00'),
(205, 205, NULL, NULL, NULL, NULL, NULL, NULL, '2024-01-17 06:17:00', '2024-01-17 06:17:00'),
(206, 206, NULL, NULL, NULL, NULL, NULL, NULL, '2024-01-17 06:17:00', '2024-01-17 06:17:00'),
(207, 207, NULL, NULL, NULL, NULL, NULL, NULL, '2024-01-17 06:17:00', '2024-01-17 06:17:00'),
(208, 208, NULL, NULL, NULL, NULL, NULL, NULL, '2024-01-17 06:17:00', '2024-01-17 06:17:00'),
(209, 209, NULL, NULL, NULL, NULL, NULL, NULL, '2024-01-17 06:17:00', '2024-01-17 06:17:00'),
(210, 210, NULL, NULL, NULL, NULL, NULL, NULL, '2024-01-17 06:17:00', '2024-01-17 06:17:00'),
(211, 211, NULL, NULL, NULL, NULL, NULL, NULL, '2024-01-17 06:17:00', '2024-01-17 06:17:00'),
(212, 212, NULL, NULL, NULL, NULL, NULL, NULL, '2024-01-17 06:17:00', '2024-01-17 06:17:00'),
(213, 213, NULL, NULL, NULL, NULL, NULL, NULL, '2024-01-17 06:17:00', '2024-01-17 06:17:00'),
(214, 214, NULL, NULL, NULL, NULL, NULL, NULL, '2024-01-17 06:17:00', '2024-01-17 06:17:00'),
(215, 215, NULL, NULL, NULL, NULL, NULL, NULL, '2024-01-17 06:17:00', '2024-01-17 06:17:00'),
(216, 216, NULL, NULL, NULL, NULL, NULL, NULL, '2024-01-17 06:17:00', '2024-01-17 06:17:00'),
(217, 217, NULL, NULL, NULL, NULL, NULL, NULL, '2024-01-17 06:17:00', '2024-01-17 06:17:00'),
(218, 218, NULL, NULL, NULL, NULL, NULL, NULL, '2024-01-17 06:17:00', '2024-01-17 06:17:00'),
(219, 219, NULL, NULL, NULL, NULL, NULL, NULL, '2024-01-17 06:17:00', '2024-01-17 06:17:00'),
(220, 220, NULL, NULL, NULL, NULL, NULL, NULL, '2024-01-17 06:17:00', '2024-01-17 06:17:00'),
(221, 221, NULL, NULL, NULL, NULL, NULL, NULL, '2024-01-17 06:17:00', '2024-01-17 06:17:00'),
(222, 222, NULL, NULL, NULL, NULL, NULL, NULL, '2024-01-17 06:17:00', '2024-01-17 06:17:00'),
(223, 223, NULL, NULL, NULL, NULL, NULL, NULL, '2024-01-17 06:17:00', '2024-01-17 06:17:00'),
(224, 224, NULL, NULL, NULL, NULL, NULL, NULL, '2024-01-17 06:17:00', '2024-01-17 06:17:00'),
(225, 225, NULL, NULL, NULL, NULL, NULL, NULL, '2024-01-17 06:17:00', '2024-01-17 06:17:00'),
(226, 226, NULL, NULL, NULL, NULL, NULL, NULL, '2024-01-17 06:17:00', '2024-01-17 06:17:00'),
(227, 227, NULL, NULL, NULL, NULL, NULL, NULL, '2024-01-17 06:17:00', '2024-01-17 06:17:00'),
(228, 228, NULL, NULL, NULL, NULL, NULL, NULL, '2024-01-17 06:17:00', '2024-01-17 06:17:00'),
(229, 229, NULL, NULL, NULL, NULL, NULL, NULL, '2024-01-17 06:17:00', '2024-01-17 06:17:00'),
(230, 230, NULL, NULL, NULL, NULL, NULL, NULL, '2024-01-17 06:17:00', '2024-01-17 06:17:00'),
(231, 231, NULL, NULL, NULL, NULL, NULL, NULL, '2024-01-17 06:17:00', '2024-01-17 06:17:00'),
(232, 232, NULL, NULL, NULL, NULL, NULL, NULL, '2024-01-17 06:17:00', '2024-01-17 06:17:00'),
(233, 233, NULL, NULL, NULL, NULL, NULL, NULL, '2024-01-17 06:17:00', '2024-01-17 06:17:00'),
(234, 234, NULL, NULL, NULL, NULL, NULL, NULL, '2024-01-17 06:17:00', '2024-01-17 06:17:00'),
(235, 235, NULL, NULL, NULL, NULL, NULL, NULL, '2024-01-17 06:17:00', '2024-01-17 06:17:00'),
(236, 236, NULL, NULL, NULL, NULL, NULL, NULL, '2024-01-17 06:17:00', '2024-01-17 06:17:00'),
(237, 237, NULL, NULL, NULL, NULL, NULL, NULL, '2024-01-17 06:17:00', '2024-01-17 06:17:00'),
(238, 238, NULL, NULL, NULL, NULL, NULL, NULL, '2024-01-17 06:17:00', '2024-01-17 06:17:00'),
(239, 239, NULL, NULL, NULL, NULL, NULL, NULL, '2024-01-17 06:17:00', '2024-01-17 06:17:00'),
(240, 240, NULL, NULL, NULL, NULL, NULL, NULL, '2024-01-17 06:17:00', '2024-01-17 06:17:00'),
(241, 241, NULL, NULL, NULL, NULL, NULL, NULL, '2024-01-17 06:17:00', '2024-01-17 06:17:00'),
(242, 242, NULL, NULL, NULL, NULL, NULL, NULL, '2024-01-17 06:17:00', '2024-01-17 06:17:00'),
(243, 243, NULL, NULL, NULL, NULL, NULL, NULL, '2024-01-17 06:17:00', '2024-01-17 06:17:00'),
(244, 244, NULL, NULL, NULL, NULL, NULL, NULL, '2024-01-17 06:17:00', '2024-01-17 06:17:00'),
(245, 245, NULL, NULL, NULL, NULL, NULL, NULL, '2024-01-17 06:17:00', '2024-01-17 06:17:00'),
(246, 246, NULL, NULL, NULL, NULL, NULL, NULL, '2024-01-17 06:17:00', '2024-01-17 06:17:00'),
(247, 247, NULL, NULL, NULL, NULL, NULL, NULL, '2024-01-17 06:17:00', '2024-01-17 06:17:00'),
(248, 248, NULL, NULL, NULL, NULL, NULL, NULL, '2024-01-17 06:17:00', '2024-01-17 06:17:00'),
(249, 249, NULL, NULL, NULL, NULL, NULL, NULL, '2024-01-17 06:17:00', '2024-01-17 06:17:00'),
(250, 250, NULL, NULL, NULL, NULL, NULL, NULL, '2024-01-17 06:17:00', '2024-01-17 06:17:00'),
(251, 251, NULL, NULL, NULL, NULL, NULL, NULL, '2024-01-17 06:17:00', '2024-01-17 06:17:00'),
(252, 252, NULL, NULL, NULL, NULL, NULL, NULL, '2024-01-17 06:17:00', '2024-01-17 06:17:00'),
(253, 253, NULL, NULL, NULL, NULL, NULL, NULL, '2024-01-17 06:17:00', '2024-01-17 06:17:00'),
(254, 254, NULL, NULL, NULL, NULL, NULL, NULL, '2024-01-17 06:17:00', '2024-01-17 06:17:00'),
(255, 255, NULL, NULL, NULL, NULL, NULL, NULL, '2024-01-17 06:17:00', '2024-01-17 06:17:00'),
(256, 256, NULL, NULL, NULL, NULL, NULL, NULL, '2024-01-17 06:17:00', '2024-01-17 06:17:00'),
(257, 257, NULL, NULL, NULL, NULL, NULL, NULL, '2024-01-17 06:17:00', '2024-01-17 06:17:00'),
(258, 258, NULL, NULL, NULL, NULL, NULL, NULL, '2024-01-17 06:17:00', '2024-01-17 06:17:00'),
(259, 259, NULL, NULL, NULL, NULL, NULL, NULL, '2024-01-17 06:17:00', '2024-01-17 06:17:00'),
(260, 260, NULL, NULL, NULL, NULL, NULL, NULL, '2024-01-17 06:17:00', '2024-01-17 06:17:00'),
(261, 261, NULL, NULL, NULL, NULL, NULL, NULL, '2024-01-17 06:17:00', '2024-01-17 06:17:00'),
(262, 262, NULL, NULL, NULL, NULL, NULL, NULL, '2024-01-17 06:17:00', '2024-01-17 06:17:00'),
(263, 263, NULL, NULL, NULL, NULL, NULL, NULL, '2024-01-17 06:17:00', '2024-01-17 06:17:00'),
(264, 264, NULL, NULL, NULL, NULL, NULL, NULL, '2024-01-17 06:17:00', '2024-01-17 06:17:00'),
(265, 265, NULL, NULL, NULL, NULL, NULL, NULL, '2024-01-17 06:17:00', '2024-01-17 06:17:00'),
(266, 266, NULL, NULL, NULL, NULL, NULL, NULL, '2024-01-17 06:17:00', '2024-01-17 06:17:00'),
(267, 267, NULL, NULL, NULL, NULL, NULL, NULL, '2024-01-17 06:17:00', '2024-01-17 06:17:00'),
(268, 268, NULL, NULL, NULL, NULL, NULL, NULL, '2024-01-17 06:17:00', '2024-01-17 06:17:00'),
(269, 269, NULL, NULL, NULL, NULL, NULL, NULL, '2024-01-17 06:17:00', '2024-01-17 06:17:00'),
(270, 270, NULL, NULL, NULL, NULL, NULL, NULL, '2024-01-17 06:17:00', '2024-01-17 06:17:00'),
(271, 271, NULL, NULL, NULL, NULL, NULL, NULL, '2024-01-17 06:17:00', '2024-01-17 06:17:00'),
(272, 272, NULL, NULL, NULL, NULL, NULL, NULL, '2024-01-17 06:17:00', '2024-01-17 06:17:00'),
(273, 273, NULL, NULL, NULL, NULL, NULL, NULL, '2024-01-17 06:17:00', '2024-01-17 06:17:00'),
(274, 274, NULL, NULL, NULL, NULL, NULL, NULL, '2024-01-17 06:17:00', '2024-01-17 06:17:00'),
(275, 275, NULL, NULL, NULL, NULL, NULL, NULL, '2024-01-17 06:17:00', '2024-01-17 06:17:00'),
(276, 276, NULL, NULL, NULL, NULL, NULL, NULL, '2024-01-17 06:17:00', '2024-01-17 06:17:00'),
(277, 277, NULL, NULL, NULL, NULL, NULL, NULL, '2024-01-17 06:17:00', '2024-01-17 06:17:00'),
(278, 278, NULL, NULL, NULL, NULL, NULL, NULL, '2024-01-17 06:17:00', '2024-01-17 06:17:00'),
(279, 279, NULL, NULL, NULL, NULL, NULL, NULL, '2024-01-17 06:17:00', '2024-01-17 06:17:00'),
(280, 280, NULL, NULL, NULL, NULL, NULL, NULL, '2024-01-17 06:17:00', '2024-01-17 06:17:00'),
(281, 281, NULL, NULL, NULL, NULL, NULL, NULL, '2024-01-17 06:17:00', '2024-01-17 06:17:00'),
(282, 282, NULL, NULL, NULL, NULL, NULL, NULL, '2024-01-17 06:17:00', '2024-01-17 06:17:00'),
(283, 283, NULL, NULL, NULL, NULL, NULL, NULL, '2024-01-17 06:17:00', '2024-01-17 06:17:00'),
(284, 284, NULL, NULL, NULL, NULL, NULL, NULL, '2024-01-17 06:17:00', '2024-01-17 06:17:00'),
(285, 285, NULL, NULL, NULL, NULL, NULL, NULL, '2024-01-17 06:17:00', '2024-01-17 06:17:00'),
(286, 286, NULL, NULL, NULL, NULL, NULL, NULL, '2024-01-17 06:17:00', '2024-01-17 06:17:00'),
(287, 287, NULL, NULL, NULL, NULL, NULL, NULL, '2024-01-17 06:17:00', '2024-01-17 06:17:00'),
(288, 288, NULL, NULL, NULL, NULL, NULL, NULL, '2024-01-17 06:17:00', '2024-01-17 06:17:00'),
(289, 289, NULL, NULL, NULL, NULL, NULL, NULL, '2024-01-17 06:17:00', '2024-01-17 06:17:00'),
(290, 290, NULL, NULL, NULL, NULL, NULL, NULL, '2024-01-17 06:17:00', '2024-01-17 06:17:00'),
(291, 291, NULL, NULL, NULL, NULL, NULL, NULL, '2024-01-17 06:17:00', '2024-01-17 06:17:00'),
(292, 292, NULL, NULL, NULL, NULL, NULL, NULL, '2024-01-17 06:17:00', '2024-01-17 06:17:00'),
(293, 293, NULL, NULL, NULL, NULL, NULL, NULL, '2024-01-17 06:17:00', '2024-01-17 06:17:00'),
(294, 294, NULL, NULL, NULL, NULL, NULL, NULL, '2024-01-17 06:17:00', '2024-01-17 06:17:00'),
(295, 295, NULL, NULL, NULL, NULL, NULL, NULL, '2024-01-17 06:17:00', '2024-01-17 06:17:00'),
(296, 296, NULL, NULL, NULL, NULL, NULL, NULL, '2024-01-17 06:17:00', '2024-01-17 06:17:00'),
(297, 297, NULL, NULL, NULL, NULL, NULL, NULL, '2024-01-17 06:17:00', '2024-01-17 06:17:00'),
(298, 298, NULL, NULL, NULL, NULL, NULL, NULL, '2024-01-17 06:17:00', '2024-01-17 06:17:00'),
(299, 299, NULL, NULL, NULL, NULL, NULL, NULL, '2024-01-17 06:17:00', '2024-01-17 06:17:00'),
(300, 300, NULL, NULL, NULL, NULL, NULL, NULL, '2024-01-17 06:17:00', '2024-01-17 06:17:00'),
(301, 301, NULL, NULL, NULL, NULL, NULL, NULL, '2024-01-17 06:17:00', '2024-01-17 06:17:00'),
(302, 302, NULL, NULL, NULL, NULL, NULL, NULL, '2024-01-17 06:17:00', '2024-01-17 06:17:00'),
(303, 303, NULL, NULL, NULL, NULL, NULL, NULL, '2024-01-17 06:17:00', '2024-01-17 06:17:00'),
(304, 304, NULL, NULL, NULL, NULL, NULL, NULL, '2024-01-17 06:17:00', '2024-01-17 06:17:00'),
(305, 305, NULL, NULL, NULL, NULL, NULL, NULL, '2024-01-17 06:17:00', '2024-01-17 06:17:00'),
(306, 306, NULL, NULL, NULL, NULL, NULL, NULL, '2024-01-17 06:17:00', '2024-01-17 06:17:00'),
(307, 307, NULL, NULL, NULL, NULL, NULL, NULL, '2024-01-17 06:17:00', '2024-01-17 06:17:00'),
(308, 308, NULL, NULL, NULL, NULL, NULL, NULL, '2024-01-17 06:17:00', '2024-01-17 06:17:00'),
(309, 309, NULL, NULL, NULL, NULL, NULL, NULL, '2024-01-17 06:17:00', '2024-01-17 06:17:00'),
(310, 310, NULL, NULL, NULL, NULL, NULL, NULL, '2024-01-17 06:17:00', '2024-01-17 06:17:00'),
(311, 311, NULL, NULL, NULL, NULL, NULL, NULL, '2024-01-17 06:17:00', '2024-01-17 06:17:00'),
(312, 312, NULL, NULL, NULL, NULL, NULL, NULL, '2024-01-17 06:17:00', '2024-01-17 06:17:00'),
(313, 313, NULL, NULL, NULL, NULL, NULL, NULL, '2024-01-17 06:17:00', '2024-01-17 06:17:00'),
(314, 314, NULL, NULL, NULL, NULL, NULL, NULL, '2024-01-17 06:17:00', '2024-01-17 06:17:00'),
(315, 315, NULL, NULL, NULL, NULL, NULL, NULL, '2024-01-17 06:17:00', '2024-01-17 06:17:00'),
(316, 316, NULL, NULL, NULL, NULL, NULL, NULL, '2024-01-17 06:17:00', '2024-01-17 06:17:00'),
(317, 317, NULL, NULL, NULL, NULL, NULL, NULL, '2024-01-17 06:17:00', '2024-01-17 06:17:00'),
(318, 318, NULL, NULL, NULL, NULL, NULL, NULL, '2024-01-17 06:17:00', '2024-01-17 06:17:00'),
(319, 319, NULL, NULL, NULL, NULL, NULL, NULL, '2024-01-17 06:17:00', '2024-01-17 06:17:00'),
(320, 320, NULL, NULL, NULL, NULL, NULL, NULL, '2024-01-17 06:17:00', '2024-01-17 06:17:00'),
(321, 321, NULL, NULL, NULL, NULL, NULL, NULL, '2024-01-17 06:17:00', '2024-01-17 06:17:00'),
(322, 322, NULL, NULL, NULL, NULL, NULL, NULL, '2024-01-17 06:17:00', '2024-01-17 06:17:00'),
(323, 323, NULL, NULL, NULL, NULL, NULL, NULL, '2024-01-17 06:17:00', '2024-01-17 06:17:00'),
(324, 324, NULL, NULL, NULL, NULL, NULL, NULL, '2024-01-17 06:17:00', '2024-01-17 06:17:00'),
(325, 325, NULL, NULL, NULL, NULL, NULL, NULL, '2024-01-17 06:17:00', '2024-01-17 06:17:00'),
(326, 326, NULL, NULL, NULL, NULL, NULL, NULL, '2024-01-17 06:17:00', '2024-01-17 06:17:00'),
(327, 327, NULL, NULL, NULL, NULL, NULL, NULL, '2024-01-17 06:17:00', '2024-01-17 06:17:00'),
(328, 328, NULL, NULL, NULL, NULL, NULL, NULL, '2024-01-17 06:17:00', '2024-01-17 06:17:00'),
(329, 329, NULL, NULL, NULL, NULL, NULL, NULL, '2024-01-17 06:17:00', '2024-01-17 06:17:00'),
(330, 330, NULL, NULL, NULL, NULL, NULL, NULL, '2024-01-17 06:17:00', '2024-01-17 06:17:00'),
(331, 331, NULL, NULL, NULL, NULL, NULL, NULL, '2024-01-17 06:17:00', '2024-01-17 06:17:00'),
(332, 332, NULL, NULL, NULL, NULL, NULL, NULL, '2024-01-17 06:17:00', '2024-01-17 06:17:00'),
(333, 333, NULL, NULL, NULL, NULL, NULL, NULL, '2024-01-17 06:17:00', '2024-01-17 06:17:00'),
(334, 334, NULL, NULL, NULL, NULL, NULL, NULL, '2024-01-17 06:17:00', '2024-01-17 06:17:00'),
(335, 335, NULL, NULL, NULL, NULL, NULL, NULL, '2024-01-17 06:17:00', '2024-01-17 06:17:00'),
(336, 336, NULL, NULL, NULL, NULL, NULL, NULL, '2024-01-17 06:17:00', '2024-01-17 06:17:00'),
(337, 337, NULL, NULL, NULL, NULL, NULL, NULL, '2024-01-17 06:17:00', '2024-01-17 06:17:00'),
(338, 338, NULL, NULL, NULL, NULL, NULL, NULL, '2024-01-17 06:17:00', '2024-01-17 06:17:00'),
(339, 339, NULL, NULL, NULL, NULL, NULL, NULL, '2024-01-17 06:17:00', '2024-01-17 06:17:00'),
(340, 340, NULL, NULL, NULL, NULL, NULL, NULL, '2024-01-17 06:17:00', '2024-01-17 06:17:00'),
(341, 341, NULL, NULL, NULL, NULL, NULL, NULL, '2024-01-17 06:17:00', '2024-01-17 06:17:00'),
(342, 342, NULL, NULL, NULL, NULL, NULL, NULL, '2024-01-17 06:17:00', '2024-01-17 06:17:00'),
(343, 343, NULL, NULL, NULL, NULL, NULL, NULL, '2024-01-17 06:17:00', '2024-01-17 06:17:00'),
(344, 344, NULL, NULL, NULL, NULL, NULL, NULL, '2024-01-17 06:17:00', '2024-01-17 06:17:00'),
(345, 345, NULL, NULL, NULL, NULL, NULL, NULL, '2024-01-17 06:17:00', '2024-01-17 06:17:00'),
(346, 346, NULL, NULL, NULL, NULL, NULL, NULL, '2024-01-17 06:17:00', '2024-01-17 06:17:00'),
(347, 347, NULL, NULL, NULL, NULL, NULL, NULL, '2024-01-17 06:17:00', '2024-01-17 06:17:00'),
(348, 348, NULL, NULL, NULL, NULL, NULL, NULL, '2024-01-17 06:17:00', '2024-01-17 06:17:00'),
(349, 349, NULL, NULL, NULL, NULL, NULL, NULL, '2024-01-17 06:17:00', '2024-01-17 06:17:00'),
(350, 350, NULL, NULL, NULL, NULL, NULL, NULL, '2024-01-17 06:17:00', '2024-01-17 06:17:00'),
(351, 351, NULL, NULL, NULL, NULL, NULL, NULL, '2024-01-17 06:17:00', '2024-01-17 06:17:00'),
(352, 352, NULL, NULL, NULL, NULL, NULL, NULL, '2024-01-17 06:17:00', '2024-01-17 06:17:00'),
(353, 353, NULL, NULL, NULL, NULL, NULL, NULL, '2024-01-17 06:17:00', '2024-01-17 06:17:00'),
(354, 354, NULL, NULL, NULL, NULL, NULL, NULL, '2024-01-17 06:17:00', '2024-01-17 06:17:00'),
(355, 355, NULL, NULL, NULL, NULL, NULL, NULL, '2024-01-17 06:17:00', '2024-01-17 06:17:00'),
(356, 356, NULL, NULL, NULL, NULL, NULL, NULL, '2024-01-17 06:17:00', '2024-01-17 06:17:00'),
(357, 357, NULL, NULL, NULL, NULL, NULL, NULL, '2024-01-17 06:17:00', '2024-01-17 06:17:00'),
(358, 358, NULL, NULL, NULL, NULL, NULL, NULL, '2024-01-17 06:17:00', '2024-01-17 06:17:00'),
(359, 359, NULL, NULL, NULL, NULL, NULL, NULL, '2024-01-17 06:17:00', '2024-01-17 06:17:00'),
(360, 360, NULL, NULL, NULL, NULL, NULL, NULL, '2024-01-17 06:17:00', '2024-01-17 06:17:00'),
(361, 361, NULL, NULL, NULL, NULL, NULL, NULL, '2024-01-17 06:17:00', '2024-01-17 06:17:00'),
(362, 362, NULL, NULL, NULL, NULL, NULL, NULL, '2024-01-17 06:17:00', '2024-01-17 06:17:00'),
(363, 363, NULL, NULL, NULL, NULL, NULL, NULL, '2024-01-17 06:17:00', '2024-01-17 06:17:00'),
(364, 364, NULL, NULL, NULL, NULL, NULL, NULL, '2024-01-17 06:17:00', '2024-01-17 06:17:00'),
(365, 365, NULL, NULL, NULL, NULL, NULL, NULL, '2024-01-17 06:17:00', '2024-01-17 06:17:00'),
(366, 366, NULL, NULL, NULL, NULL, NULL, NULL, '2024-01-17 06:17:00', '2024-01-17 06:17:00'),
(367, 367, NULL, NULL, NULL, NULL, NULL, NULL, '2024-01-17 06:17:00', '2024-01-17 06:17:00'),
(368, 368, NULL, NULL, NULL, NULL, NULL, NULL, '2024-01-17 06:17:00', '2024-01-17 06:17:00'),
(369, 369, NULL, NULL, NULL, NULL, NULL, NULL, '2024-01-17 06:17:00', '2024-01-17 06:17:00'),
(370, 370, NULL, NULL, NULL, NULL, NULL, NULL, '2024-01-17 06:17:00', '2024-01-17 06:17:00'),
(371, 371, NULL, NULL, NULL, NULL, NULL, NULL, '2024-01-17 06:17:00', '2024-01-17 06:17:00'),
(372, 372, NULL, NULL, NULL, NULL, NULL, NULL, '2024-01-17 06:17:00', '2024-01-17 06:17:00'),
(373, 373, NULL, NULL, NULL, NULL, NULL, NULL, '2024-01-17 06:17:00', '2024-01-17 06:17:00'),
(374, 374, NULL, NULL, NULL, NULL, NULL, NULL, '2024-01-17 06:17:01', '2024-01-17 06:17:01'),
(375, 375, NULL, NULL, NULL, NULL, NULL, NULL, '2024-01-17 06:17:01', '2024-01-17 06:17:01'),
(376, 376, NULL, NULL, NULL, NULL, NULL, NULL, '2024-01-17 06:17:01', '2024-01-17 06:17:01'),
(377, 377, NULL, NULL, NULL, NULL, NULL, NULL, '2024-01-17 06:17:01', '2024-01-17 06:17:01'),
(378, 378, NULL, NULL, NULL, NULL, NULL, NULL, '2024-01-17 06:17:01', '2024-01-17 06:17:01'),
(379, 379, NULL, NULL, NULL, NULL, NULL, NULL, '2024-01-17 06:17:01', '2024-01-17 06:17:01'),
(380, 380, NULL, NULL, NULL, NULL, NULL, NULL, '2024-01-17 06:17:01', '2024-01-17 06:17:01'),
(381, 381, NULL, NULL, NULL, NULL, NULL, NULL, '2024-01-17 06:17:01', '2024-01-17 06:17:01'),
(382, 382, NULL, NULL, NULL, NULL, NULL, NULL, '2024-01-17 06:17:01', '2024-01-17 06:17:01'),
(383, 383, NULL, NULL, NULL, NULL, NULL, NULL, '2024-01-17 06:17:01', '2024-01-17 06:17:01'),
(384, 384, NULL, NULL, NULL, NULL, NULL, NULL, '2024-01-17 06:17:01', '2024-01-17 06:17:01'),
(385, 385, NULL, NULL, NULL, NULL, NULL, NULL, '2024-01-17 06:17:01', '2024-01-17 06:17:01'),
(386, 386, NULL, NULL, NULL, NULL, NULL, NULL, '2024-01-17 06:17:01', '2024-01-17 06:17:01'),
(387, 387, NULL, NULL, NULL, NULL, NULL, NULL, '2024-01-17 06:17:01', '2024-01-17 06:17:01'),
(388, 388, NULL, NULL, NULL, NULL, NULL, NULL, '2024-01-17 06:17:01', '2024-01-17 06:17:01'),
(389, 389, NULL, NULL, NULL, NULL, NULL, NULL, '2024-01-17 06:17:01', '2024-01-17 06:17:01'),
(390, 390, NULL, NULL, NULL, NULL, NULL, NULL, '2024-01-17 06:17:01', '2024-01-17 06:17:01'),
(391, 391, NULL, NULL, NULL, NULL, NULL, NULL, '2024-01-17 06:17:01', '2024-01-17 06:17:01'),
(392, 392, NULL, NULL, NULL, NULL, NULL, NULL, '2024-01-17 06:17:01', '2024-01-17 06:17:01'),
(393, 393, NULL, NULL, NULL, NULL, NULL, NULL, '2024-01-17 06:17:01', '2024-01-17 06:17:01'),
(394, 394, NULL, NULL, NULL, NULL, NULL, NULL, '2024-01-17 06:17:01', '2024-01-17 06:17:01'),
(395, 395, NULL, NULL, NULL, NULL, NULL, NULL, '2024-01-17 06:17:01', '2024-01-17 06:17:01'),
(396, 396, NULL, NULL, NULL, NULL, NULL, NULL, '2024-01-17 06:17:01', '2024-01-17 06:17:01'),
(397, 397, NULL, NULL, NULL, NULL, NULL, NULL, '2024-01-17 06:17:01', '2024-01-17 06:17:01'),
(398, 398, NULL, NULL, NULL, NULL, NULL, NULL, '2024-01-17 06:17:01', '2024-01-17 06:17:01'),
(399, 399, NULL, NULL, NULL, NULL, NULL, NULL, '2024-01-17 06:17:01', '2024-01-17 06:17:01'),
(400, 400, NULL, NULL, NULL, NULL, NULL, NULL, '2024-01-17 06:17:01', '2024-01-17 06:17:01'),
(401, 401, NULL, NULL, NULL, NULL, NULL, NULL, '2024-01-17 06:17:01', '2024-01-17 06:17:01'),
(402, 402, NULL, NULL, NULL, NULL, NULL, NULL, '2024-01-17 06:17:01', '2024-01-17 06:17:01'),
(403, 403, NULL, NULL, NULL, NULL, NULL, NULL, '2024-01-17 06:17:01', '2024-01-17 06:17:01'),
(404, 404, NULL, NULL, NULL, NULL, NULL, NULL, '2024-01-17 06:17:01', '2024-01-17 06:17:01'),
(405, 405, NULL, NULL, NULL, NULL, NULL, NULL, '2024-01-17 06:17:01', '2024-01-17 06:17:01'),
(406, 406, NULL, NULL, NULL, NULL, NULL, NULL, '2024-01-17 06:17:01', '2024-01-17 06:17:01'),
(407, 407, NULL, NULL, NULL, NULL, NULL, NULL, '2024-01-17 06:17:01', '2024-01-17 06:17:01'),
(408, 408, NULL, NULL, NULL, NULL, NULL, NULL, '2024-01-17 06:17:01', '2024-01-17 06:17:01'),
(409, 409, NULL, NULL, NULL, NULL, NULL, NULL, '2024-01-17 06:17:01', '2024-01-17 06:17:01'),
(410, 410, NULL, NULL, NULL, NULL, NULL, NULL, '2024-01-17 06:17:01', '2024-01-17 06:17:01'),
(411, 411, NULL, NULL, NULL, NULL, NULL, NULL, '2024-01-17 06:17:01', '2024-01-17 06:17:01'),
(412, 412, NULL, NULL, NULL, NULL, NULL, NULL, '2024-01-17 06:17:01', '2024-01-17 06:17:01'),
(413, 413, NULL, NULL, NULL, NULL, NULL, NULL, '2024-01-17 06:17:01', '2024-01-17 06:17:01'),
(414, 414, NULL, NULL, NULL, NULL, NULL, NULL, '2024-01-17 06:17:01', '2024-01-17 06:17:01'),
(415, 415, NULL, NULL, NULL, NULL, NULL, NULL, '2024-01-17 06:17:01', '2024-01-17 06:17:01'),
(416, 416, NULL, NULL, NULL, NULL, NULL, NULL, '2024-01-17 06:17:01', '2024-01-17 06:17:01'),
(417, 417, NULL, NULL, NULL, NULL, NULL, NULL, '2024-01-17 06:17:01', '2024-01-17 06:17:01'),
(418, 418, NULL, NULL, NULL, NULL, NULL, NULL, '2024-01-17 06:17:01', '2024-01-17 06:17:01'),
(419, 419, NULL, NULL, NULL, NULL, NULL, NULL, '2024-01-17 06:17:01', '2024-01-17 06:17:01'),
(420, 420, NULL, NULL, NULL, NULL, NULL, NULL, '2024-01-17 06:17:01', '2024-01-17 06:17:01'),
(421, 421, NULL, NULL, NULL, NULL, NULL, NULL, '2024-01-17 06:17:01', '2024-01-17 06:17:01'),
(422, 422, NULL, NULL, NULL, NULL, NULL, NULL, '2024-01-17 06:17:01', '2024-01-17 06:17:01'),
(423, 423, NULL, NULL, NULL, NULL, NULL, NULL, '2024-01-17 06:17:01', '2024-01-17 06:17:01'),
(424, 424, NULL, NULL, NULL, NULL, NULL, NULL, '2024-01-17 06:17:01', '2024-01-17 06:17:01'),
(425, 425, NULL, NULL, NULL, NULL, NULL, NULL, '2024-01-17 06:17:01', '2024-01-17 06:17:01'),
(426, 426, NULL, NULL, NULL, NULL, NULL, NULL, '2024-01-17 06:17:01', '2024-01-17 06:17:01'),
(427, 427, NULL, NULL, NULL, NULL, NULL, NULL, '2024-01-17 06:17:01', '2024-01-17 06:17:01'),
(428, 428, NULL, NULL, NULL, NULL, NULL, NULL, '2024-01-17 06:17:01', '2024-01-17 06:17:01'),
(429, 429, NULL, NULL, NULL, NULL, NULL, NULL, '2024-01-17 06:17:01', '2024-01-17 06:17:01'),
(430, 430, NULL, NULL, NULL, NULL, NULL, NULL, '2024-01-17 06:17:01', '2024-01-17 06:17:01'),
(431, 431, NULL, NULL, NULL, NULL, NULL, NULL, '2024-01-17 06:17:01', '2024-01-17 06:17:01'),
(432, 432, NULL, NULL, NULL, NULL, NULL, NULL, '2024-01-17 06:17:01', '2024-01-17 06:17:01'),
(433, 433, NULL, NULL, NULL, NULL, NULL, NULL, '2024-01-17 06:17:01', '2024-01-17 06:17:01'),
(434, 434, NULL, NULL, NULL, NULL, NULL, NULL, '2024-01-17 06:17:01', '2024-01-17 06:17:01'),
(435, 435, NULL, NULL, NULL, NULL, NULL, NULL, '2024-01-17 06:17:01', '2024-01-17 06:17:01'),
(436, 436, NULL, NULL, NULL, NULL, NULL, NULL, '2024-01-17 06:17:01', '2024-01-17 06:17:01'),
(437, 437, NULL, NULL, NULL, NULL, NULL, NULL, '2024-01-17 06:17:01', '2024-01-17 06:17:01'),
(438, 438, NULL, NULL, NULL, NULL, NULL, NULL, '2024-01-17 06:17:01', '2024-01-17 06:17:01'),
(439, 439, NULL, NULL, NULL, NULL, NULL, NULL, '2024-01-17 06:17:01', '2024-01-17 06:17:01'),
(440, 440, NULL, NULL, NULL, NULL, NULL, NULL, '2024-01-17 06:17:01', '2024-01-17 06:17:01'),
(441, 441, NULL, NULL, NULL, NULL, NULL, NULL, '2024-01-17 06:17:01', '2024-01-17 06:17:01'),
(442, 442, NULL, NULL, NULL, NULL, NULL, NULL, '2024-01-17 06:17:01', '2024-01-17 06:17:01'),
(443, 443, NULL, NULL, NULL, NULL, NULL, NULL, '2024-01-17 06:17:01', '2024-01-17 06:17:01'),
(444, 444, NULL, NULL, NULL, NULL, NULL, NULL, '2024-01-17 06:17:01', '2024-01-17 06:17:01'),
(445, 445, NULL, NULL, NULL, NULL, NULL, NULL, '2024-01-17 06:17:01', '2024-01-17 06:17:01'),
(446, 446, NULL, NULL, NULL, NULL, NULL, NULL, '2024-01-17 06:17:01', '2024-01-17 06:17:01'),
(447, 447, NULL, NULL, NULL, NULL, NULL, NULL, '2024-01-17 06:17:01', '2024-01-17 06:17:01'),
(448, 448, NULL, NULL, NULL, NULL, NULL, NULL, '2024-01-17 06:17:01', '2024-01-17 06:17:01'),
(449, 449, NULL, NULL, NULL, NULL, NULL, NULL, '2024-01-17 06:17:01', '2024-01-17 06:17:01'),
(450, 450, NULL, NULL, NULL, NULL, NULL, NULL, '2024-01-17 06:17:01', '2024-01-17 06:17:01'),
(451, 451, NULL, NULL, NULL, NULL, NULL, NULL, '2024-01-17 06:17:01', '2024-01-17 06:17:01'),
(452, 452, NULL, NULL, NULL, NULL, NULL, NULL, '2024-01-17 06:17:01', '2024-01-17 06:17:01'),
(453, 453, NULL, NULL, NULL, NULL, NULL, NULL, '2024-01-17 06:17:01', '2024-01-17 06:17:01'),
(454, 454, NULL, NULL, NULL, NULL, NULL, NULL, '2024-01-17 06:17:01', '2024-01-17 06:17:01'),
(455, 455, NULL, NULL, NULL, NULL, NULL, NULL, '2024-01-17 06:17:01', '2024-01-17 06:17:01'),
(456, 456, NULL, NULL, NULL, NULL, NULL, NULL, '2024-01-17 06:17:01', '2024-01-17 06:17:01'),
(457, 457, NULL, NULL, NULL, NULL, NULL, NULL, '2024-01-17 06:17:01', '2024-01-17 06:17:01'),
(458, 458, NULL, NULL, NULL, NULL, NULL, NULL, '2024-01-17 06:17:01', '2024-01-17 06:17:01'),
(459, 459, NULL, NULL, NULL, NULL, NULL, NULL, '2024-01-17 06:17:01', '2024-01-17 06:17:01'),
(460, 460, NULL, NULL, NULL, NULL, NULL, NULL, '2024-01-17 06:17:01', '2024-01-17 06:17:01'),
(461, 461, NULL, NULL, NULL, NULL, NULL, NULL, '2024-01-17 06:17:01', '2024-01-17 06:17:01'),
(462, 462, NULL, NULL, NULL, NULL, NULL, NULL, '2024-01-17 06:17:01', '2024-01-17 06:17:01'),
(463, 463, NULL, NULL, NULL, NULL, NULL, NULL, '2024-01-17 06:17:01', '2024-01-17 06:17:01'),
(464, 464, NULL, NULL, NULL, NULL, NULL, NULL, '2024-01-17 06:17:01', '2024-01-17 06:17:01'),
(465, 465, NULL, NULL, NULL, NULL, NULL, NULL, '2024-01-17 06:17:01', '2024-01-17 06:17:01'),
(466, 466, NULL, NULL, NULL, NULL, NULL, NULL, '2024-01-17 06:17:01', '2024-01-17 06:17:01'),
(467, 467, NULL, NULL, NULL, NULL, NULL, NULL, '2024-01-17 06:17:01', '2024-01-17 06:17:01'),
(468, 468, NULL, NULL, NULL, NULL, NULL, NULL, '2024-01-17 06:17:01', '2024-01-17 06:17:01'),
(469, 469, NULL, NULL, NULL, NULL, NULL, NULL, '2024-01-17 06:17:01', '2024-01-17 06:17:01'),
(470, 470, NULL, NULL, NULL, NULL, NULL, NULL, '2024-01-17 06:17:01', '2024-01-17 06:17:01'),
(471, 471, NULL, NULL, NULL, NULL, NULL, NULL, '2024-01-17 06:17:01', '2024-01-17 06:17:01'),
(472, 472, NULL, NULL, NULL, NULL, NULL, NULL, '2024-01-17 06:17:01', '2024-01-17 06:17:01'),
(473, 473, NULL, NULL, NULL, NULL, NULL, NULL, '2024-01-17 06:17:01', '2024-01-17 06:17:01'),
(474, 474, NULL, NULL, NULL, NULL, NULL, NULL, '2024-01-17 06:17:01', '2024-01-17 06:17:01'),
(475, 475, NULL, NULL, NULL, NULL, NULL, NULL, '2024-01-17 06:17:01', '2024-01-17 06:17:01'),
(476, 476, NULL, NULL, NULL, NULL, NULL, NULL, '2024-01-17 06:17:01', '2024-01-17 06:17:01'),
(477, 477, NULL, NULL, NULL, NULL, NULL, NULL, '2024-01-17 06:17:01', '2024-01-17 06:17:01'),
(478, 478, NULL, NULL, NULL, NULL, NULL, NULL, '2024-01-17 06:17:01', '2024-01-17 06:17:01'),
(479, 479, NULL, NULL, NULL, NULL, NULL, NULL, '2024-01-17 06:17:01', '2024-01-17 06:17:01'),
(480, 480, NULL, NULL, NULL, NULL, NULL, NULL, '2024-01-17 06:17:01', '2024-01-17 06:17:01'),
(481, 481, NULL, NULL, NULL, NULL, NULL, NULL, '2024-01-17 06:17:01', '2024-01-17 06:17:01'),
(482, 482, NULL, NULL, NULL, NULL, NULL, NULL, '2024-01-17 06:17:01', '2024-01-17 06:17:01'),
(483, 483, NULL, NULL, NULL, NULL, NULL, NULL, '2024-01-17 06:17:01', '2024-01-17 06:17:01'),
(484, 484, NULL, NULL, NULL, NULL, NULL, NULL, '2024-01-17 06:17:01', '2024-01-17 06:17:01'),
(485, 485, NULL, NULL, NULL, NULL, NULL, NULL, '2024-01-17 06:17:01', '2024-01-17 06:17:01'),
(486, 486, NULL, NULL, NULL, NULL, NULL, NULL, '2024-01-17 06:17:01', '2024-01-17 06:17:01'),
(487, 487, NULL, NULL, NULL, NULL, NULL, NULL, '2024-01-17 06:17:01', '2024-01-17 06:17:01'),
(488, 488, NULL, NULL, NULL, NULL, NULL, NULL, '2024-01-17 06:17:01', '2024-01-17 06:17:01'),
(489, 489, NULL, NULL, NULL, NULL, NULL, NULL, '2024-01-17 06:17:01', '2024-01-17 06:17:01'),
(490, 490, NULL, NULL, NULL, NULL, NULL, NULL, '2024-01-17 06:17:01', '2024-01-17 06:17:01'),
(491, 491, NULL, NULL, NULL, NULL, NULL, NULL, '2024-01-17 06:17:01', '2024-01-17 06:17:01'),
(492, 492, NULL, NULL, NULL, NULL, NULL, NULL, '2024-01-17 06:17:01', '2024-01-17 06:17:01'),
(493, 493, NULL, NULL, NULL, NULL, NULL, NULL, '2024-01-17 06:17:01', '2024-01-17 06:17:01'),
(494, 494, NULL, NULL, NULL, NULL, NULL, NULL, '2024-01-17 06:17:01', '2024-01-17 06:17:01'),
(495, 495, NULL, NULL, NULL, NULL, NULL, NULL, '2024-01-17 06:17:01', '2024-01-17 06:17:01'),
(496, 496, NULL, NULL, NULL, NULL, NULL, NULL, '2024-01-17 06:17:01', '2024-01-17 06:17:01'),
(497, 497, NULL, NULL, NULL, NULL, NULL, NULL, '2024-01-17 06:17:01', '2024-01-17 06:17:01'),
(498, 498, NULL, NULL, NULL, NULL, NULL, NULL, '2024-01-17 06:17:01', '2024-01-17 06:17:01'),
(499, 499, NULL, NULL, NULL, NULL, NULL, NULL, '2024-01-17 06:17:01', '2024-01-17 06:17:01'),
(500, 500, NULL, NULL, NULL, NULL, NULL, NULL, '2024-01-17 06:17:01', '2024-01-17 06:17:01'),
(501, 501, NULL, NULL, NULL, NULL, NULL, NULL, '2024-01-17 06:17:01', '2024-01-17 06:17:01'),
(502, 502, NULL, NULL, NULL, NULL, NULL, NULL, '2024-01-17 06:17:01', '2024-01-17 06:17:01'),
(503, 503, NULL, NULL, NULL, NULL, NULL, NULL, '2024-01-17 06:17:01', '2024-01-17 06:17:01'),
(504, 504, NULL, NULL, NULL, NULL, NULL, NULL, '2024-01-17 06:17:01', '2024-01-17 06:17:01'),
(505, 505, NULL, NULL, NULL, NULL, NULL, NULL, '2024-01-17 06:17:01', '2024-01-17 06:17:01'),
(506, 506, NULL, NULL, NULL, NULL, NULL, NULL, '2024-01-17 06:17:01', '2024-01-17 06:17:01'),
(507, 507, NULL, NULL, NULL, NULL, NULL, NULL, '2024-01-17 06:17:01', '2024-01-17 06:17:01'),
(508, 508, NULL, NULL, NULL, NULL, NULL, NULL, '2024-01-17 06:17:01', '2024-01-17 06:17:01'),
(509, 509, NULL, NULL, NULL, NULL, NULL, NULL, '2024-01-17 06:17:01', '2024-01-17 06:17:01'),
(510, 510, NULL, NULL, NULL, NULL, NULL, NULL, '2024-01-17 06:17:01', '2024-01-17 06:17:01'),
(511, 511, NULL, NULL, NULL, NULL, NULL, NULL, '2024-01-17 06:17:01', '2024-01-17 06:17:01'),
(512, 512, NULL, NULL, NULL, NULL, NULL, NULL, '2024-01-17 06:17:01', '2024-01-17 06:17:01'),
(513, 513, NULL, NULL, NULL, NULL, NULL, NULL, '2024-01-17 06:17:01', '2024-01-17 06:17:01'),
(514, 514, NULL, NULL, NULL, NULL, NULL, NULL, '2024-01-17 06:17:01', '2024-01-17 06:17:01'),
(515, 515, NULL, NULL, NULL, NULL, NULL, NULL, '2024-01-17 06:17:01', '2024-01-17 06:17:01'),
(516, 516, NULL, NULL, NULL, NULL, NULL, NULL, '2024-01-17 06:17:01', '2024-01-17 06:17:01'),
(517, 517, NULL, NULL, NULL, NULL, NULL, NULL, '2024-01-17 06:17:01', '2024-01-17 06:17:01'),
(518, 518, NULL, NULL, NULL, NULL, NULL, NULL, '2024-01-17 06:17:01', '2024-01-17 06:17:01'),
(519, 519, NULL, NULL, NULL, NULL, NULL, NULL, '2024-01-17 06:17:01', '2024-01-17 06:17:01'),
(520, 520, NULL, NULL, NULL, NULL, NULL, NULL, '2024-01-17 06:17:01', '2024-01-17 06:17:01'),
(521, 521, NULL, NULL, NULL, NULL, NULL, NULL, '2024-01-17 06:17:01', '2024-01-17 06:17:01'),
(522, 522, NULL, NULL, NULL, NULL, NULL, NULL, '2024-01-17 06:17:01', '2024-01-17 06:17:01'),
(523, 523, NULL, NULL, NULL, NULL, NULL, NULL, '2024-01-17 06:17:01', '2024-01-17 06:17:01'),
(524, 524, NULL, NULL, NULL, NULL, NULL, NULL, '2024-01-17 06:17:01', '2024-01-17 06:17:01'),
(525, 525, NULL, NULL, NULL, NULL, NULL, NULL, '2024-01-17 06:17:01', '2024-01-17 06:17:01'),
(526, 526, NULL, NULL, NULL, NULL, NULL, NULL, '2024-01-17 06:17:01', '2024-01-17 06:17:01'),
(527, 527, NULL, NULL, NULL, NULL, NULL, NULL, '2024-01-17 06:17:01', '2024-01-17 06:17:01'),
(528, 528, NULL, NULL, NULL, NULL, NULL, NULL, '2024-01-17 06:17:01', '2024-01-17 06:17:01'),
(529, 529, NULL, NULL, NULL, NULL, NULL, NULL, '2024-01-17 06:17:01', '2024-01-17 06:17:01'),
(530, 530, NULL, NULL, NULL, NULL, NULL, NULL, '2024-01-17 06:17:01', '2024-01-17 06:17:01'),
(531, 531, NULL, NULL, NULL, NULL, NULL, NULL, '2024-01-17 06:17:01', '2024-01-17 06:17:01'),
(532, 532, NULL, NULL, NULL, NULL, NULL, NULL, '2024-01-17 06:17:01', '2024-01-17 06:17:01'),
(533, 533, NULL, NULL, NULL, NULL, NULL, NULL, '2024-01-17 06:17:01', '2024-01-17 06:17:01'),
(534, 534, NULL, NULL, NULL, NULL, NULL, NULL, '2024-01-17 06:17:01', '2024-01-17 06:17:01'),
(535, 535, NULL, NULL, NULL, NULL, NULL, NULL, '2024-01-17 06:17:01', '2024-01-17 06:17:01'),
(536, 536, NULL, NULL, NULL, NULL, NULL, NULL, '2024-01-17 06:17:01', '2024-01-17 06:17:01'),
(537, 537, NULL, NULL, NULL, NULL, NULL, NULL, '2024-01-17 06:17:01', '2024-01-17 06:17:01'),
(538, 538, NULL, NULL, NULL, NULL, NULL, NULL, '2024-01-17 06:17:01', '2024-01-17 06:17:01'),
(539, 539, NULL, NULL, NULL, NULL, NULL, NULL, '2024-01-17 06:17:01', '2024-01-17 06:17:01'),
(540, 540, NULL, NULL, NULL, NULL, NULL, NULL, '2024-01-17 06:17:01', '2024-01-17 06:17:01'),
(541, 541, NULL, NULL, NULL, NULL, NULL, NULL, '2024-01-17 06:17:01', '2024-01-17 06:17:01'),
(542, 542, NULL, NULL, NULL, NULL, NULL, NULL, '2024-01-17 06:17:01', '2024-01-17 06:17:01'),
(543, 543, NULL, NULL, NULL, NULL, NULL, NULL, '2024-01-17 06:17:01', '2024-01-17 06:17:01'),
(544, 544, NULL, NULL, NULL, NULL, NULL, NULL, '2024-01-17 06:17:01', '2024-01-17 06:17:01');
INSERT INTO `berkas` (`id`, `pelamar_id`, `surat_lamaran`, `cv`, `ktp`, `ijazah`, `skck`, `sertifikat_keahlian`, `created_at`, `updated_at`) VALUES
(545, 545, NULL, NULL, NULL, NULL, NULL, NULL, '2024-01-17 06:17:01', '2024-01-17 06:17:01'),
(546, 546, NULL, NULL, NULL, NULL, NULL, NULL, '2024-01-17 06:17:01', '2024-01-17 06:17:01'),
(547, 547, NULL, NULL, NULL, NULL, NULL, NULL, '2024-01-17 06:17:01', '2024-01-17 06:17:01'),
(548, 548, NULL, NULL, NULL, NULL, NULL, NULL, '2024-01-17 06:17:01', '2024-01-17 06:17:01'),
(549, 549, NULL, NULL, NULL, NULL, NULL, NULL, '2024-01-17 06:17:01', '2024-01-17 06:17:01'),
(550, 550, NULL, NULL, NULL, NULL, NULL, NULL, '2024-01-17 06:17:01', '2024-01-17 06:17:01'),
(551, 551, NULL, NULL, NULL, NULL, NULL, NULL, '2024-01-17 06:17:01', '2024-01-17 06:17:01'),
(552, 552, NULL, NULL, NULL, NULL, NULL, NULL, '2024-01-17 06:17:01', '2024-01-17 06:17:01'),
(553, 553, NULL, NULL, NULL, NULL, NULL, NULL, '2024-01-17 06:17:01', '2024-01-17 06:17:01'),
(554, 554, NULL, NULL, NULL, NULL, NULL, NULL, '2024-01-17 06:17:01', '2024-01-17 06:17:01'),
(555, 555, NULL, NULL, NULL, NULL, NULL, NULL, '2024-01-17 06:17:01', '2024-01-17 06:17:01'),
(556, 556, NULL, NULL, NULL, NULL, NULL, NULL, '2024-01-17 06:17:01', '2024-01-17 06:17:01'),
(557, 557, NULL, NULL, NULL, NULL, NULL, NULL, '2024-01-17 06:17:01', '2024-01-17 06:17:01'),
(558, 558, NULL, NULL, NULL, NULL, NULL, NULL, '2024-01-17 06:17:01', '2024-01-17 06:17:01'),
(559, 559, NULL, NULL, NULL, NULL, NULL, NULL, '2024-01-17 06:17:01', '2024-01-17 06:17:01'),
(560, 560, NULL, NULL, NULL, NULL, NULL, NULL, '2024-01-17 06:17:01', '2024-01-17 06:17:01'),
(561, 561, NULL, NULL, NULL, NULL, NULL, NULL, '2024-01-17 06:17:01', '2024-01-17 06:17:01'),
(562, 562, NULL, NULL, NULL, NULL, NULL, NULL, '2024-01-17 06:17:01', '2024-01-17 06:17:01'),
(563, 563, NULL, NULL, NULL, NULL, NULL, NULL, '2024-01-17 06:17:01', '2024-01-17 06:17:01'),
(564, 564, NULL, NULL, NULL, NULL, NULL, NULL, '2024-01-17 06:17:01', '2024-01-17 06:17:01'),
(565, 565, NULL, NULL, NULL, NULL, NULL, NULL, '2024-01-17 06:17:01', '2024-01-17 06:17:01'),
(566, 566, NULL, NULL, NULL, NULL, NULL, NULL, '2024-01-17 06:17:01', '2024-01-17 06:17:01'),
(567, 567, NULL, NULL, NULL, NULL, NULL, NULL, '2024-01-17 06:17:01', '2024-01-17 06:17:01'),
(568, 568, NULL, NULL, NULL, NULL, NULL, NULL, '2024-01-17 06:17:01', '2024-01-17 06:17:01'),
(569, 569, NULL, NULL, NULL, NULL, NULL, NULL, '2024-01-17 06:17:01', '2024-01-17 06:17:01'),
(570, 570, NULL, NULL, NULL, NULL, NULL, NULL, '2024-01-17 06:17:01', '2024-01-17 06:17:01'),
(571, 571, NULL, NULL, NULL, NULL, NULL, NULL, '2024-01-17 06:17:01', '2024-01-17 06:17:01'),
(572, 572, NULL, NULL, NULL, NULL, NULL, NULL, '2024-01-17 06:17:01', '2024-01-17 06:17:01'),
(573, 573, NULL, NULL, NULL, NULL, NULL, NULL, '2024-01-17 06:17:01', '2024-01-17 06:17:01'),
(574, 574, NULL, NULL, NULL, NULL, NULL, NULL, '2024-01-17 06:17:01', '2024-01-17 06:17:01'),
(575, 575, NULL, NULL, NULL, NULL, NULL, NULL, '2024-01-17 06:17:01', '2024-01-17 06:17:01'),
(576, 576, NULL, NULL, NULL, NULL, NULL, NULL, '2024-01-17 06:17:01', '2024-01-17 06:17:01'),
(577, 577, NULL, NULL, NULL, NULL, NULL, NULL, '2024-01-17 06:17:01', '2024-01-17 06:17:01'),
(578, 578, NULL, NULL, NULL, NULL, NULL, NULL, '2024-01-17 06:17:01', '2024-01-17 06:17:01'),
(579, 579, NULL, NULL, NULL, NULL, NULL, NULL, '2024-01-17 06:17:01', '2024-01-17 06:17:01'),
(580, 580, NULL, NULL, NULL, NULL, NULL, NULL, '2024-01-17 06:17:01', '2024-01-17 06:17:01'),
(581, 581, NULL, NULL, NULL, NULL, NULL, NULL, '2024-01-17 06:17:01', '2024-01-17 06:17:01'),
(582, 582, NULL, NULL, NULL, NULL, NULL, NULL, '2024-01-17 06:17:01', '2024-01-17 06:17:01'),
(583, 583, NULL, NULL, NULL, NULL, NULL, NULL, '2024-01-17 06:17:01', '2024-01-17 06:17:01'),
(584, 584, NULL, NULL, NULL, NULL, NULL, NULL, '2024-01-17 06:17:01', '2024-01-17 06:17:01'),
(585, 585, NULL, NULL, NULL, NULL, NULL, NULL, '2024-01-17 06:17:01', '2024-01-17 06:17:01'),
(586, 586, NULL, NULL, NULL, NULL, NULL, NULL, '2024-01-17 06:17:01', '2024-01-17 06:17:01'),
(587, 587, NULL, NULL, NULL, NULL, NULL, NULL, '2024-01-17 06:17:01', '2024-01-17 06:17:01'),
(588, 588, NULL, NULL, NULL, NULL, NULL, NULL, '2024-01-17 06:17:01', '2024-01-17 06:17:01'),
(589, 589, NULL, NULL, NULL, NULL, NULL, NULL, '2024-01-17 06:17:01', '2024-01-17 06:17:01'),
(590, 590, NULL, NULL, NULL, NULL, NULL, NULL, '2024-01-17 06:17:01', '2024-01-17 06:17:01'),
(591, 591, NULL, NULL, NULL, NULL, NULL, NULL, '2024-01-17 06:17:01', '2024-01-17 06:17:01'),
(592, 592, NULL, NULL, NULL, NULL, NULL, NULL, '2024-01-17 06:17:01', '2024-01-17 06:17:01'),
(593, 593, NULL, NULL, NULL, NULL, NULL, NULL, '2024-01-17 06:17:01', '2024-01-17 06:17:01'),
(594, 594, NULL, NULL, NULL, NULL, NULL, NULL, '2024-01-17 06:17:01', '2024-01-17 06:17:01'),
(595, 595, NULL, NULL, NULL, NULL, NULL, NULL, '2024-01-17 06:17:01', '2024-01-17 06:17:01'),
(596, 596, NULL, NULL, NULL, NULL, NULL, NULL, '2024-01-17 06:17:01', '2024-01-17 06:17:01'),
(597, 597, NULL, NULL, NULL, NULL, NULL, NULL, '2024-01-17 06:17:01', '2024-01-17 06:17:01'),
(598, 598, NULL, NULL, NULL, NULL, NULL, NULL, '2024-01-17 06:17:01', '2024-01-17 06:17:01'),
(599, 599, NULL, NULL, NULL, NULL, NULL, NULL, '2024-01-17 06:17:01', '2024-01-17 06:17:01'),
(600, 600, NULL, NULL, NULL, NULL, NULL, NULL, '2024-01-17 06:17:01', '2024-01-17 06:17:01'),
(601, 601, NULL, NULL, NULL, NULL, NULL, NULL, '2024-01-17 06:17:01', '2024-01-17 06:17:01'),
(602, 602, NULL, NULL, NULL, NULL, NULL, NULL, '2024-01-17 06:17:01', '2024-01-17 06:17:01'),
(603, 603, NULL, NULL, NULL, NULL, NULL, NULL, '2024-01-17 06:17:01', '2024-01-17 06:17:01'),
(604, 604, NULL, NULL, NULL, NULL, NULL, NULL, '2024-01-17 06:17:01', '2024-01-17 06:17:01'),
(605, 605, NULL, NULL, NULL, NULL, NULL, NULL, '2024-01-17 06:17:01', '2024-01-17 06:17:01'),
(606, 606, NULL, NULL, NULL, NULL, NULL, NULL, '2024-01-17 06:17:01', '2024-01-17 06:17:01'),
(607, 607, NULL, NULL, NULL, NULL, NULL, NULL, '2024-01-17 06:17:01', '2024-01-17 06:17:01'),
(608, 608, NULL, NULL, NULL, NULL, NULL, NULL, '2024-01-17 06:17:01', '2024-01-17 06:17:01'),
(609, 609, NULL, NULL, NULL, NULL, NULL, NULL, '2024-01-17 06:17:01', '2024-01-17 06:17:01'),
(610, 610, NULL, NULL, NULL, NULL, NULL, NULL, '2024-01-17 06:17:01', '2024-01-17 06:17:01'),
(611, 611, NULL, NULL, NULL, NULL, NULL, NULL, '2024-01-17 06:17:01', '2024-01-17 06:17:01'),
(612, 612, NULL, NULL, NULL, NULL, NULL, NULL, '2024-01-17 06:17:01', '2024-01-17 06:17:01'),
(613, 613, NULL, NULL, NULL, NULL, NULL, NULL, '2024-01-17 06:17:01', '2024-01-17 06:17:01'),
(614, 614, NULL, NULL, NULL, NULL, NULL, NULL, '2024-01-17 06:17:01', '2024-01-17 06:17:01'),
(615, 615, NULL, NULL, NULL, NULL, NULL, NULL, '2024-01-17 06:17:01', '2024-01-17 06:17:01'),
(616, 616, NULL, NULL, NULL, NULL, NULL, NULL, '2024-01-17 06:17:01', '2024-01-17 06:17:01'),
(617, 617, NULL, NULL, NULL, NULL, NULL, NULL, '2024-01-17 06:17:01', '2024-01-17 06:17:01'),
(618, 618, NULL, NULL, NULL, NULL, NULL, NULL, '2024-01-17 06:17:01', '2024-01-17 06:17:01'),
(619, 619, NULL, NULL, NULL, NULL, NULL, NULL, '2024-01-17 06:17:01', '2024-01-17 06:17:01'),
(620, 620, NULL, NULL, NULL, NULL, NULL, NULL, '2024-01-17 06:17:01', '2024-01-17 06:17:01'),
(621, 621, NULL, NULL, NULL, NULL, NULL, NULL, '2024-01-17 06:17:01', '2024-01-17 06:17:01'),
(622, 622, NULL, NULL, NULL, NULL, NULL, NULL, '2024-01-17 06:17:01', '2024-01-17 06:17:01'),
(623, 623, NULL, NULL, NULL, NULL, NULL, NULL, '2024-01-17 06:17:01', '2024-01-17 06:17:01'),
(624, 624, NULL, NULL, NULL, NULL, NULL, NULL, '2024-01-17 06:17:01', '2024-01-17 06:17:01'),
(625, 625, NULL, NULL, NULL, NULL, NULL, NULL, '2024-01-17 06:17:01', '2024-01-17 06:17:01'),
(626, 626, NULL, NULL, NULL, NULL, NULL, NULL, '2024-01-17 06:17:01', '2024-01-17 06:17:01'),
(627, 627, NULL, NULL, NULL, NULL, NULL, NULL, '2024-01-17 06:17:01', '2024-01-17 06:17:01'),
(628, 628, NULL, NULL, NULL, NULL, NULL, NULL, '2024-01-17 06:17:01', '2024-01-17 06:17:01'),
(629, 629, NULL, NULL, NULL, NULL, NULL, NULL, '2024-01-17 06:17:01', '2024-01-17 06:17:01'),
(630, 630, NULL, NULL, NULL, NULL, NULL, NULL, '2024-01-17 06:17:01', '2024-01-17 06:17:01'),
(631, 631, NULL, NULL, NULL, NULL, NULL, NULL, '2024-01-17 06:17:01', '2024-01-17 06:17:01'),
(632, 632, NULL, NULL, NULL, NULL, NULL, NULL, '2024-01-17 06:17:01', '2024-01-17 06:17:01'),
(633, 633, NULL, NULL, NULL, NULL, NULL, NULL, '2024-01-17 06:17:01', '2024-01-17 06:17:01'),
(634, 634, NULL, NULL, NULL, NULL, NULL, NULL, '2024-01-17 06:17:01', '2024-01-17 06:17:01'),
(635, 635, NULL, NULL, NULL, NULL, NULL, NULL, '2024-01-17 06:17:01', '2024-01-17 06:17:01'),
(636, 636, NULL, NULL, NULL, NULL, NULL, NULL, '2024-01-17 06:17:01', '2024-01-17 06:17:01'),
(637, 637, NULL, NULL, NULL, NULL, NULL, NULL, '2024-01-17 06:17:01', '2024-01-17 06:17:01'),
(638, 638, NULL, NULL, NULL, NULL, NULL, NULL, '2024-01-17 06:17:01', '2024-01-17 06:17:01'),
(639, 639, NULL, NULL, NULL, NULL, NULL, NULL, '2024-01-17 06:17:01', '2024-01-17 06:17:01'),
(640, 640, NULL, NULL, NULL, NULL, NULL, NULL, '2024-01-17 06:17:01', '2024-01-17 06:17:01'),
(641, 641, NULL, NULL, NULL, NULL, NULL, NULL, '2024-01-17 06:17:01', '2024-01-17 06:17:01'),
(642, 642, NULL, NULL, NULL, NULL, NULL, NULL, '2024-01-17 06:17:01', '2024-01-17 06:17:01'),
(643, 643, NULL, NULL, NULL, NULL, NULL, NULL, '2024-01-17 06:17:01', '2024-01-17 06:17:01'),
(644, 644, NULL, NULL, NULL, NULL, NULL, NULL, '2024-01-17 06:17:01', '2024-01-17 06:17:01'),
(645, 645, NULL, NULL, NULL, NULL, NULL, NULL, '2024-01-17 06:17:01', '2024-01-17 06:17:01'),
(646, 646, NULL, NULL, NULL, NULL, NULL, NULL, '2024-01-17 06:17:01', '2024-01-17 06:17:01'),
(647, 647, NULL, NULL, NULL, NULL, NULL, NULL, '2024-01-17 06:17:01', '2024-01-17 06:17:01'),
(648, 648, NULL, NULL, NULL, NULL, NULL, NULL, '2024-01-17 06:17:01', '2024-01-17 06:17:01'),
(649, 649, NULL, NULL, NULL, NULL, NULL, NULL, '2024-01-17 06:17:01', '2024-01-17 06:17:01'),
(650, 650, NULL, NULL, NULL, NULL, NULL, NULL, '2024-01-17 06:17:01', '2024-01-17 06:17:01'),
(651, 651, NULL, NULL, NULL, NULL, NULL, NULL, '2024-01-17 06:17:01', '2024-01-17 06:17:01'),
(652, 652, NULL, NULL, NULL, NULL, NULL, NULL, '2024-01-17 06:17:01', '2024-01-17 06:17:01'),
(653, 653, NULL, NULL, NULL, NULL, NULL, NULL, '2024-01-17 06:17:01', '2024-01-17 06:17:01'),
(654, 654, NULL, NULL, NULL, NULL, NULL, NULL, '2024-01-17 06:17:01', '2024-01-17 06:17:01'),
(655, 655, NULL, NULL, NULL, NULL, NULL, NULL, '2024-01-17 06:17:01', '2024-01-17 06:17:01'),
(656, 656, NULL, NULL, NULL, NULL, NULL, NULL, '2024-01-17 06:17:01', '2024-01-17 06:17:01'),
(657, 657, NULL, NULL, NULL, NULL, NULL, NULL, '2024-01-17 06:17:01', '2024-01-17 06:17:01'),
(658, 658, NULL, NULL, NULL, NULL, NULL, NULL, '2024-01-17 06:17:01', '2024-01-17 06:17:01'),
(659, 659, NULL, NULL, NULL, NULL, NULL, NULL, '2024-01-17 06:17:01', '2024-01-17 06:17:01'),
(660, 660, NULL, NULL, NULL, NULL, NULL, NULL, '2024-01-17 06:17:01', '2024-01-17 06:17:01'),
(661, 661, NULL, NULL, NULL, NULL, NULL, NULL, '2024-01-17 06:17:01', '2024-01-17 06:17:01'),
(662, 662, NULL, NULL, NULL, NULL, NULL, NULL, '2024-01-17 06:17:01', '2024-01-17 06:17:01'),
(663, 663, NULL, NULL, NULL, NULL, NULL, NULL, '2024-01-17 06:17:01', '2024-01-17 06:17:01'),
(664, 664, NULL, NULL, NULL, NULL, NULL, NULL, '2024-01-17 06:17:01', '2024-01-17 06:17:01'),
(665, 665, NULL, NULL, NULL, NULL, NULL, NULL, '2024-01-17 06:17:01', '2024-01-17 06:17:01'),
(666, 666, NULL, NULL, NULL, NULL, NULL, NULL, '2024-01-17 06:17:01', '2024-01-17 06:17:01'),
(667, 667, NULL, NULL, NULL, NULL, NULL, NULL, '2024-01-17 06:17:01', '2024-01-17 06:17:01'),
(668, 668, NULL, NULL, NULL, NULL, NULL, NULL, '2024-01-17 06:17:01', '2024-01-17 06:17:01'),
(669, 669, NULL, NULL, NULL, NULL, NULL, NULL, '2024-01-17 06:17:01', '2024-01-17 06:17:01'),
(670, 670, NULL, NULL, NULL, NULL, NULL, NULL, '2024-01-17 06:17:01', '2024-01-17 06:17:01'),
(671, 671, NULL, NULL, NULL, NULL, NULL, NULL, '2024-01-17 06:17:01', '2024-01-17 06:17:01'),
(672, 672, NULL, NULL, NULL, NULL, NULL, NULL, '2024-01-17 06:17:01', '2024-01-17 06:17:01'),
(673, 673, NULL, NULL, NULL, NULL, NULL, NULL, '2024-01-17 06:17:01', '2024-01-17 06:17:01'),
(674, 674, NULL, NULL, NULL, NULL, NULL, NULL, '2024-01-17 06:17:01', '2024-01-17 06:17:01'),
(675, 675, NULL, NULL, NULL, NULL, NULL, NULL, '2024-01-17 06:17:01', '2024-01-17 06:17:01'),
(676, 676, NULL, NULL, NULL, NULL, NULL, NULL, '2024-01-17 06:17:01', '2024-01-17 06:17:01'),
(677, 677, NULL, NULL, NULL, NULL, NULL, NULL, '2024-01-17 06:17:01', '2024-01-17 06:17:01'),
(678, 678, NULL, NULL, NULL, NULL, NULL, NULL, '2024-01-17 06:17:01', '2024-01-17 06:17:01'),
(679, 679, NULL, NULL, NULL, NULL, NULL, NULL, '2024-01-17 06:17:01', '2024-01-17 06:17:01'),
(680, 680, NULL, NULL, NULL, NULL, NULL, NULL, '2024-01-17 06:17:01', '2024-01-17 06:17:01'),
(681, 681, NULL, NULL, NULL, NULL, NULL, NULL, '2024-01-17 06:17:01', '2024-01-17 06:17:01'),
(682, 682, NULL, NULL, NULL, NULL, NULL, NULL, '2024-01-17 06:17:01', '2024-01-17 06:17:01'),
(683, 683, NULL, NULL, NULL, NULL, NULL, NULL, '2024-01-17 06:17:01', '2024-01-17 06:17:01'),
(684, 684, NULL, NULL, NULL, NULL, NULL, NULL, '2024-01-17 06:17:01', '2024-01-17 06:17:01'),
(685, 685, NULL, NULL, NULL, NULL, NULL, NULL, '2024-01-17 06:17:01', '2024-01-17 06:17:01'),
(686, 686, NULL, NULL, NULL, NULL, NULL, NULL, '2024-01-17 06:17:01', '2024-01-17 06:17:01'),
(687, 687, NULL, NULL, NULL, NULL, NULL, NULL, '2024-01-17 06:17:01', '2024-01-17 06:17:01'),
(688, 688, NULL, NULL, NULL, NULL, NULL, NULL, '2024-01-17 06:17:01', '2024-01-17 06:17:01'),
(689, 689, NULL, NULL, NULL, NULL, NULL, NULL, '2024-01-17 06:17:01', '2024-01-17 06:17:01'),
(690, 690, NULL, NULL, NULL, NULL, NULL, NULL, '2024-01-17 06:17:01', '2024-01-17 06:17:01'),
(691, 691, NULL, NULL, NULL, NULL, NULL, NULL, '2024-01-17 06:17:01', '2024-01-17 06:17:01'),
(692, 692, NULL, NULL, NULL, NULL, NULL, NULL, '2024-01-17 06:17:01', '2024-01-17 06:17:01'),
(693, 693, NULL, NULL, NULL, NULL, NULL, NULL, '2024-01-17 06:17:01', '2024-01-17 06:17:01'),
(694, 694, NULL, NULL, NULL, NULL, NULL, NULL, '2024-01-17 06:17:01', '2024-01-17 06:17:01'),
(695, 695, NULL, NULL, NULL, NULL, NULL, NULL, '2024-01-17 06:17:01', '2024-01-17 06:17:01'),
(696, 696, NULL, NULL, NULL, NULL, NULL, NULL, '2024-01-17 06:17:01', '2024-01-17 06:17:01'),
(697, 697, NULL, NULL, NULL, NULL, NULL, NULL, '2024-01-17 06:17:01', '2024-01-17 06:17:01'),
(698, 698, NULL, NULL, NULL, NULL, NULL, NULL, '2024-01-17 06:17:01', '2024-01-17 06:17:01'),
(699, 699, NULL, NULL, NULL, NULL, NULL, NULL, '2024-01-17 06:17:01', '2024-01-17 06:17:01'),
(700, 700, NULL, NULL, NULL, NULL, NULL, NULL, '2024-01-17 06:17:01', '2024-01-17 06:17:01'),
(701, 701, NULL, NULL, NULL, NULL, NULL, NULL, '2024-01-17 06:17:01', '2024-01-17 06:17:01'),
(702, 702, NULL, NULL, NULL, NULL, NULL, NULL, '2024-01-17 06:17:01', '2024-01-17 06:17:01'),
(703, 703, NULL, NULL, NULL, NULL, NULL, NULL, '2024-01-17 06:17:01', '2024-01-17 06:17:01'),
(704, 704, NULL, NULL, NULL, NULL, NULL, NULL, '2024-01-17 06:17:01', '2024-01-17 06:17:01'),
(705, 705, NULL, NULL, NULL, NULL, NULL, NULL, '2024-01-17 06:17:01', '2024-01-17 06:17:01'),
(706, 706, NULL, NULL, NULL, NULL, NULL, NULL, '2024-01-17 06:17:01', '2024-01-17 06:17:01'),
(707, 707, NULL, NULL, NULL, NULL, NULL, NULL, '2024-01-17 06:17:01', '2024-01-17 06:17:01'),
(708, 708, NULL, NULL, NULL, NULL, NULL, NULL, '2024-01-17 06:17:01', '2024-01-17 06:17:01'),
(709, 709, NULL, NULL, NULL, NULL, NULL, NULL, '2024-01-17 06:17:01', '2024-01-17 06:17:01'),
(710, 710, NULL, NULL, NULL, NULL, NULL, NULL, '2024-01-17 06:17:01', '2024-01-17 06:17:01'),
(711, 711, NULL, NULL, NULL, NULL, NULL, NULL, '2024-01-17 06:17:01', '2024-01-17 06:17:01'),
(712, 712, NULL, NULL, NULL, NULL, NULL, NULL, '2024-01-17 06:17:01', '2024-01-17 06:17:01'),
(713, 713, NULL, NULL, NULL, NULL, NULL, NULL, '2024-01-17 06:17:01', '2024-01-17 06:17:01'),
(714, 714, NULL, NULL, NULL, NULL, NULL, NULL, '2024-01-17 06:17:01', '2024-01-17 06:17:01'),
(715, 715, NULL, NULL, NULL, NULL, NULL, NULL, '2024-01-17 06:17:01', '2024-01-17 06:17:01'),
(716, 716, NULL, NULL, NULL, NULL, NULL, NULL, '2024-01-17 06:17:01', '2024-01-17 06:17:01'),
(717, 717, NULL, NULL, NULL, NULL, NULL, NULL, '2024-01-17 06:17:01', '2024-01-17 06:17:01'),
(718, 718, NULL, NULL, NULL, NULL, NULL, NULL, '2024-01-17 06:17:01', '2024-01-17 06:17:01'),
(719, 719, NULL, NULL, NULL, NULL, NULL, NULL, '2024-01-17 06:17:01', '2024-01-17 06:17:01'),
(720, 720, NULL, NULL, NULL, NULL, NULL, NULL, '2024-01-17 06:17:01', '2024-01-17 06:17:01'),
(721, 721, NULL, NULL, NULL, NULL, NULL, NULL, '2024-01-17 06:17:01', '2024-01-17 06:17:01'),
(722, 722, NULL, NULL, NULL, NULL, NULL, NULL, '2024-01-17 06:17:01', '2024-01-17 06:17:01'),
(723, 723, NULL, NULL, NULL, NULL, NULL, NULL, '2024-01-17 06:17:01', '2024-01-17 06:17:01'),
(724, 724, NULL, NULL, NULL, NULL, NULL, NULL, '2024-01-17 06:17:01', '2024-01-17 06:17:01'),
(725, 725, NULL, NULL, NULL, NULL, NULL, NULL, '2024-01-17 06:17:01', '2024-01-17 06:17:01'),
(726, 726, NULL, NULL, NULL, NULL, NULL, NULL, '2024-01-17 06:17:01', '2024-01-17 06:17:01'),
(727, 727, NULL, NULL, NULL, NULL, NULL, NULL, '2024-01-17 06:17:01', '2024-01-17 06:17:01'),
(728, 728, NULL, NULL, NULL, NULL, NULL, NULL, '2024-01-17 06:17:01', '2024-01-17 06:17:01'),
(729, 729, NULL, NULL, NULL, NULL, NULL, NULL, '2024-01-17 06:17:01', '2024-01-17 06:17:01'),
(730, 730, NULL, NULL, NULL, NULL, NULL, NULL, '2024-01-17 06:17:01', '2024-01-17 06:17:01'),
(731, 731, NULL, NULL, NULL, NULL, NULL, NULL, '2024-01-17 06:17:01', '2024-01-17 06:17:01'),
(732, 732, NULL, NULL, NULL, NULL, NULL, NULL, '2024-01-17 06:17:01', '2024-01-17 06:17:01'),
(733, 733, NULL, NULL, NULL, NULL, NULL, NULL, '2024-01-17 06:17:01', '2024-01-17 06:17:01'),
(734, 734, NULL, NULL, NULL, NULL, NULL, NULL, '2024-01-17 06:17:01', '2024-01-17 06:17:01'),
(735, 735, NULL, NULL, NULL, NULL, NULL, NULL, '2024-01-17 06:17:01', '2024-01-17 06:17:01'),
(736, 736, NULL, NULL, NULL, NULL, NULL, NULL, '2024-01-17 06:17:01', '2024-01-17 06:17:01'),
(737, 737, NULL, NULL, NULL, NULL, NULL, NULL, '2024-01-17 06:17:01', '2024-01-17 06:17:01'),
(738, 738, NULL, NULL, NULL, NULL, NULL, NULL, '2024-01-17 06:17:01', '2024-01-17 06:17:01'),
(739, 739, NULL, NULL, NULL, NULL, NULL, NULL, '2024-01-17 06:17:01', '2024-01-17 06:17:01'),
(740, 740, NULL, NULL, NULL, NULL, NULL, NULL, '2024-01-17 06:17:01', '2024-01-17 06:17:01'),
(741, 741, NULL, NULL, NULL, NULL, NULL, NULL, '2024-01-17 06:17:01', '2024-01-17 06:17:01'),
(742, 742, NULL, NULL, NULL, NULL, NULL, NULL, '2024-01-17 06:17:01', '2024-01-17 06:17:01'),
(743, 743, NULL, NULL, NULL, NULL, NULL, NULL, '2024-01-17 06:17:01', '2024-01-17 06:17:01'),
(744, 744, NULL, NULL, NULL, NULL, NULL, NULL, '2024-01-17 06:17:01', '2024-01-17 06:17:01'),
(745, 745, NULL, NULL, NULL, NULL, NULL, NULL, '2024-01-17 06:17:01', '2024-01-17 06:17:01'),
(746, 746, NULL, NULL, NULL, NULL, NULL, NULL, '2024-01-17 06:17:01', '2024-01-17 06:17:01'),
(747, 747, NULL, NULL, NULL, NULL, NULL, NULL, '2024-01-17 06:17:01', '2024-01-17 06:17:01'),
(748, 748, NULL, NULL, NULL, NULL, NULL, NULL, '2024-01-17 06:17:01', '2024-01-17 06:17:01'),
(749, 749, NULL, NULL, NULL, NULL, NULL, NULL, '2024-01-17 06:17:01', '2024-01-17 06:17:01'),
(750, 750, NULL, NULL, NULL, NULL, NULL, NULL, '2024-01-17 06:17:01', '2024-01-17 06:17:01'),
(751, 751, NULL, NULL, NULL, NULL, NULL, NULL, '2024-01-17 06:17:01', '2024-01-17 06:17:01'),
(752, 752, NULL, NULL, NULL, NULL, NULL, NULL, '2024-01-17 06:17:01', '2024-01-17 06:17:01'),
(753, 753, NULL, NULL, NULL, NULL, NULL, NULL, '2024-01-17 06:17:01', '2024-01-17 06:17:01'),
(754, 754, NULL, NULL, NULL, NULL, NULL, NULL, '2024-01-17 06:17:01', '2024-01-17 06:17:01'),
(755, 755, NULL, NULL, NULL, NULL, NULL, NULL, '2024-01-17 06:17:01', '2024-01-17 06:17:01'),
(756, 756, NULL, NULL, NULL, NULL, NULL, NULL, '2024-01-17 06:17:01', '2024-01-17 06:17:01'),
(757, 757, NULL, NULL, NULL, NULL, NULL, NULL, '2024-01-17 06:17:01', '2024-01-17 06:17:01'),
(758, 758, NULL, NULL, NULL, NULL, NULL, NULL, '2024-01-17 06:17:01', '2024-01-17 06:17:01'),
(759, 759, NULL, NULL, NULL, NULL, NULL, NULL, '2024-01-17 06:17:01', '2024-01-17 06:17:01'),
(760, 760, NULL, NULL, NULL, NULL, NULL, NULL, '2024-01-17 06:17:01', '2024-01-17 06:17:01'),
(761, 761, NULL, NULL, NULL, NULL, NULL, NULL, '2024-01-17 06:17:01', '2024-01-17 06:17:01'),
(762, 762, NULL, NULL, NULL, NULL, NULL, NULL, '2024-01-17 06:17:01', '2024-01-17 06:17:01'),
(763, 763, NULL, NULL, NULL, NULL, NULL, NULL, '2024-01-17 06:17:01', '2024-01-17 06:17:01'),
(764, 764, NULL, NULL, NULL, NULL, NULL, NULL, '2024-01-17 06:17:01', '2024-01-17 06:17:01'),
(765, 765, NULL, NULL, NULL, NULL, NULL, NULL, '2024-01-17 06:17:01', '2024-01-17 06:17:01'),
(766, 766, NULL, NULL, NULL, NULL, NULL, NULL, '2024-01-17 06:17:01', '2024-01-17 06:17:01'),
(767, 767, NULL, NULL, NULL, NULL, NULL, NULL, '2024-01-17 06:17:01', '2024-01-17 06:17:01'),
(768, 768, NULL, NULL, NULL, NULL, NULL, NULL, '2024-01-17 06:17:01', '2024-01-17 06:17:01'),
(769, 769, NULL, NULL, NULL, NULL, NULL, NULL, '2024-01-17 06:17:01', '2024-01-17 06:17:01'),
(770, 770, NULL, NULL, NULL, NULL, NULL, NULL, '2024-01-17 06:17:01', '2024-01-17 06:17:01'),
(771, 771, NULL, NULL, NULL, NULL, NULL, NULL, '2024-01-17 06:17:01', '2024-01-17 06:17:01'),
(772, 772, NULL, NULL, NULL, NULL, NULL, NULL, '2024-01-17 06:17:01', '2024-01-17 06:17:01'),
(773, 773, NULL, NULL, NULL, NULL, NULL, NULL, '2024-01-17 06:17:01', '2024-01-17 06:17:01'),
(774, 774, NULL, NULL, NULL, NULL, NULL, NULL, '2024-01-17 06:17:01', '2024-01-17 06:17:01'),
(775, 775, NULL, NULL, NULL, NULL, NULL, NULL, '2024-01-17 06:17:01', '2024-01-17 06:17:01'),
(776, 776, NULL, NULL, NULL, NULL, NULL, NULL, '2024-01-17 06:17:01', '2024-01-17 06:17:01'),
(777, 777, NULL, NULL, NULL, NULL, NULL, NULL, '2024-01-17 06:17:01', '2024-01-17 06:17:01'),
(778, 778, NULL, NULL, NULL, NULL, NULL, NULL, '2024-01-17 06:17:01', '2024-01-17 06:17:01'),
(779, 779, NULL, NULL, NULL, NULL, NULL, NULL, '2024-01-17 06:17:01', '2024-01-17 06:17:01'),
(780, 780, NULL, NULL, NULL, NULL, NULL, NULL, '2024-01-17 06:17:01', '2024-01-17 06:17:01'),
(781, 781, NULL, NULL, NULL, NULL, NULL, NULL, '2024-01-17 06:17:01', '2024-01-17 06:17:01'),
(782, 782, NULL, NULL, NULL, NULL, NULL, NULL, '2024-01-17 06:17:01', '2024-01-17 06:17:01'),
(783, 783, NULL, NULL, NULL, NULL, NULL, NULL, '2024-01-17 06:17:01', '2024-01-17 06:17:01'),
(784, 784, NULL, NULL, NULL, NULL, NULL, NULL, '2024-01-17 06:17:01', '2024-01-17 06:17:01'),
(785, 785, NULL, NULL, NULL, NULL, NULL, NULL, '2024-01-17 06:17:01', '2024-01-17 06:17:01'),
(786, 786, NULL, NULL, NULL, NULL, NULL, NULL, '2024-01-17 06:17:01', '2024-01-17 06:17:01'),
(787, 787, NULL, NULL, NULL, NULL, NULL, NULL, '2024-01-17 06:17:01', '2024-01-17 06:17:01'),
(788, 788, NULL, NULL, NULL, NULL, NULL, NULL, '2024-01-17 06:17:01', '2024-01-17 06:17:01'),
(789, 789, NULL, NULL, NULL, NULL, NULL, NULL, '2024-01-17 06:17:01', '2024-01-17 06:17:01'),
(790, 790, NULL, NULL, NULL, NULL, NULL, NULL, '2024-01-17 06:17:01', '2024-01-17 06:17:01'),
(791, 791, NULL, NULL, NULL, NULL, NULL, NULL, '2024-01-17 06:17:01', '2024-01-17 06:17:01'),
(792, 792, NULL, NULL, NULL, NULL, NULL, NULL, '2024-01-17 06:17:01', '2024-01-17 06:17:01'),
(793, 793, NULL, NULL, NULL, NULL, NULL, NULL, '2024-01-17 06:17:01', '2024-01-17 06:17:01'),
(794, 794, NULL, NULL, NULL, NULL, NULL, NULL, '2024-01-17 06:17:01', '2024-01-17 06:17:01'),
(795, 795, NULL, NULL, NULL, NULL, NULL, NULL, '2024-01-17 06:17:01', '2024-01-17 06:17:01'),
(796, 796, NULL, NULL, NULL, NULL, NULL, NULL, '2024-01-17 06:17:01', '2024-01-17 06:17:01'),
(797, 797, NULL, NULL, NULL, NULL, NULL, NULL, '2024-01-17 06:17:01', '2024-01-17 06:17:01'),
(798, 798, NULL, NULL, NULL, NULL, NULL, NULL, '2024-01-17 06:17:01', '2024-01-17 06:17:01'),
(799, 799, NULL, NULL, NULL, NULL, NULL, NULL, '2024-01-17 06:17:01', '2024-01-17 06:17:01'),
(800, 800, NULL, NULL, NULL, NULL, NULL, NULL, '2024-01-17 06:17:01', '2024-01-17 06:17:01'),
(801, 801, NULL, NULL, NULL, NULL, NULL, NULL, '2024-01-17 06:17:01', '2024-01-17 06:17:01'),
(802, 802, NULL, NULL, NULL, NULL, NULL, NULL, '2024-01-17 06:17:01', '2024-01-17 06:17:01'),
(803, 803, NULL, NULL, NULL, NULL, NULL, NULL, '2024-01-17 06:17:01', '2024-01-17 06:17:01'),
(804, 804, NULL, NULL, NULL, NULL, NULL, NULL, '2024-01-17 06:17:01', '2024-01-17 06:17:01'),
(805, 805, NULL, NULL, NULL, NULL, NULL, NULL, '2024-01-17 06:17:01', '2024-01-17 06:17:01'),
(806, 806, NULL, NULL, NULL, NULL, NULL, NULL, '2024-01-17 06:17:01', '2024-01-17 06:17:01'),
(807, 807, NULL, NULL, NULL, NULL, NULL, NULL, '2024-01-17 06:17:01', '2024-01-17 06:17:01'),
(808, 808, NULL, NULL, NULL, NULL, NULL, NULL, '2024-01-17 06:17:01', '2024-01-17 06:17:01'),
(809, 809, NULL, NULL, NULL, NULL, NULL, NULL, '2024-01-17 06:17:01', '2024-01-17 06:17:01'),
(810, 810, NULL, NULL, NULL, NULL, NULL, NULL, '2024-01-17 06:17:01', '2024-01-17 06:17:01'),
(811, 811, NULL, NULL, NULL, NULL, NULL, NULL, '2024-01-17 06:17:01', '2024-01-17 06:17:01'),
(812, 812, NULL, NULL, NULL, NULL, NULL, NULL, '2024-01-17 06:17:01', '2024-01-17 06:17:01'),
(813, 813, NULL, NULL, NULL, NULL, NULL, NULL, '2024-01-17 06:17:01', '2024-01-17 06:17:01'),
(814, 814, NULL, NULL, NULL, NULL, NULL, NULL, '2024-01-17 06:17:01', '2024-01-17 06:17:01'),
(815, 815, NULL, NULL, NULL, NULL, NULL, NULL, '2024-01-17 06:17:01', '2024-01-17 06:17:01'),
(816, 816, NULL, NULL, NULL, NULL, NULL, NULL, '2024-01-17 06:17:02', '2024-01-17 06:17:02'),
(817, 817, NULL, NULL, NULL, NULL, NULL, NULL, '2024-01-17 06:17:02', '2024-01-17 06:17:02'),
(818, 818, NULL, NULL, NULL, NULL, NULL, NULL, '2024-01-17 06:17:02', '2024-01-17 06:17:02'),
(819, 819, NULL, NULL, NULL, NULL, NULL, NULL, '2024-01-17 06:17:02', '2024-01-17 06:17:02'),
(820, 820, NULL, NULL, NULL, NULL, NULL, NULL, '2024-01-17 06:17:02', '2024-01-17 06:17:02'),
(821, 821, NULL, NULL, NULL, NULL, NULL, NULL, '2024-01-17 06:17:02', '2024-01-17 06:17:02'),
(822, 822, NULL, NULL, NULL, NULL, NULL, NULL, '2024-01-17 06:17:02', '2024-01-17 06:17:02'),
(823, 823, NULL, NULL, NULL, NULL, NULL, NULL, '2024-01-17 06:17:02', '2024-01-17 06:17:02'),
(824, 824, NULL, NULL, NULL, NULL, NULL, NULL, '2024-01-17 06:17:02', '2024-01-17 06:17:02'),
(825, 825, NULL, NULL, NULL, NULL, NULL, NULL, '2024-01-17 06:17:02', '2024-01-17 06:17:02'),
(826, 826, NULL, NULL, NULL, NULL, NULL, NULL, '2024-01-17 06:17:02', '2024-01-17 06:17:02'),
(827, 827, NULL, NULL, NULL, NULL, NULL, NULL, '2024-01-17 06:17:02', '2024-01-17 06:17:02'),
(828, 828, NULL, NULL, NULL, NULL, NULL, NULL, '2024-01-17 06:17:02', '2024-01-17 06:17:02'),
(829, 829, NULL, NULL, NULL, NULL, NULL, NULL, '2024-01-17 06:17:02', '2024-01-17 06:17:02'),
(830, 830, NULL, NULL, NULL, NULL, NULL, NULL, '2024-01-17 06:17:02', '2024-01-17 06:17:02'),
(831, 831, NULL, NULL, NULL, NULL, NULL, NULL, '2024-01-17 06:17:02', '2024-01-17 06:17:02'),
(832, 832, NULL, NULL, NULL, NULL, NULL, NULL, '2024-01-17 06:17:02', '2024-01-17 06:17:02'),
(833, 833, NULL, NULL, NULL, NULL, NULL, NULL, '2024-01-17 06:17:02', '2024-01-17 06:17:02'),
(834, 834, NULL, NULL, NULL, NULL, NULL, NULL, '2024-01-17 06:17:02', '2024-01-17 06:17:02'),
(835, 835, NULL, NULL, NULL, NULL, NULL, NULL, '2024-01-17 06:17:02', '2024-01-17 06:17:02'),
(836, 836, NULL, NULL, NULL, NULL, NULL, NULL, '2024-01-17 06:17:02', '2024-01-17 06:17:02'),
(837, 837, NULL, NULL, NULL, NULL, NULL, NULL, '2024-01-17 06:17:02', '2024-01-17 06:17:02'),
(838, 838, NULL, NULL, NULL, NULL, NULL, NULL, '2024-01-17 06:17:02', '2024-01-17 06:17:02'),
(839, 839, NULL, NULL, NULL, NULL, NULL, NULL, '2024-01-17 06:17:02', '2024-01-17 06:17:02'),
(840, 840, NULL, NULL, NULL, NULL, NULL, NULL, '2024-01-17 06:17:02', '2024-01-17 06:17:02'),
(841, 841, NULL, NULL, NULL, NULL, NULL, NULL, '2024-01-17 06:17:02', '2024-01-17 06:17:02'),
(842, 842, NULL, NULL, NULL, NULL, NULL, NULL, '2024-01-17 06:17:02', '2024-01-17 06:17:02'),
(843, 843, NULL, NULL, NULL, NULL, NULL, NULL, '2024-01-17 06:17:02', '2024-01-17 06:17:02'),
(844, 844, NULL, NULL, NULL, NULL, NULL, NULL, '2024-01-17 06:17:02', '2024-01-17 06:17:02'),
(845, 845, NULL, NULL, NULL, NULL, NULL, NULL, '2024-01-17 06:17:02', '2024-01-17 06:17:02'),
(846, 846, NULL, NULL, NULL, NULL, NULL, NULL, '2024-01-17 06:17:02', '2024-01-17 06:17:02'),
(847, 847, NULL, NULL, NULL, NULL, NULL, NULL, '2024-01-17 06:17:02', '2024-01-17 06:17:02'),
(848, 848, NULL, NULL, NULL, NULL, NULL, NULL, '2024-01-17 06:17:02', '2024-01-17 06:17:02'),
(849, 849, NULL, NULL, NULL, NULL, NULL, NULL, '2024-01-17 06:17:02', '2024-01-17 06:17:02'),
(850, 850, NULL, NULL, NULL, NULL, NULL, NULL, '2024-01-17 06:17:02', '2024-01-17 06:17:02'),
(851, 851, NULL, NULL, NULL, NULL, NULL, NULL, '2024-01-17 06:17:02', '2024-01-17 06:17:02'),
(852, 852, NULL, NULL, NULL, NULL, NULL, NULL, '2024-01-17 06:17:02', '2024-01-17 06:17:02'),
(853, 853, NULL, NULL, NULL, NULL, NULL, NULL, '2024-01-17 06:17:02', '2024-01-17 06:17:02'),
(854, 854, NULL, NULL, NULL, NULL, NULL, NULL, '2024-01-17 06:17:02', '2024-01-17 06:17:02'),
(855, 855, NULL, NULL, NULL, NULL, NULL, NULL, '2024-01-17 06:17:02', '2024-01-17 06:17:02'),
(856, 856, NULL, NULL, NULL, NULL, NULL, NULL, '2024-01-17 06:17:02', '2024-01-17 06:17:02'),
(857, 857, NULL, NULL, NULL, NULL, NULL, NULL, '2024-01-17 06:17:02', '2024-01-17 06:17:02'),
(858, 858, NULL, NULL, NULL, NULL, NULL, NULL, '2024-01-17 06:17:02', '2024-01-17 06:17:02'),
(859, 859, NULL, NULL, NULL, NULL, NULL, NULL, '2024-01-17 06:17:02', '2024-01-17 06:17:02'),
(860, 860, NULL, NULL, NULL, NULL, NULL, NULL, '2024-01-17 06:17:02', '2024-01-17 06:17:02'),
(861, 861, NULL, NULL, NULL, NULL, NULL, NULL, '2024-01-17 06:17:02', '2024-01-17 06:17:02'),
(862, 862, NULL, NULL, NULL, NULL, NULL, NULL, '2024-01-17 06:17:02', '2024-01-17 06:17:02'),
(863, 863, NULL, NULL, NULL, NULL, NULL, NULL, '2024-01-17 06:17:02', '2024-01-17 06:17:02'),
(864, 864, NULL, NULL, NULL, NULL, NULL, NULL, '2024-01-17 06:17:02', '2024-01-17 06:17:02'),
(865, 865, NULL, NULL, NULL, NULL, NULL, NULL, '2024-01-17 06:17:02', '2024-01-17 06:17:02'),
(866, 866, NULL, NULL, NULL, NULL, NULL, NULL, '2024-01-17 06:17:02', '2024-01-17 06:17:02'),
(867, 867, NULL, NULL, NULL, NULL, NULL, NULL, '2024-01-17 06:17:02', '2024-01-17 06:17:02'),
(868, 868, NULL, NULL, NULL, NULL, NULL, NULL, '2024-01-17 06:17:02', '2024-01-17 06:17:02'),
(869, 869, NULL, NULL, NULL, NULL, NULL, NULL, '2024-01-17 06:17:02', '2024-01-17 06:17:02'),
(870, 870, NULL, NULL, NULL, NULL, NULL, NULL, '2024-01-17 06:17:02', '2024-01-17 06:17:02'),
(871, 871, NULL, NULL, NULL, NULL, NULL, NULL, '2024-01-17 06:17:02', '2024-01-17 06:17:02'),
(872, 872, NULL, NULL, NULL, NULL, NULL, NULL, '2024-01-17 06:17:02', '2024-01-17 06:17:02'),
(873, 873, NULL, NULL, NULL, NULL, NULL, NULL, '2024-01-17 06:17:02', '2024-01-17 06:17:02'),
(874, 874, NULL, NULL, NULL, NULL, NULL, NULL, '2024-01-17 06:17:02', '2024-01-17 06:17:02'),
(875, 875, NULL, NULL, NULL, NULL, NULL, NULL, '2024-01-17 06:17:02', '2024-01-17 06:17:02'),
(876, 876, NULL, NULL, NULL, NULL, NULL, NULL, '2024-01-17 06:17:02', '2024-01-17 06:17:02'),
(877, 877, NULL, NULL, NULL, NULL, NULL, NULL, '2024-01-17 06:17:02', '2024-01-17 06:17:02'),
(878, 878, NULL, NULL, NULL, NULL, NULL, NULL, '2024-01-17 06:17:02', '2024-01-17 06:17:02'),
(879, 879, NULL, NULL, NULL, NULL, NULL, NULL, '2024-01-17 06:17:02', '2024-01-17 06:17:02'),
(880, 880, NULL, NULL, NULL, NULL, NULL, NULL, '2024-01-17 06:17:02', '2024-01-17 06:17:02'),
(881, 881, NULL, NULL, NULL, NULL, NULL, NULL, '2024-01-17 06:17:02', '2024-01-17 06:17:02'),
(882, 882, NULL, NULL, NULL, NULL, NULL, NULL, '2024-01-17 06:17:02', '2024-01-17 06:17:02'),
(883, 883, NULL, NULL, NULL, NULL, NULL, NULL, '2024-01-17 06:17:02', '2024-01-17 06:17:02'),
(884, 884, NULL, NULL, NULL, NULL, NULL, NULL, '2024-01-17 06:17:02', '2024-01-17 06:17:02'),
(885, 885, NULL, NULL, NULL, NULL, NULL, NULL, '2024-01-17 06:17:02', '2024-01-17 06:17:02'),
(886, 886, NULL, NULL, NULL, NULL, NULL, NULL, '2024-01-17 06:17:02', '2024-01-17 06:17:02'),
(887, 887, NULL, NULL, NULL, NULL, NULL, NULL, '2024-01-17 06:17:02', '2024-01-17 06:17:02'),
(888, 888, NULL, NULL, NULL, NULL, NULL, NULL, '2024-01-17 06:17:02', '2024-01-17 06:17:02'),
(889, 889, NULL, NULL, NULL, NULL, NULL, NULL, '2024-01-17 06:17:02', '2024-01-17 06:17:02'),
(890, 890, NULL, NULL, NULL, NULL, NULL, NULL, '2024-01-17 06:17:02', '2024-01-17 06:17:02'),
(891, 891, NULL, NULL, NULL, NULL, NULL, NULL, '2024-01-17 06:17:02', '2024-01-17 06:17:02'),
(892, 892, NULL, NULL, NULL, NULL, NULL, NULL, '2024-01-17 06:17:02', '2024-01-17 06:17:02'),
(893, 893, NULL, NULL, NULL, NULL, NULL, NULL, '2024-01-17 06:17:02', '2024-01-17 06:17:02'),
(894, 894, NULL, NULL, NULL, NULL, NULL, NULL, '2024-01-17 06:17:02', '2024-01-17 06:17:02'),
(895, 895, NULL, NULL, NULL, NULL, NULL, NULL, '2024-01-17 06:17:02', '2024-01-17 06:17:02'),
(896, 896, NULL, NULL, NULL, NULL, NULL, NULL, '2024-01-17 06:17:02', '2024-01-17 06:17:02'),
(897, 897, NULL, NULL, NULL, NULL, NULL, NULL, '2024-01-17 06:17:02', '2024-01-17 06:17:02'),
(898, 898, NULL, NULL, NULL, NULL, NULL, NULL, '2024-01-17 06:17:02', '2024-01-17 06:17:02'),
(899, 899, NULL, NULL, NULL, NULL, NULL, NULL, '2024-01-17 06:17:02', '2024-01-17 06:17:02'),
(900, 900, NULL, NULL, NULL, NULL, NULL, NULL, '2024-01-17 06:17:02', '2024-01-17 06:17:02'),
(901, 901, NULL, NULL, NULL, NULL, NULL, NULL, '2024-01-17 06:17:02', '2024-01-17 06:17:02'),
(902, 902, NULL, NULL, NULL, NULL, NULL, NULL, '2024-01-17 06:17:02', '2024-01-17 06:17:02'),
(903, 903, NULL, NULL, NULL, NULL, NULL, NULL, '2024-01-17 06:17:02', '2024-01-17 06:17:02'),
(904, 904, NULL, NULL, NULL, NULL, NULL, NULL, '2024-01-17 06:17:02', '2024-01-17 06:17:02'),
(905, 905, NULL, NULL, NULL, NULL, NULL, NULL, '2024-01-17 06:17:02', '2024-01-17 06:17:02'),
(906, 906, NULL, NULL, NULL, NULL, NULL, NULL, '2024-01-17 06:17:02', '2024-01-17 06:17:02'),
(907, 907, NULL, NULL, NULL, NULL, NULL, NULL, '2024-01-17 06:17:02', '2024-01-17 06:17:02'),
(908, 908, NULL, NULL, NULL, NULL, NULL, NULL, '2024-01-17 06:17:02', '2024-01-17 06:17:02'),
(909, 909, NULL, NULL, NULL, NULL, NULL, NULL, '2024-01-17 06:17:02', '2024-01-17 06:17:02'),
(910, 910, NULL, NULL, NULL, NULL, NULL, NULL, '2024-01-17 06:17:02', '2024-01-17 06:17:02'),
(911, 911, NULL, NULL, NULL, NULL, NULL, NULL, '2024-01-17 06:17:02', '2024-01-17 06:17:02'),
(912, 912, NULL, NULL, NULL, NULL, NULL, NULL, '2024-01-17 06:17:02', '2024-01-17 06:17:02'),
(913, 913, NULL, NULL, NULL, NULL, NULL, NULL, '2024-01-17 06:17:02', '2024-01-17 06:17:02'),
(914, 914, NULL, NULL, NULL, NULL, NULL, NULL, '2024-01-17 06:17:02', '2024-01-17 06:17:02'),
(915, 915, NULL, NULL, NULL, NULL, NULL, NULL, '2024-01-17 06:17:02', '2024-01-17 06:17:02'),
(916, 916, NULL, NULL, NULL, NULL, NULL, NULL, '2024-01-17 06:17:02', '2024-01-17 06:17:02'),
(917, 917, NULL, NULL, NULL, NULL, NULL, NULL, '2024-01-17 06:17:02', '2024-01-17 06:17:02'),
(918, 918, NULL, NULL, NULL, NULL, NULL, NULL, '2024-01-17 06:17:02', '2024-01-17 06:17:02'),
(919, 919, NULL, NULL, NULL, NULL, NULL, NULL, '2024-01-17 06:17:02', '2024-01-17 06:17:02'),
(920, 920, NULL, NULL, NULL, NULL, NULL, NULL, '2024-01-17 06:17:02', '2024-01-17 06:17:02'),
(921, 921, NULL, NULL, NULL, NULL, NULL, NULL, '2024-01-17 06:17:02', '2024-01-17 06:17:02'),
(922, 922, NULL, NULL, NULL, NULL, NULL, NULL, '2024-01-17 06:17:02', '2024-01-17 06:17:02'),
(923, 923, NULL, NULL, NULL, NULL, NULL, NULL, '2024-01-17 06:17:02', '2024-01-17 06:17:02'),
(924, 924, NULL, NULL, NULL, NULL, NULL, NULL, '2024-01-17 06:17:02', '2024-01-17 06:17:02'),
(925, 925, NULL, NULL, NULL, NULL, NULL, NULL, '2024-01-17 06:17:02', '2024-01-17 06:17:02'),
(926, 926, NULL, NULL, NULL, NULL, NULL, NULL, '2024-01-17 06:17:02', '2024-01-17 06:17:02'),
(927, 927, NULL, NULL, NULL, NULL, NULL, NULL, '2024-01-17 06:17:02', '2024-01-17 06:17:02'),
(928, 928, NULL, NULL, NULL, NULL, NULL, NULL, '2024-01-17 06:17:02', '2024-01-17 06:17:02'),
(929, 929, NULL, NULL, NULL, NULL, NULL, NULL, '2024-01-17 06:17:02', '2024-01-17 06:17:02'),
(930, 930, NULL, NULL, NULL, NULL, NULL, NULL, '2024-01-17 06:17:02', '2024-01-17 06:17:02'),
(931, 931, NULL, NULL, NULL, NULL, NULL, NULL, '2024-01-17 06:17:02', '2024-01-17 06:17:02'),
(932, 932, NULL, NULL, NULL, NULL, NULL, NULL, '2024-01-17 06:17:02', '2024-01-17 06:17:02'),
(933, 933, NULL, NULL, NULL, NULL, NULL, NULL, '2024-01-17 06:17:02', '2024-01-17 06:17:02'),
(934, 934, NULL, NULL, NULL, NULL, NULL, NULL, '2024-01-17 06:17:02', '2024-01-17 06:17:02'),
(935, 935, NULL, NULL, NULL, NULL, NULL, NULL, '2024-01-17 06:17:02', '2024-01-17 06:17:02'),
(936, 936, NULL, NULL, NULL, NULL, NULL, NULL, '2024-01-17 06:17:02', '2024-01-17 06:17:02'),
(937, 937, NULL, NULL, NULL, NULL, NULL, NULL, '2024-01-17 06:17:02', '2024-01-17 06:17:02'),
(938, 938, NULL, NULL, NULL, NULL, NULL, NULL, '2024-01-17 06:17:02', '2024-01-17 06:17:02'),
(939, 939, NULL, NULL, NULL, NULL, NULL, NULL, '2024-01-17 06:17:02', '2024-01-17 06:17:02'),
(940, 940, NULL, NULL, NULL, NULL, NULL, NULL, '2024-01-17 06:17:02', '2024-01-17 06:17:02'),
(941, 941, NULL, NULL, NULL, NULL, NULL, NULL, '2024-01-17 06:17:02', '2024-01-17 06:17:02'),
(942, 942, NULL, NULL, NULL, NULL, NULL, NULL, '2024-01-17 06:17:02', '2024-01-17 06:17:02'),
(943, 943, NULL, NULL, NULL, NULL, NULL, NULL, '2024-01-17 06:17:02', '2024-01-17 06:17:02'),
(944, 944, NULL, NULL, NULL, NULL, NULL, NULL, '2024-01-17 06:17:02', '2024-01-17 06:17:02'),
(945, 945, NULL, NULL, NULL, NULL, NULL, NULL, '2024-01-17 06:17:02', '2024-01-17 06:17:02'),
(946, 946, NULL, NULL, NULL, NULL, NULL, NULL, '2024-01-17 06:17:02', '2024-01-17 06:17:02'),
(947, 947, NULL, NULL, NULL, NULL, NULL, NULL, '2024-01-17 06:17:02', '2024-01-17 06:17:02'),
(948, 948, NULL, NULL, NULL, NULL, NULL, NULL, '2024-01-17 06:17:02', '2024-01-17 06:17:02'),
(949, 949, NULL, NULL, NULL, NULL, NULL, NULL, '2024-01-17 06:17:02', '2024-01-17 06:17:02'),
(950, 950, NULL, NULL, NULL, NULL, NULL, NULL, '2024-01-17 06:17:02', '2024-01-17 06:17:02'),
(951, 951, NULL, NULL, NULL, NULL, NULL, NULL, '2024-01-17 06:17:02', '2024-01-17 06:17:02'),
(952, 952, NULL, NULL, NULL, NULL, NULL, NULL, '2024-01-17 06:17:02', '2024-01-17 06:17:02'),
(953, 953, NULL, NULL, NULL, NULL, NULL, NULL, '2024-01-17 06:17:02', '2024-01-17 06:17:02'),
(954, 954, NULL, NULL, NULL, NULL, NULL, NULL, '2024-01-17 06:17:02', '2024-01-17 06:17:02'),
(955, 955, NULL, NULL, NULL, NULL, NULL, NULL, '2024-01-17 06:17:02', '2024-01-17 06:17:02'),
(956, 956, NULL, NULL, NULL, NULL, NULL, NULL, '2024-01-17 06:17:02', '2024-01-17 06:17:02'),
(957, 957, NULL, NULL, NULL, NULL, NULL, NULL, '2024-01-17 06:17:02', '2024-01-17 06:17:02'),
(958, 958, NULL, NULL, NULL, NULL, NULL, NULL, '2024-01-17 06:17:02', '2024-01-17 06:17:02'),
(959, 959, NULL, NULL, NULL, NULL, NULL, NULL, '2024-01-17 06:17:02', '2024-01-17 06:17:02'),
(960, 960, NULL, NULL, NULL, NULL, NULL, NULL, '2024-01-17 06:17:02', '2024-01-17 06:17:02'),
(961, 961, NULL, NULL, NULL, NULL, NULL, NULL, '2024-01-17 06:17:02', '2024-01-17 06:17:02'),
(962, 962, NULL, NULL, NULL, NULL, NULL, NULL, '2024-01-17 06:17:02', '2024-01-17 06:17:02'),
(963, 963, NULL, NULL, NULL, NULL, NULL, NULL, '2024-01-17 06:17:02', '2024-01-17 06:17:02'),
(964, 964, NULL, NULL, NULL, NULL, NULL, NULL, '2024-01-17 06:17:02', '2024-01-17 06:17:02'),
(965, 965, NULL, NULL, NULL, NULL, NULL, NULL, '2024-01-17 06:17:02', '2024-01-17 06:17:02'),
(966, 966, NULL, NULL, NULL, NULL, NULL, NULL, '2024-01-17 06:17:02', '2024-01-17 06:17:02'),
(967, 967, NULL, NULL, NULL, NULL, NULL, NULL, '2024-01-17 06:17:02', '2024-01-17 06:17:02'),
(968, 968, NULL, NULL, NULL, NULL, NULL, NULL, '2024-01-17 06:17:02', '2024-01-17 06:17:02'),
(969, 969, NULL, NULL, NULL, NULL, NULL, NULL, '2024-01-17 06:17:02', '2024-01-17 06:17:02'),
(970, 970, NULL, NULL, NULL, NULL, NULL, NULL, '2024-01-17 06:17:02', '2024-01-17 06:17:02'),
(971, 971, NULL, NULL, NULL, NULL, NULL, NULL, '2024-01-17 06:17:02', '2024-01-17 06:17:02'),
(972, 972, NULL, NULL, NULL, NULL, NULL, NULL, '2024-01-17 06:17:02', '2024-01-17 06:17:02'),
(973, 973, NULL, NULL, NULL, NULL, NULL, NULL, '2024-01-17 06:17:02', '2024-01-17 06:17:02'),
(974, 974, NULL, NULL, NULL, NULL, NULL, NULL, '2024-01-17 06:17:02', '2024-01-17 06:17:02'),
(975, 975, NULL, NULL, NULL, NULL, NULL, NULL, '2024-01-17 06:17:02', '2024-01-17 06:17:02'),
(976, 976, NULL, NULL, NULL, NULL, NULL, NULL, '2024-01-17 06:17:02', '2024-01-17 06:17:02'),
(977, 977, NULL, NULL, NULL, NULL, NULL, NULL, '2024-01-17 06:17:02', '2024-01-17 06:17:02'),
(978, 978, NULL, NULL, NULL, NULL, NULL, NULL, '2024-01-17 06:17:02', '2024-01-17 06:17:02'),
(979, 979, NULL, NULL, NULL, NULL, NULL, NULL, '2024-01-17 06:17:02', '2024-01-17 06:17:02'),
(980, 980, NULL, NULL, NULL, NULL, NULL, NULL, '2024-01-17 06:17:02', '2024-01-17 06:17:02'),
(981, 981, NULL, NULL, NULL, NULL, NULL, NULL, '2024-01-17 06:17:02', '2024-01-17 06:17:02'),
(982, 982, NULL, NULL, NULL, NULL, NULL, NULL, '2024-01-17 06:17:02', '2024-01-17 06:17:02'),
(983, 983, NULL, NULL, NULL, NULL, NULL, NULL, '2024-01-17 06:17:02', '2024-01-17 06:17:02'),
(984, 984, NULL, NULL, NULL, NULL, NULL, NULL, '2024-01-17 06:17:02', '2024-01-17 06:17:02'),
(985, 985, NULL, NULL, NULL, NULL, NULL, NULL, '2024-01-17 06:17:02', '2024-01-17 06:17:02'),
(986, 986, NULL, NULL, NULL, NULL, NULL, NULL, '2024-01-17 06:17:02', '2024-01-17 06:17:02'),
(987, 987, NULL, NULL, NULL, NULL, NULL, NULL, '2024-01-17 06:17:02', '2024-01-17 06:17:02'),
(988, 988, NULL, NULL, NULL, NULL, NULL, NULL, '2024-01-17 06:17:02', '2024-01-17 06:17:02'),
(989, 989, NULL, NULL, NULL, NULL, NULL, NULL, '2024-01-17 06:17:02', '2024-01-17 06:17:02'),
(990, 990, NULL, NULL, NULL, NULL, NULL, NULL, '2024-01-17 06:17:02', '2024-01-17 06:17:02'),
(991, 991, NULL, NULL, NULL, NULL, NULL, NULL, '2024-01-17 06:17:02', '2024-01-17 06:17:02'),
(992, 992, NULL, NULL, NULL, NULL, NULL, NULL, '2024-01-17 06:17:02', '2024-01-17 06:17:02'),
(993, 993, NULL, NULL, NULL, NULL, NULL, NULL, '2024-01-17 06:17:02', '2024-01-17 06:17:02'),
(994, 994, NULL, NULL, NULL, NULL, NULL, NULL, '2024-01-17 06:17:02', '2024-01-17 06:17:02'),
(995, 995, NULL, NULL, NULL, NULL, NULL, NULL, '2024-01-17 06:17:02', '2024-01-17 06:17:02'),
(996, 996, NULL, NULL, NULL, NULL, NULL, NULL, '2024-01-17 06:17:02', '2024-01-17 06:17:02'),
(997, 997, NULL, NULL, NULL, NULL, NULL, NULL, '2024-01-17 06:17:02', '2024-01-17 06:17:02'),
(998, 998, NULL, NULL, NULL, NULL, NULL, NULL, '2024-01-17 06:17:02', '2024-01-17 06:17:02'),
(999, 999, NULL, NULL, NULL, NULL, NULL, NULL, '2024-01-17 06:17:02', '2024-01-17 06:17:02'),
(1000, 1000, NULL, NULL, NULL, NULL, NULL, NULL, '2024-01-17 06:17:02', '2024-01-17 06:17:02'),
(1001, 1001, NULL, NULL, NULL, NULL, NULL, NULL, '2024-01-17 06:17:02', '2024-01-17 06:17:02'),
(1002, 1002, NULL, NULL, NULL, NULL, NULL, NULL, '2024-01-17 06:17:02', '2024-01-17 06:17:02');

-- --------------------------------------------------------

--
-- Table structure for table `dudis`
--

CREATE TABLE `dudis` (
  `id` bigint(20) UNSIGNED NOT NULL,
  `idt` varchar(255) NOT NULL,
  `name` varchar(255) NOT NULL,
  `email` varchar(255) DEFAULT NULL,
  `telepon` varchar(255) DEFAULT NULL,
  `kota` varchar(255) NOT NULL,
  `alamat` text NOT NULL,
  `logo` varchar(255) NOT NULL DEFAULT 'logo-dudi.jpg',
  `created_at` timestamp NULL DEFAULT NULL,
  `updated_at` timestamp NULL DEFAULT NULL,
  `is_delete` tinyint(1) NOT NULL DEFAULT 0
) ENGINE=InnoDB DEFAULT CHARSET=utf8mb4 COLLATE=utf8mb4_unicode_ci;

--
-- Dumping data for table `dudis`
--

INSERT INTO `dudis` (`id`, `idt`, `name`, `email`, `telepon`, `kota`, `alamat`, `logo`, `created_at`, `updated_at`, `is_delete`) VALUES
(1, 'pj-gunarto-lestari-1705472128WWjAQ', 'PJ Gunarto Lestari', 'saefullah.maimunah@yahoo.co.id', '087656425562', 'Bogor', 'Gg. Sukabumi No. 477, Banda Aceh 75265, Sulbar', 'logo-dudi.jpg', '2024-01-17 06:15:28', '2024-01-17 06:15:28', 0),
(2, 'perum-hakim-nasyidah-170547212855Sxk', 'Perum Hakim Nasyidah', 'yulia.widiastuti@rajasa.go.id', '088169329888', 'Bogor', 'Ki. Bass No. 327, Batam 42834, Sulbar', 'logo-dudi.jpg', '2024-01-17 06:15:28', '2024-01-17 06:15:28', 0),
(3, 'fa-mahendra-persero-tbk-1705472128pZ1zD', 'Fa Mahendra (Persero) Tbk', 'snasyidah@suryatmi.biz', '084329309398', 'Bekasi', 'Psr. Padma No. 949, Samarinda 20046, Sumsel', 'logo-dudi.jpg', '2024-01-17 06:15:28', '2024-01-17 06:15:28', 0),
(4, 'pj-wahyudin-tamba-persero-tbk-1705472128WVv2W', 'PJ Wahyudin Tamba (Persero) Tbk', 'lhandayani@situmorang.name', '081258037464', 'Bogor', 'Gg. Abdul No. 659, Batam 67152, Sumsel', 'logo-dudi.jpg', '2024-01-17 06:15:28', '2024-01-17 06:15:28', 0),
(5, 'fa-pangestu-adriansyah-persero-tbk-1705472128wShcn', 'Fa Pangestu Adriansyah (Persero) Tbk', 'bahuraksa51@padmasari.ac.id', '086501469120', 'Yogyakarta', 'Jr. Bara No. 24, Palangka Raya 32721, Sumsel', 'logo-dudi.jpg', '2024-01-17 06:15:28', '2024-01-17 06:15:28', 0),
(6, 'cv-wastuti-1705472128PHjNo', 'CV Wastuti', 'soleh.waskita@gmail.co.id', '088105746642', 'Bogor', 'Ds. Laswi No. 333, Tual 50702, NTT', 'logo-dudi.jpg', '2024-01-17 06:15:28', '2024-01-17 06:15:28', 0),
(7, 'fa-kusmawati-maryati-1705472128atjWP', 'Fa Kusmawati Maryati', 'putra.karen@nasyidah.net', '089872292950', 'Bekasi', 'Ki. Sampangan No. 780, Tebing Tinggi 92828, Gorontalo', 'logo-dudi.jpg', '2024-01-17 06:15:28', '2024-01-17 06:15:28', 0),
(8, 'ud-prakasa-tbk-1705472128qnEhl', 'UD Prakasa Tbk', 'psaefullah@usamah.biz.id', '087231158830', 'Yogyakarta', 'Dk. Baja Raya No. 77, Manado 97388, Sumut', 'logo-dudi.jpg', '2024-01-17 06:15:28', '2024-01-17 06:15:28', 0),
(9, 'yayasan-sudiati-1705472128Y3HBx', 'Yayasan Sudiati', 'purwadi68@maryadi.name', '080327755410', 'Depok', 'Ki. Sugiono No. 233, Tarakan 13936, Pabar', 'logo-dudi.jpg', '2024-01-17 06:15:28', '2024-01-17 06:15:28', 0),
(10, 'fa-tarihoran-17054721280LTlf', 'Fa Tarihoran', 'anggriawan.gabriella@prasetya.co', '083944729783', 'Jakarta', 'Psr. Merdeka No. 401, Tangerang Selatan 74819, Sultra', 'logo-dudi.jpg', '2024-01-17 06:15:28', '2024-01-17 06:15:28', 0),
(11, 'pt-laksita-17054721281R2AC', 'PT Laksita', 'humaira.yolanda@yahoo.co.id', '085266784839', 'Jakarta', 'Gg. Basuki No. 50, Administrasi Jakarta Timur 78570, Maluku', 'logo-dudi.jpg', '2024-01-17 06:15:28', '2024-01-17 06:15:28', 0),
(12, 'fa-lailasari-1705472128mgCoq', 'Fa Lailasari', 'sari59@widiastuti.tv', '085845449443', 'Jakarta', 'Psr. Sunaryo No. 961, Singkawang 22016, Riau', 'logo-dudi.jpg', '2024-01-17 06:15:28', '2024-01-17 06:15:28', 0),
(13, 'yayasan-damanik-persero-tbk-1705472128LReHg', 'Yayasan Damanik (Persero) Tbk', 'januar.waluyo@nasyidah.name', '081706218593', 'Yogyakarta', 'Psr. Babadak No. 55, Lhokseumawe 17036, Babel', 'logo-dudi.jpg', '2024-01-17 06:15:28', '2024-01-17 06:15:28', 0),
(14, 'pt-usada-widiastuti-tbk-17054721289BGjO', 'PT Usada Widiastuti Tbk', 'narji16@gmail.co.id', '082016920294', 'Depok', 'Dk. Gajah No. 753, Serang 48408, Kaltara', 'logo-dudi.jpg', '2024-01-17 06:15:28', '2024-01-17 06:15:28', 0),
(15, 'pt-saefullah-tbk-1705472128tWXqs', 'PT Saefullah Tbk', 'tirawan@permata.info', '087579259954', 'Depok', 'Psr. Bakti No. 548, Metro 22954, Sumsel', 'logo-dudi.jpg', '2024-01-17 06:15:28', '2024-01-17 06:15:28', 0),
(16, 'perum-mardhiyah-1705472128zWKX7', 'Perum Mardhiyah', 'makara87@yahoo.com', '082559426130', 'Jakarta', 'Jln. Raya Ujungberung No. 630, Sungai Penuh 23284, Sultra', 'logo-dudi.jpg', '2024-01-17 06:15:28', '2024-01-17 06:15:28', 0),
(17, 'ud-maulana-persero-tbk-1705472128iTUg3', 'UD Maulana (Persero) Tbk', 'kwidodo@gmail.com', '082576238682', 'Yogyakarta', 'Ds. Halim No. 173, Pasuruan 72461, Maluku', 'logo-dudi.jpg', '2024-01-17 06:15:28', '2024-01-17 06:15:28', 0),
(18, 'yayasan-pranowo-ramadan-1705472128SCsPW', 'Yayasan Pranowo Ramadan', 'daniswara25@hartati.id', '081480888376', 'Tangerang', 'Jln. Yogyakarta No. 273, Pangkal Pinang 55197, Kepri', 'logo-dudi.jpg', '2024-01-17 06:15:28', '2024-01-17 06:15:28', 0),
(19, 'ud-nugroho-pranowo-17054721289Fi34', 'UD Nugroho Pranowo', 'hasna.rajasa@gmail.co.id', '087292809353', 'Yogyakarta', 'Psr. Sentot Alibasa No. 940, Mataram 85106, Kalteng', 'logo-dudi.jpg', '2024-01-17 06:15:28', '2024-01-17 06:15:28', 0),
(20, 'pt-jailani-hartati-persero-tbk-1705472128xv05m', 'PT Jailani Hartati (Persero) Tbk', 'nardi66@gmail.com', '085509523318', 'Jakarta', 'Jln. Sadang Serang No. 959, Banjarbaru 44407, Sultra', 'logo-dudi.jpg', '2024-01-17 06:15:28', '2024-01-17 06:15:28', 0),
(21, 'pj-tampubolon-mulyani-persero-tbk-1705472128bpha1', 'PJ Tampubolon Mulyani (Persero) Tbk', 'manullang.makuta@yahoo.com', '082125784529', 'Jakarta', 'Kpg. Umalas No. 284, Administrasi Jakarta Utara 67810, Papua', 'logo-dudi.jpg', '2024-01-17 06:15:28', '2024-01-17 06:15:28', 0),
(22, 'pd-prastuti-napitupulu-persero-tbk-17054721282Hr7p', 'PD Prastuti Napitupulu (Persero) Tbk', 'ikusmawati@farida.tv', '086719538309', 'Jakarta', 'Psr. Kali No. 407, Bukittinggi 62991, NTT', 'logo-dudi.jpg', '2024-01-17 06:15:28', '2024-01-17 06:15:28', 0),
(23, 'pd-santoso-suwarno-persero-tbk-17054721284a2yn', 'PD Santoso Suwarno (Persero) Tbk', 'andriani.rina@yahoo.com', '080084497439', 'Jakarta', 'Jln. Ters. Pasir Koja No. 176, Padangpanjang 66257, Kalteng', 'logo-dudi.jpg', '2024-01-17 06:15:28', '2024-01-17 06:15:28', 0),
(24, 'pd-budiyanto-1705472128Qimqw', 'PD Budiyanto', 'andriani.amelia@yahoo.com', '086870338892', 'Bogor', 'Dk. Yos No. 681, Serang 29767, Sultra', 'logo-dudi.jpg', '2024-01-17 06:15:28', '2024-01-17 06:15:28', 0),
(25, 'ud-fujiati-lestari-1705472128SXfEq', 'UD Fujiati Lestari', 'phabibi@yahoo.co.id', '088236116526', 'Depok', 'Jr. Hang No. 832, Pasuruan 25695, Kalbar', 'logo-dudi.jpg', '2024-01-17 06:15:28', '2024-01-17 06:15:28', 0),
(26, 'pt-dabukke-firgantoro-1705472128oaylz', 'PT Dabukke Firgantoro', 'caturangga08@gmail.com', '087675585657', 'Yogyakarta', 'Kpg. Sutoyo No. 102, Administrasi Jakarta Barat 77630, Sulbar', 'logo-dudi.jpg', '2024-01-17 06:15:28', '2024-01-17 06:15:28', 0),
(27, 'cv-simanjuntak-prasetyo-1705472128rTyY3', 'CV Simanjuntak Prasetyo', 'jmansur@gmail.com', '083129235277', 'Yogyakarta', 'Ds. Jamika No. 651, Tangerang Selatan 94133, Kalbar', 'logo-dudi.jpg', '2024-01-17 06:15:28', '2024-01-17 06:15:28', 0),
(28, 'ud-widiastuti-sitompul-tbk-1705472128xUxtw', 'UD Widiastuti Sitompul Tbk', 'siska44@yahoo.com', '089106938138', 'Jakarta', 'Dk. Pasir Koja No. 902, Tangerang Selatan 72886, Jatim', 'logo-dudi.jpg', '2024-01-17 06:15:28', '2024-01-17 06:15:28', 0),
(29, 'yayasan-pertiwi-tbk-1705472128chZgS', 'Yayasan Pertiwi Tbk', 'galur92@gmail.co.id', '087709583752', 'Tangerang', 'Jln. Cut Nyak Dien No. 258, Blitar 40123, Kepri', 'logo-dudi.jpg', '2024-01-17 06:15:28', '2024-01-17 06:15:28', 0),
(30, 'ud-dongoran-pangestu-persero-tbk-17054721289CqAn', 'UD Dongoran Pangestu (Persero) Tbk', 'najwa56@yahoo.com', '087650230558', 'Bogor', 'Psr. Badak No. 25, Denpasar 19736, Jateng', 'logo-dudi.jpg', '2024-01-17 06:15:28', '2024-01-17 06:15:28', 0);

-- --------------------------------------------------------

--
-- Table structure for table `failed_jobs`
--

CREATE TABLE `failed_jobs` (
  `id` bigint(20) UNSIGNED NOT NULL,
  `uuid` varchar(255) NOT NULL,
  `connection` text NOT NULL,
  `queue` text NOT NULL,
  `payload` longtext NOT NULL,
  `exception` longtext NOT NULL,
  `failed_at` timestamp NOT NULL DEFAULT current_timestamp()
) ENGINE=InnoDB DEFAULT CHARSET=utf8mb4 COLLATE=utf8mb4_unicode_ci;

-- --------------------------------------------------------

--
-- Table structure for table `jenis_kerjasamas`
--

CREATE TABLE `jenis_kerjasamas` (
  `id` bigint(20) UNSIGNED NOT NULL,
  `name` varchar(255) NOT NULL,
  `created_at` timestamp NULL DEFAULT NULL,
  `updated_at` timestamp NULL DEFAULT NULL
) ENGINE=InnoDB DEFAULT CHARSET=utf8mb4 COLLATE=utf8mb4_unicode_ci;

--
-- Dumping data for table `jenis_kerjasamas`
--

INSERT INTO `jenis_kerjasamas` (`id`, `name`, `created_at`, `updated_at`) VALUES
(1, 'Pratik Kerja Lapangan', '2024-01-17 06:15:28', '2024-01-17 06:15:28'),
(2, 'Kunjungan Industri', '2024-01-17 06:15:28', '2024-01-17 06:15:28'),
(3, 'Penguji UKK', '2024-01-17 06:15:28', '2024-01-17 06:15:28'),
(4, 'Sinkronisasi Kurikulum', '2024-01-17 06:15:28', '2024-01-17 06:15:28');

-- --------------------------------------------------------

--
-- Table structure for table `jurusans`
--

CREATE TABLE `jurusans` (
  `id` bigint(20) UNSIGNED NOT NULL,
  `name` varchar(255) NOT NULL,
  `singkatan` varchar(255) NOT NULL,
  `created_at` timestamp NULL DEFAULT NULL,
  `updated_at` timestamp NULL DEFAULT NULL
) ENGINE=InnoDB DEFAULT CHARSET=utf8mb4 COLLATE=utf8mb4_unicode_ci;

--
-- Dumping data for table `jurusans`
--

INSERT INTO `jurusans` (`id`, `name`, `singkatan`, `created_at`, `updated_at`) VALUES
(1, 'Teknik Kendaraan Ringan dan Otomotif', 'TKRO', '2024-01-17 06:15:29', '2024-01-17 06:15:29'),
(2, 'Teknik Pendingin Tata Udara', 'TPTU', '2024-01-17 06:15:29', '2024-01-17 06:15:29'),
(3, 'Teknik Komputer Jaringan dan Telekomunikasi', 'TKJTel', '2024-01-17 06:15:29', '2024-01-17 06:15:29');

-- --------------------------------------------------------

--
-- Table structure for table `kegiatans`
--

CREATE TABLE `kegiatans` (
  `id` bigint(20) UNSIGNED NOT NULL,
  `name` varchar(255) NOT NULL,
  `created_at` timestamp NULL DEFAULT NULL,
  `updated_at` timestamp NULL DEFAULT NULL
) ENGINE=InnoDB DEFAULT CHARSET=utf8mb4 COLLATE=utf8mb4_unicode_ci;

--
-- Dumping data for table `kegiatans`
--

INSERT INTO `kegiatans` (`id`, `name`, `created_at`, `updated_at`) VALUES
(1, 'Mencari Kerja', '2024-01-17 06:15:29', '2024-01-17 06:15:29'),
(2, 'Bekerja', '2024-01-17 06:15:29', '2024-01-17 06:15:29'),
(3, 'Berwirausaha', '2024-01-17 06:15:29', '2024-01-17 06:15:29'),
(4, 'Berencana Kuliah', '2024-01-17 06:15:29', '2024-01-17 06:15:29'),
(5, 'Kuliah', '2024-01-17 06:15:29', '2024-01-17 06:15:29');

-- --------------------------------------------------------

--
-- Table structure for table `kerjasamas`
--

CREATE TABLE `kerjasamas` (
  `id` bigint(20) UNSIGNED NOT NULL,
  `dudi_id` bigint(20) UNSIGNED NOT NULL,
  `jenis_kerjasama_id` bigint(20) UNSIGNED NOT NULL,
  `created_at` timestamp NULL DEFAULT NULL,
  `updated_at` timestamp NULL DEFAULT NULL
) ENGINE=InnoDB DEFAULT CHARSET=utf8mb4 COLLATE=utf8mb4_unicode_ci;

--
-- Dumping data for table `kerjasamas`
--

INSERT INTO `kerjasamas` (`id`, `dudi_id`, `jenis_kerjasama_id`, `created_at`, `updated_at`) VALUES
(1, 25, 3, '2024-01-17 06:15:29', '2024-01-17 06:15:29'),
(2, 25, 2, '2024-01-17 06:15:29', '2024-01-17 06:15:29'),
(3, 22, 4, '2024-01-17 06:15:29', '2024-01-17 06:15:29'),
(4, 14, 2, '2024-01-17 06:15:29', '2024-01-17 06:15:29'),
(5, 22, 1, '2024-01-17 06:15:29', '2024-01-17 06:15:29'),
(6, 10, 2, '2024-01-17 06:15:29', '2024-01-17 06:15:29'),
(7, 2, 4, '2024-01-17 06:15:29', '2024-01-17 06:15:29'),
(8, 4, 2, '2024-01-17 06:15:29', '2024-01-17 06:15:29'),
(9, 29, 1, '2024-01-17 06:15:29', '2024-01-17 06:15:29'),
(10, 22, 3, '2024-01-17 06:15:29', '2024-01-17 06:15:29'),
(11, 12, 1, '2024-01-17 06:15:29', '2024-01-17 06:15:29'),
(12, 3, 3, '2024-01-17 06:15:29', '2024-01-17 06:15:29'),
(13, 22, 3, '2024-01-17 06:15:29', '2024-01-17 06:15:29'),
(14, 27, 4, '2024-01-17 06:15:29', '2024-01-17 06:15:29'),
(15, 30, 3, '2024-01-17 06:15:29', '2024-01-17 06:15:29'),
(16, 26, 3, '2024-01-17 06:15:29', '2024-01-17 06:15:29'),
(17, 29, 2, '2024-01-17 06:15:29', '2024-01-17 06:15:29'),
(18, 17, 2, '2024-01-17 06:15:29', '2024-01-17 06:15:29'),
(19, 22, 4, '2024-01-17 06:15:29', '2024-01-17 06:15:29'),
(20, 25, 3, '2024-01-17 06:15:29', '2024-01-17 06:15:29'),
(21, 4, 3, '2024-01-17 06:15:29', '2024-01-17 06:15:29'),
(22, 21, 2, '2024-01-17 06:15:29', '2024-01-17 06:15:29'),
(23, 25, 1, '2024-01-17 06:15:29', '2024-01-17 06:15:29'),
(24, 9, 3, '2024-01-17 06:15:29', '2024-01-17 06:15:29'),
(25, 11, 1, '2024-01-17 06:15:29', '2024-01-17 06:15:29'),
(26, 25, 4, '2024-01-17 06:15:29', '2024-01-17 06:15:29'),
(27, 13, 2, '2024-01-17 06:15:29', '2024-01-17 06:15:29'),
(28, 21, 3, '2024-01-17 06:15:29', '2024-01-17 06:15:29'),
(29, 9, 1, '2024-01-17 06:15:29', '2024-01-17 06:15:29'),
(30, 12, 3, '2024-01-17 06:15:29', '2024-01-17 06:15:29'),
(31, 19, 1, '2024-01-17 06:15:29', '2024-01-17 06:15:29'),
(32, 19, 1, '2024-01-17 06:15:29', '2024-01-17 06:15:29'),
(33, 12, 4, '2024-01-17 06:15:29', '2024-01-17 06:15:29'),
(34, 9, 4, '2024-01-17 06:15:29', '2024-01-17 06:15:29'),
(35, 18, 2, '2024-01-17 06:15:29', '2024-01-17 06:15:29'),
(36, 11, 2, '2024-01-17 06:15:29', '2024-01-17 06:15:29'),
(37, 15, 2, '2024-01-17 06:15:29', '2024-01-17 06:15:29'),
(38, 27, 4, '2024-01-17 06:15:29', '2024-01-17 06:15:29'),
(39, 24, 3, '2024-01-17 06:15:29', '2024-01-17 06:15:29'),
(40, 22, 1, '2024-01-17 06:15:29', '2024-01-17 06:15:29'),
(41, 14, 4, '2024-01-17 06:15:29', '2024-01-17 06:15:29'),
(42, 6, 4, '2024-01-17 06:15:29', '2024-01-17 06:15:29'),
(43, 16, 2, '2024-01-17 06:15:29', '2024-01-17 06:15:29'),
(44, 27, 4, '2024-01-17 06:15:29', '2024-01-17 06:15:29'),
(45, 30, 2, '2024-01-17 06:15:29', '2024-01-17 06:15:29'),
(46, 1, 3, '2024-01-17 06:15:29', '2024-01-17 06:15:29'),
(47, 20, 2, '2024-01-17 06:15:29', '2024-01-17 06:15:29'),
(48, 28, 3, '2024-01-17 06:15:29', '2024-01-17 06:15:29'),
(49, 5, 2, '2024-01-17 06:15:29', '2024-01-17 06:15:29'),
(50, 12, 3, '2024-01-17 06:15:29', '2024-01-17 06:15:29');

-- --------------------------------------------------------

--
-- Table structure for table `lamarans`
--

CREATE TABLE `lamarans` (
  `id` bigint(20) UNSIGNED NOT NULL,
  `idt` varchar(255) NOT NULL,
  `pelamar_id` bigint(20) UNSIGNED NOT NULL,
  `loker_id` bigint(20) UNSIGNED NOT NULL,
  `tanggalwawancara` date DEFAULT NULL,
  `status` enum('belum','proses','lolos','tidaklolos','wawancara') NOT NULL DEFAULT 'belum',
  `created_at` timestamp NULL DEFAULT NULL,
  `updated_at` timestamp NULL DEFAULT NULL
) ENGINE=InnoDB DEFAULT CHARSET=utf8mb4 COLLATE=utf8mb4_unicode_ci;

--
-- Dumping data for table `lamarans`
--

INSERT INTO `lamarans` (`id`, `idt`, `pelamar_id`, `loker_id`, `tanggalwawancara`, `status`, `created_at`, `updated_at`) VALUES
(1, 'rJz7Smua9u1705472224', 88, 10, '2010-03-04', 'tidaklolos', '2024-01-17 06:17:09', '2024-01-17 06:17:09'),
(2, 'OTWGJIb14L1705472224', 632, 44, NULL, 'belum', '2024-01-17 06:17:09', '2024-01-17 06:17:09'),
(3, '9dKoyQqpex1705472224', 602, 6, NULL, 'proses', '2024-01-17 06:17:09', '2024-01-17 06:17:09'),
(4, 'zKOcFIhUav1705472224', 232, 38, '1988-04-07', 'belum', '2024-01-17 06:17:09', '2024-01-17 06:17:09'),
(5, 'KSXvv9w6eh1705472224', 175, 3, '2002-10-26', 'tidaklolos', '2024-01-17 06:17:09', '2024-01-17 06:17:09'),
(6, 'IyRFABpEbl1705472224', 424, 28, NULL, 'lolos', '2024-01-17 06:17:09', '2024-01-17 06:17:09'),
(7, 'RCG0zBTpg61705472224', 547, 46, '1989-02-21', 'belum', '2024-01-17 06:17:09', '2024-01-17 06:17:09'),
(8, 'clWrPPUWW51705472224', 134, 6, '1987-11-15', 'proses', '2024-01-17 06:17:09', '2024-01-17 06:17:09'),
(9, 'ymf0hgxJB21705472224', 9, 45, NULL, 'wawancara', '2024-01-17 06:17:09', '2024-01-17 06:17:09'),
(10, '7kjdi7i4L01705472224', 252, 21, '1999-04-27', 'wawancara', '2024-01-17 06:17:09', '2024-01-17 06:17:09'),
(11, 'HeTeHErRGG1705472225', 903, 15, '1976-04-20', 'wawancara', '2024-01-17 06:17:09', '2024-01-17 06:17:09'),
(12, 'A8CeW2Aoc51705472225', 902, 14, NULL, 'belum', '2024-01-17 06:17:09', '2024-01-17 06:17:09'),
(13, 'CZHC3mWY0e1705472225', 335, 22, '1992-01-09', 'lolos', '2024-01-17 06:17:09', '2024-01-17 06:17:09'),
(14, 'PD1DdHMfC41705472225', 826, 12, NULL, 'lolos', '2024-01-17 06:17:09', '2024-01-17 06:17:09'),
(15, 'qCwKzVI3jE1705472225', 921, 3, NULL, 'wawancara', '2024-01-17 06:17:09', '2024-01-17 06:17:09'),
(16, 'i1hs4r26oU1705472225', 90, 1, NULL, 'lolos', '2024-01-17 06:17:09', '2024-01-17 06:17:09'),
(17, 'CkOD7PtZmh1705472225', 517, 27, NULL, 'tidaklolos', '2024-01-17 06:17:09', '2024-01-17 06:17:09'),
(18, '5bzOAIxy4Y1705472225', 117, 15, '1971-01-24', 'lolos', '2024-01-17 06:17:09', '2024-01-17 06:17:09'),
(19, 'J4g4QepbGT1705472225', 271, 18, '2001-08-16', 'proses', '2024-01-17 06:17:09', '2024-01-17 06:17:09'),
(20, 'xBtkLwFCTO1705472225', 963, 1, NULL, 'belum', '2024-01-17 06:17:09', '2024-01-17 06:17:09'),
(21, 'i30bUqwbCB1705472225', 115, 39, NULL, 'proses', '2024-01-17 06:17:09', '2024-01-17 06:17:09'),
(22, 'zHhdpYYVAS1705472225', 112, 47, NULL, 'wawancara', '2024-01-17 06:17:09', '2024-01-17 06:17:09'),
(23, 'rfbsl2y3Fz1705472225', 590, 5, '2020-11-14', 'belum', '2024-01-17 06:17:09', '2024-01-17 06:17:09'),
(24, 'eD3t6Uabod1705472225', 797, 42, NULL, 'lolos', '2024-01-17 06:17:09', '2024-01-17 06:17:09'),
(25, '7GaA3da7Ik1705472225', 16, 18, NULL, 'wawancara', '2024-01-17 06:17:09', '2024-01-17 06:17:09'),
(26, 'oz6FILXZhI1705472225', 1, 35, '1985-11-02', 'proses', '2024-01-17 06:17:09', '2024-01-17 06:17:09'),
(27, 'K0gJXi8Otz1705472225', 174, 28, NULL, 'proses', '2024-01-17 06:17:09', '2024-01-17 06:17:09'),
(28, 'Dbmi8P0ATz1705472225', 394, 19, '1982-07-29', 'wawancara', '2024-01-17 06:17:09', '2024-01-17 06:17:09'),
(29, 'Lkvd7wTv5X1705472225', 632, 9, NULL, 'wawancara', '2024-01-17 06:17:09', '2024-01-17 06:17:09'),
(30, 'LKzbsJl1su1705472225', 975, 7, '1981-07-31', 'belum', '2024-01-17 06:17:09', '2024-01-17 06:17:09'),
(31, 'qtuG1gyAfZ1705472225', 589, 5, '2018-02-07', 'tidaklolos', '2024-01-17 06:17:09', '2024-01-17 06:17:09'),
(32, 'GTfQEOwpUI1705472225', 674, 31, NULL, 'tidaklolos', '2024-01-17 06:17:09', '2024-01-17 06:17:09'),
(33, 'ci1QtdH5kD1705472225', 246, 17, '2002-01-28', 'lolos', '2024-01-17 06:17:09', '2024-01-17 06:17:09'),
(34, 'ynw1FOu6U11705472225', 622, 30, '1972-12-16', 'belum', '2024-01-17 06:17:09', '2024-01-17 06:17:09'),
(35, 'Zdnpsl119x1705472225', 90, 47, NULL, 'tidaklolos', '2024-01-17 06:17:09', '2024-01-17 06:17:09'),
(36, 'GiUgOlV0cE1705472225', 493, 18, '2013-01-01', 'belum', '2024-01-17 06:17:09', '2024-01-17 06:17:09'),
(37, 'pRR7c816Pb1705472225', 105, 49, NULL, 'proses', '2024-01-17 06:17:09', '2024-01-17 06:17:09'),
(38, 'Nl3m1Mj0JJ1705472225', 57, 14, '2017-06-08', 'belum', '2024-01-17 06:17:09', '2024-01-17 06:17:09'),
(39, 'PydCbVoWgu1705472225', 604, 23, '2012-08-24', 'lolos', '2024-01-17 06:17:09', '2024-01-17 06:17:09'),
(40, 'zY3RZ5GZWU1705472225', 606, 18, '2013-10-26', 'tidaklolos', '2024-01-17 06:17:09', '2024-01-17 06:17:09'),
(41, 'CPhOqNbUe71705472225', 637, 45, NULL, 'lolos', '2024-01-17 06:17:09', '2024-01-17 06:17:09'),
(42, 'jFkwnER70z1705472225', 308, 49, NULL, 'lolos', '2024-01-17 06:17:09', '2024-01-17 06:17:09'),
(43, 'dXm2iwUu5x1705472225', 254, 34, NULL, 'belum', '2024-01-17 06:17:09', '2024-01-17 06:17:09'),
(44, 'vuSKeBAduh1705472225', 917, 32, NULL, 'lolos', '2024-01-17 06:17:09', '2024-01-17 06:17:09'),
(45, 'D5mgUGEaVW1705472225', 267, 12, NULL, 'proses', '2024-01-17 06:17:09', '2024-01-17 06:17:09'),
(46, '0BUoLft5Qi1705472225', 30, 12, '1988-04-12', 'proses', '2024-01-17 06:17:09', '2024-01-17 06:17:09'),
(47, 'FzOfzHjIMW1705472225', 360, 17, '1971-03-19', 'lolos', '2024-01-17 06:17:09', '2024-01-17 06:17:09'),
(48, 'PL8AifQTi41705472226', 854, 26, '1988-10-20', 'belum', '2024-01-17 06:17:09', '2024-01-17 06:17:09'),
(49, 'ErICJa9d7G1705472226', 600, 4, NULL, 'belum', '2024-01-17 06:17:09', '2024-01-17 06:17:09'),
(50, 'sX7NC5OafE1705472226', 318, 38, '2001-01-16', 'belum', '2024-01-17 06:17:09', '2024-01-17 06:17:09'),
(51, 'eTWh2AS9ac1705472226', 537, 24, '1988-12-21', 'lolos', '2024-01-17 06:17:09', '2024-01-17 06:17:09'),
(52, 'TVxJighIqe1705472226', 902, 32, '1995-04-06', 'lolos', '2024-01-17 06:17:10', '2024-01-17 06:17:10'),
(53, 'bnHwf2nVBr1705472226', 125, 32, NULL, 'belum', '2024-01-17 06:17:10', '2024-01-17 06:17:10'),
(54, 'XGE190mGTY1705472226', 662, 15, '1970-06-14', 'wawancara', '2024-01-17 06:17:10', '2024-01-17 06:17:10'),
(55, '4n9OI8LDsM1705472226', 819, 8, NULL, 'proses', '2024-01-17 06:17:10', '2024-01-17 06:17:10'),
(56, 'CNLKDTCT3m1705472226', 545, 16, NULL, 'wawancara', '2024-01-17 06:17:10', '2024-01-17 06:17:10'),
(57, 'Tk4z3p2GmO1705472226', 960, 1, NULL, 'proses', '2024-01-17 06:17:10', '2024-01-17 06:17:10'),
(58, 'r9mtYr3HfR1705472226', 642, 20, NULL, 'tidaklolos', '2024-01-17 06:17:10', '2024-01-17 06:17:10'),
(59, 'amxBipDEK61705472226', 780, 13, NULL, 'lolos', '2024-01-17 06:17:10', '2024-01-17 06:17:10'),
(60, 'A4WLIUII6H1705472226', 834, 16, '1994-03-30', 'wawancara', '2024-01-17 06:17:10', '2024-01-17 06:17:10'),
(61, 'hNUUllCmCz1705472226', 218, 47, '1986-11-04', 'belum', '2024-01-17 06:17:10', '2024-01-17 06:17:10'),
(62, 'alBHDox6bv1705472226', 157, 17, '2009-02-21', 'tidaklolos', '2024-01-17 06:17:10', '2024-01-17 06:17:10'),
(63, 'RdtSB0xIg41705472226', 258, 11, '2009-10-12', 'proses', '2024-01-17 06:17:10', '2024-01-17 06:17:10'),
(64, 'teKarUwXqH1705472226', 800, 35, NULL, 'proses', '2024-01-17 06:17:10', '2024-01-17 06:17:10'),
(65, '1loHI5Mmmk1705472226', 786, 48, NULL, 'wawancara', '2024-01-17 06:17:10', '2024-01-17 06:17:10'),
(66, '48rInB6vtH1705472226', 671, 47, NULL, 'wawancara', '2024-01-17 06:17:10', '2024-01-17 06:17:10'),
(67, 'Mg0QwXiC9H1705472226', 905, 49, '1992-07-24', 'lolos', '2024-01-17 06:17:10', '2024-01-17 06:17:10'),
(68, 'ps1buCHybp1705472226', 505, 47, '2023-07-05', 'belum', '2024-01-17 06:17:10', '2024-01-17 06:17:10'),
(69, 'CY9r9weK6q1705472226', 256, 41, '1996-07-29', 'proses', '2024-01-17 06:17:10', '2024-01-17 06:17:10'),
(70, 'CUjcyHe0z51705472226', 677, 3, NULL, 'proses', '2024-01-17 06:17:10', '2024-01-17 06:17:10'),
(71, 'LIygwexUen1705472226', 89, 36, NULL, 'belum', '2024-01-17 06:17:10', '2024-01-17 06:17:10'),
(72, 'd6O7QTghib1705472226', 926, 22, NULL, 'lolos', '2024-01-17 06:17:10', '2024-01-17 06:17:10'),
(73, 'qNogAO3tsj1705472226', 1001, 2, NULL, 'proses', '2024-01-17 06:17:10', '2024-01-17 06:17:10'),
(74, 'cuUXJr2xL81705472226', 888, 50, NULL, 'proses', '2024-01-17 06:17:10', '2024-01-17 06:17:10'),
(75, '1tcJpolnZH1705472226', 83, 16, '2009-01-27', 'lolos', '2024-01-17 06:17:10', '2024-01-17 06:17:10'),
(76, 'SppDP4gfIy1705472226', 714, 42, '1996-12-13', 'lolos', '2024-01-17 06:17:10', '2024-01-17 06:17:10'),
(77, 'vC1kLKwdHJ1705472226', 832, 8, '2000-12-28', 'belum', '2024-01-17 06:17:10', '2024-01-17 06:17:10'),
(78, 'ejcaqXLwcT1705472226', 296, 10, NULL, 'tidaklolos', '2024-01-17 06:17:10', '2024-01-17 06:17:10'),
(79, 'khXHX3lyYs1705472226', 496, 17, '1996-10-11', 'tidaklolos', '2024-01-17 06:17:10', '2024-01-17 06:17:10'),
(80, 'wMlBxWaaPQ1705472226', 138, 22, NULL, 'proses', '2024-01-17 06:17:10', '2024-01-17 06:17:10'),
(81, '9c26Mn3Yj61705472226', 294, 48, NULL, 'wawancara', '2024-01-17 06:17:10', '2024-01-17 06:17:10'),
(82, 'fAiGJaQfHm1705472226', 986, 38, '1998-10-09', 'lolos', '2024-01-17 06:17:10', '2024-01-17 06:17:10'),
(83, 'm3YtVN0hsK1705472226', 732, 27, NULL, 'tidaklolos', '2024-01-17 06:17:10', '2024-01-17 06:17:10'),
(84, 'OWT7jEeweV1705472226', 653, 4, NULL, 'lolos', '2024-01-17 06:17:10', '2024-01-17 06:17:10'),
(85, 'ZNNeBzoIMf1705472226', 59, 9, NULL, 'proses', '2024-01-17 06:17:10', '2024-01-17 06:17:10'),
(86, 'zMD2qzKJBb1705472226', 899, 28, '2014-01-23', 'proses', '2024-01-17 06:17:10', '2024-01-17 06:17:10'),
(87, '2sHjpDqKip1705472227', 4, 26, '1987-04-16', 'belum', '2024-01-17 06:17:10', '2024-01-17 06:17:10'),
(88, 'B3oV0lEvFi1705472227', 573, 5, '1986-10-13', 'wawancara', '2024-01-17 06:17:10', '2024-01-17 06:17:10'),
(89, 'ZYJlR7DxcU1705472227', 395, 30, '2020-12-03', 'tidaklolos', '2024-01-17 06:17:10', '2024-01-17 06:17:10'),
(90, 'kqtzkKMg2i1705472227', 457, 16, '2020-12-26', 'lolos', '2024-01-17 06:17:10', '2024-01-17 06:17:10'),
(91, 'uEVKmLlODB1705472227', 500, 43, NULL, 'lolos', '2024-01-17 06:17:10', '2024-01-17 06:17:10'),
(92, 'sQGMPHgbWs1705472227', 43, 48, NULL, 'lolos', '2024-01-17 06:17:10', '2024-01-17 06:17:10'),
(93, 'xykp1napJf1705472227', 768, 32, NULL, 'wawancara', '2024-01-17 06:17:10', '2024-01-17 06:17:10'),
(94, 'CDsF3oieYS1705472227', 261, 4, NULL, 'belum', '2024-01-17 06:17:10', '2024-01-17 06:17:10'),
(95, 'lnXTREQsot1705472227', 750, 23, NULL, 'lolos', '2024-01-17 06:17:10', '2024-01-17 06:17:10'),
(96, 'd3DWEcRT7p1705472227', 203, 10, NULL, 'wawancara', '2024-01-17 06:17:10', '2024-01-17 06:17:10'),
(97, 'DATfWse1Lt1705472227', 585, 38, '2023-08-08', 'proses', '2024-01-17 06:17:10', '2024-01-17 06:17:10'),
(98, 'W1junmfd8g1705472227', 931, 49, '1980-05-14', 'wawancara', '2024-01-17 06:17:10', '2024-01-17 06:17:10'),
(99, 'FtABeTtXa31705472227', 56, 17, NULL, 'lolos', '2024-01-17 06:17:10', '2024-01-17 06:17:10'),
(100, 'O3Gufode4j1705472227', 13, 41, NULL, 'tidaklolos', '2024-01-17 06:17:10', '2024-01-17 06:17:10'),
(101, 'AF2dVkbNq91705472227', 254, 7, NULL, 'belum', '2024-01-17 06:17:10', '2024-01-17 06:17:10'),
(102, 'dCWS6HZ6Sh1705472227', 494, 36, NULL, 'wawancara', '2024-01-17 06:17:10', '2024-01-17 06:17:10'),
(103, '1iDExW4Ykj1705472227', 539, 20, '2000-05-28', 'proses', '2024-01-17 06:17:10', '2024-01-17 06:17:10'),
(104, 'dvFhHMcUxj1705472227', 551, 19, NULL, 'tidaklolos', '2024-01-17 06:17:10', '2024-01-17 06:17:10'),
(105, 'zgbYQMpBsf1705472227', 202, 24, '1988-10-24', 'wawancara', '2024-01-17 06:17:10', '2024-01-17 06:17:10'),
(106, 'G1WCB0x8Ya1705472227', 413, 40, NULL, 'lolos', '2024-01-17 06:17:10', '2024-01-17 06:17:10'),
(107, 'mqQ4Kr6jDG1705472227', 861, 47, '1992-12-23', 'wawancara', '2024-01-17 06:17:10', '2024-01-17 06:17:10'),
(108, 'wFUYn8vVP11705472227', 988, 19, '1975-09-29', 'tidaklolos', '2024-01-17 06:17:10', '2024-01-17 06:17:10'),
(109, 'WxFVzykcqD1705472227', 172, 41, NULL, 'proses', '2024-01-17 06:17:10', '2024-01-17 06:17:10'),
(110, '498QhaHu2F1705472227', 879, 39, NULL, 'wawancara', '2024-01-17 06:17:10', '2024-01-17 06:17:10'),
(111, 'W691VBR9vi1705472227', 766, 15, '1991-10-09', 'tidaklolos', '2024-01-17 06:17:10', '2024-01-17 06:17:10'),
(112, 'krkUpaPIOB1705472227', 370, 36, NULL, 'belum', '2024-01-17 06:17:10', '2024-01-17 06:17:10'),
(113, 'xwRhPRWXGx1705472227', 279, 2, NULL, 'wawancara', '2024-01-17 06:17:10', '2024-01-17 06:17:10'),
(114, 'RPj6LEbYtI1705472227', 593, 45, '1987-06-02', 'tidaklolos', '2024-01-17 06:17:10', '2024-01-17 06:17:10'),
(115, 'KLVu00TS7Z1705472227', 684, 4, '1985-04-10', 'proses', '2024-01-17 06:17:10', '2024-01-17 06:17:10'),
(116, '8SKNlLHdfA1705472227', 24, 32, NULL, 'tidaklolos', '2024-01-17 06:17:10', '2024-01-17 06:17:10'),
(117, 'FWa6dwhVit1705472227', 627, 7, NULL, 'tidaklolos', '2024-01-17 06:17:10', '2024-01-17 06:17:10'),
(118, '2PeZ6fnU2N1705472227', 573, 25, NULL, 'proses', '2024-01-17 06:17:10', '2024-01-17 06:17:10'),
(119, 'gxWdjIeSYp1705472227', 456, 50, NULL, 'lolos', '2024-01-17 06:17:10', '2024-01-17 06:17:10'),
(120, 'lmJeIfCmmJ1705472227', 304, 39, '2012-12-25', 'belum', '2024-01-17 06:17:10', '2024-01-17 06:17:10'),
(121, 'cn5xmXjs541705472227', 431, 49, NULL, 'lolos', '2024-01-17 06:17:10', '2024-01-17 06:17:10'),
(122, 'x0zBNmmyTj1705472227', 344, 41, NULL, 'wawancara', '2024-01-17 06:17:10', '2024-01-17 06:17:10'),
(123, 'bn6pAjnUca1705472227', 218, 44, '2005-11-28', 'wawancara', '2024-01-17 06:17:10', '2024-01-17 06:17:10'),
(124, 'U4KC1tFcZN1705472227', 970, 42, '1983-03-03', 'proses', '2024-01-17 06:17:10', '2024-01-17 06:17:10'),
(125, 'e5X7zGByy41705472227', 45, 9, NULL, 'tidaklolos', '2024-01-17 06:17:10', '2024-01-17 06:17:10'),
(126, 'T5sg7fnxff1705472227', 834, 34, '2005-07-08', 'proses', '2024-01-17 06:17:10', '2024-01-17 06:17:10'),
(127, 'UPE97qzwQn1705472227', 998, 17, '1983-09-29', 'lolos', '2024-01-17 06:17:10', '2024-01-17 06:17:10'),
(128, 'o8M3AXWEiM1705472228', 509, 31, NULL, 'tidaklolos', '2024-01-17 06:17:10', '2024-01-17 06:17:10'),
(129, 'GxB1w8ocOt1705472228', 838, 16, '1971-12-17', 'lolos', '2024-01-17 06:17:10', '2024-01-17 06:17:10'),
(130, 'lKwZSZdkl61705472228', 543, 12, '2023-02-21', 'tidaklolos', '2024-01-17 06:17:10', '2024-01-17 06:17:10'),
(131, 'QXeEkv8Hbr1705472228', 782, 39, '2013-08-14', 'wawancara', '2024-01-17 06:17:10', '2024-01-17 06:17:10'),
(132, 'jYKMZwAu0Q1705472228', 89, 32, NULL, 'lolos', '2024-01-17 06:17:10', '2024-01-17 06:17:10'),
(133, '05nThfSFy01705472228', 710, 50, NULL, 'belum', '2024-01-17 06:17:10', '2024-01-17 06:17:10'),
(134, 'LvtbabW6pY1705472228', 19, 19, '1973-07-05', 'lolos', '2024-01-17 06:17:10', '2024-01-17 06:17:10'),
(135, 'OBSFWzPVhb1705472228', 78, 48, NULL, 'lolos', '2024-01-17 06:17:10', '2024-01-17 06:17:10'),
(136, 'rnqoBI7b3c1705472228', 298, 47, NULL, 'tidaklolos', '2024-01-17 06:17:10', '2024-01-17 06:17:10'),
(137, 'ivHXyqU3Vw1705472228', 791, 40, NULL, 'wawancara', '2024-01-17 06:17:10', '2024-01-17 06:17:10'),
(138, 'MkSBx9F2A41705472228', 50, 44, '2012-12-15', 'lolos', '2024-01-17 06:17:10', '2024-01-17 06:17:10'),
(139, 'Af1EH9SBLo1705472228', 744, 31, '2010-12-12', 'tidaklolos', '2024-01-17 06:17:10', '2024-01-17 06:17:10'),
(140, 'N0aOr7rdiS1705472228', 576, 50, '1993-08-07', 'proses', '2024-01-17 06:17:10', '2024-01-17 06:17:10'),
(141, 'K85DNxIaPd1705472228', 512, 46, '2007-12-24', 'lolos', '2024-01-17 06:17:10', '2024-01-17 06:17:10'),
(142, 'YqzEjdyOBk1705472228', 778, 23, NULL, 'proses', '2024-01-17 06:17:10', '2024-01-17 06:17:10'),
(143, 'Dsob9F7gI51705472228', 670, 34, '1998-09-24', 'tidaklolos', '2024-01-17 06:17:10', '2024-01-17 06:17:10'),
(144, 'qiixLpJTAS1705472228', 725, 14, '2023-06-05', 'belum', '2024-01-17 06:17:10', '2024-01-17 06:17:10'),
(145, 'DNhdHH0Bno1705472228', 505, 36, NULL, 'wawancara', '2024-01-17 06:17:10', '2024-01-17 06:17:10'),
(146, 'smTxavPi5g1705472228', 414, 26, NULL, 'lolos', '2024-01-17 06:17:10', '2024-01-17 06:17:10'),
(147, '0t7zkIjJPw1705472228', 305, 47, NULL, 'wawancara', '2024-01-17 06:17:10', '2024-01-17 06:17:10'),
(148, 'he2oc3d9F51705472228', 86, 10, '1972-12-14', 'proses', '2024-01-17 06:17:10', '2024-01-17 06:17:10'),
(149, 'dvMVAo6VFc1705472228', 6, 18, '1988-12-23', 'wawancara', '2024-01-17 06:17:10', '2024-01-17 06:17:10'),
(150, 'W6VKVFt77K1705472228', 944, 33, NULL, 'wawancara', '2024-01-17 06:17:10', '2024-01-17 06:17:10'),
(151, 'DGgiHvF2sN1705472228', 385, 43, '2006-05-02', 'lolos', '2024-01-17 06:17:10', '2024-01-17 06:17:10'),
(152, 'l0SV1iKcbv1705472228', 804, 42, '2020-07-11', 'tidaklolos', '2024-01-17 06:17:10', '2024-01-17 06:17:10'),
(153, 'tKEvDhPnOX1705472228', 275, 21, '1986-10-20', 'belum', '2024-01-17 06:17:10', '2024-01-17 06:17:10'),
(154, 'Yp1QrFGKCC1705472228', 173, 25, '2021-01-23', 'proses', '2024-01-17 06:17:10', '2024-01-17 06:17:10'),
(155, 'FAxrz0zODJ1705472228', 133, 10, NULL, 'tidaklolos', '2024-01-17 06:17:10', '2024-01-17 06:17:10'),
(156, 'VVAdhRBXf31705472228', 558, 42, NULL, 'lolos', '2024-01-17 06:17:10', '2024-01-17 06:17:10'),
(157, 'tBtO7oM6id1705472228', 675, 7, '1993-01-16', 'proses', '2024-01-17 06:17:10', '2024-01-17 06:17:10'),
(158, '8vtY9EF7Gy1705472228', 675, 22, NULL, 'proses', '2024-01-17 06:17:10', '2024-01-17 06:17:10'),
(159, 'Fl3zvn8cmu1705472228', 496, 12, NULL, 'lolos', '2024-01-17 06:17:10', '2024-01-17 06:17:10'),
(160, 'jw60euCqpc1705472228', 596, 21, NULL, 'proses', '2024-01-17 06:17:10', '2024-01-17 06:17:10'),
(161, 'jvgjNIvX0b1705472228', 661, 13, '2001-09-06', 'lolos', '2024-01-17 06:17:10', '2024-01-17 06:17:10'),
(162, 'ZMVcd9A0wG1705472228', 230, 13, NULL, 'tidaklolos', '2024-01-17 06:17:10', '2024-01-17 06:17:10'),
(163, 'hkagG1WjMJ1705472228', 114, 1, '1981-03-04', 'lolos', '2024-01-17 06:17:10', '2024-01-17 06:17:10'),
(164, 'tduefus4H41705472228', 744, 43, NULL, 'belum', '2024-01-17 06:17:10', '2024-01-17 06:17:10'),
(165, 'jfRV1XX4tO1705472228', 690, 28, NULL, 'wawancara', '2024-01-17 06:17:10', '2024-01-17 06:17:10'),
(166, 'xq54U2NbQP1705472229', 571, 11, '2017-05-01', 'lolos', '2024-01-17 06:17:10', '2024-01-17 06:17:10'),
(167, 'u75P8Z9Lbt1705472229', 577, 19, NULL, 'lolos', '2024-01-17 06:17:10', '2024-01-17 06:17:10'),
(168, 'mAeqRJlfZB1705472229', 201, 43, NULL, 'wawancara', '2024-01-17 06:17:10', '2024-01-17 06:17:10'),
(169, 'k56NT0P9vP1705472229', 464, 26, NULL, 'tidaklolos', '2024-01-17 06:17:10', '2024-01-17 06:17:10'),
(170, 'BldaAOE4BI1705472229', 241, 49, '2014-11-17', 'belum', '2024-01-17 06:17:10', '2024-01-17 06:17:10'),
(171, 'eQ2a28CKfB1705472229', 696, 38, '1987-03-29', 'wawancara', '2024-01-17 06:17:10', '2024-01-17 06:17:10'),
(172, '8dOUSLNOLU1705472229', 502, 18, NULL, 'tidaklolos', '2024-01-17 06:17:10', '2024-01-17 06:17:10'),
(173, 'FJzUZqi9gx1705472229', 942, 43, '2004-08-04', 'proses', '2024-01-17 06:17:10', '2024-01-17 06:17:10'),
(174, 'LKAbaEmRNE1705472229', 730, 20, NULL, 'tidaklolos', '2024-01-17 06:17:10', '2024-01-17 06:17:10'),
(175, 'QxTW1FS61D1705472229', 17, 22, NULL, 'tidaklolos', '2024-01-17 06:17:10', '2024-01-17 06:17:10'),
(176, 'mnIW918qr21705472229', 634, 45, '2009-11-23', 'proses', '2024-01-17 06:17:10', '2024-01-17 06:17:10'),
(177, 'DNu767XY6I1705472229', 193, 37, '2009-08-12', 'proses', '2024-01-17 06:17:10', '2024-01-17 06:17:10'),
(178, 'BSOk9l5lTA1705472229', 269, 33, '1984-02-20', 'tidaklolos', '2024-01-17 06:17:10', '2024-01-17 06:17:10'),
(179, 'AjIe5WkIsD1705472229', 987, 33, NULL, 'tidaklolos', '2024-01-17 06:17:10', '2024-01-17 06:17:10'),
(180, 'qLLY6MvRPV1705472229', 782, 25, '2012-04-02', 'tidaklolos', '2024-01-17 06:17:10', '2024-01-17 06:17:10'),
(181, 'oHrlIzm4WG1705472229', 67, 33, NULL, 'wawancara', '2024-01-17 06:17:10', '2024-01-17 06:17:10'),
(182, 'dRS0f9bSjU1705472229', 745, 2, NULL, 'tidaklolos', '2024-01-17 06:17:10', '2024-01-17 06:17:10'),
(183, 'ts9mxpwoTd1705472229', 779, 45, NULL, 'proses', '2024-01-17 06:17:10', '2024-01-17 06:17:10'),
(184, 'pmdfMEMfSS1705472229', 496, 9, NULL, 'wawancara', '2024-01-17 06:17:10', '2024-01-17 06:17:10'),
(185, '8UjNaYvYbP1705472229', 886, 44, '1981-05-16', 'wawancara', '2024-01-17 06:17:10', '2024-01-17 06:17:10'),
(186, 'ubVy16XQf01705472229', 991, 29, NULL, 'proses', '2024-01-17 06:17:10', '2024-01-17 06:17:10'),
(187, 'PcvSkPMfss1705472229', 975, 13, NULL, 'wawancara', '2024-01-17 06:17:10', '2024-01-17 06:17:10'),
(188, 'nA8Xl5gap31705472229', 22, 3, NULL, 'proses', '2024-01-17 06:17:10', '2024-01-17 06:17:10'),
(189, 'MRHqr6iBOa1705472229', 45, 30, '1985-02-16', 'tidaklolos', '2024-01-17 06:17:10', '2024-01-17 06:17:10'),
(190, 'Hb6Pu0zGot1705472229', 584, 18, '2011-07-11', 'wawancara', '2024-01-17 06:17:10', '2024-01-17 06:17:10'),
(191, 'lVPXx5iYqg1705472229', 540, 25, '1985-01-10', 'proses', '2024-01-17 06:17:10', '2024-01-17 06:17:10'),
(192, '7toMjSUOTh1705472229', 876, 34, NULL, 'lolos', '2024-01-17 06:17:10', '2024-01-17 06:17:10'),
(193, 'tl8lDOPX6D1705472229', 378, 3, '1998-08-16', 'tidaklolos', '2024-01-17 06:17:10', '2024-01-17 06:17:10'),
(194, '5iDf6xkKQq1705472229', 654, 30, NULL, 'wawancara', '2024-01-17 06:17:10', '2024-01-17 06:17:10'),
(195, 'rYGcyvwCFk1705472229', 465, 15, '2003-01-08', 'tidaklolos', '2024-01-17 06:17:10', '2024-01-17 06:17:10'),
(196, 'XI2xsABlkt1705472229', 225, 37, '1984-11-27', 'wawancara', '2024-01-17 06:17:10', '2024-01-17 06:17:10'),
(197, 'Bz9Va58ivP1705472229', 274, 13, NULL, 'tidaklolos', '2024-01-17 06:17:10', '2024-01-17 06:17:10'),
(198, 'DqxOGk5O8p1705472229', 400, 4, '1970-10-23', 'belum', '2024-01-17 06:17:10', '2024-01-17 06:17:10'),
(199, 'Ym5yJGl4So1705472229', 934, 4, '1990-05-11', 'belum', '2024-01-17 06:17:10', '2024-01-17 06:17:10'),
(200, '5la5RhOIBB1705472229', 61, 27, NULL, 'wawancara', '2024-01-17 06:17:10', '2024-01-17 06:17:10');

-- --------------------------------------------------------

--
-- Table structure for table `lokers`
--

CREATE TABLE `lokers` (
  `id` bigint(20) UNSIGNED NOT NULL,
  `idt` varchar(255) NOT NULL,
  `admin_id` bigint(20) UNSIGNED NOT NULL,
  `dudi_id` bigint(20) UNSIGNED NOT NULL,
  `status` enum('buka','tutup') NOT NULL,
  `tanggal_diunggah` date NOT NULL,
  `tanggal_batas` date NOT NULL,
  `kual_pend` enum('sd','smp','sma','d3','s1') NOT NULL,
  `kual_jurusan` varchar(255) DEFAULT NULL,
  `judul` varchar(255) NOT NULL,
  `posisi` varchar(255) NOT NULL,
  `isi` text NOT NULL,
  `cover` varchar(255) NOT NULL DEFAULT 'cover-loker.jpg',
  `info` enum('internal','eksternal') NOT NULL,
  `created_at` timestamp NULL DEFAULT NULL,
  `updated_at` timestamp NULL DEFAULT NULL
) ENGINE=InnoDB DEFAULT CHARSET=utf8mb4 COLLATE=utf8mb4_unicode_ci;

--
-- Dumping data for table `lokers`
--

INSERT INTO `lokers` (`id`, `idt`, `admin_id`, `dudi_id`, `status`, `tanggal_diunggah`, `tanggal_batas`, `kual_pend`, `kual_jurusan`, `judul`, `posisi`, `isi`, `cover`, `info`, `created_at`, `updated_at`) VALUES
(1, 'alias-reprehenderit-dolorum-esse-enim-quaerat-distinctio-17054722228qiz9', 46, 16, 'buka', '2023-04-07', '2023-09-01', 's1', 'vitae', 'Alias reprehenderit dolorum esse enim quaerat distinctio.', 'Penulis', 'Ex reprehenderit consequatur reprehenderit. Id odit eum enim placeat aliquid numquam exercitationem nobis. Incidunt maxime blanditiis rerum illo minus asperiores.', 'cover-loker.jpg', 'internal', '2024-01-17 06:17:04', '2024-01-17 06:17:04'),
(2, 'molestiae-ipsa-omnis-molestiae-tenetur-1705472222MkyXN', 27, 12, 'buka', '2023-06-26', '2023-11-15', 's1', 'maiores', 'Molestiae ipsa omnis molestiae tenetur.', 'Transportasi', 'Rem tempora distinctio ex temporibus a in. Praesentium dolores quis dolores sit dolorem accusamus veniam. Sunt voluptas ullam cupiditate enim similique fugiat maxime. Officia et earum unde neque aut ad.', 'cover-loker.jpg', 'internal', '2024-01-17 06:17:04', '2024-01-17 06:17:04'),
(3, 'voluptas-libero-omnis-adipisci-qui-qui-1705472222Ibf9Q', 7, 22, 'tutup', '2023-01-19', '2023-06-11', 'smp', 'perferendis', 'Voluptas libero omnis adipisci qui qui.', 'Perdagangan', 'Fugiat et itaque nemo sed laudantium non voluptas. Ex officiis quis sed in. Et et ut est.', 'cover-loker.jpg', 'eksternal', '2024-01-17 06:17:04', '2024-01-17 06:17:04'),
(4, 'at-quas-in-possimus-inventore-facere-1705472222v3X0X', 25, 14, 'buka', '2023-10-01', '2023-12-19', 'smp', 'voluptas', 'At quas in possimus inventore facere.', 'Tukang Gigi', 'Ipsum iste vel voluptas at quis non. Magnam sed ut aperiam sequi. Unde enim voluptas voluptatem sed et.', 'cover-loker.jpg', 'internal', '2024-01-17 06:17:04', '2024-01-17 06:17:04'),
(5, 'quis-eveniet-consectetur-eos-accusantium-id-fuga-enim-1705472222b8kLB', 14, 21, 'tutup', '2023-06-17', '2023-08-01', 's1', 'autem', 'Quis eveniet consectetur eos accusantium id fuga enim.', 'Kepolisian RI (POLRI)', 'Adipisci ut aliquid aliquam voluptatum aspernatur amet fugiat. Dolores vel sapiente nam provident totam sed. Vero enim et incidunt nihil odio.', 'cover-loker.jpg', 'eksternal', '2024-01-17 06:17:04', '2024-01-17 06:17:04'),
(6, 'quo-consequuntur-quidem-quia-eum-nesciunt-magnam-1705472222p5cRP', 13, 9, 'tutup', '2023-07-02', '2023-02-02', 'smp', 'velit', 'Quo consequuntur quidem quia eum nesciunt magnam.', 'Perawat', 'Corrupti voluptatem aspernatur voluptatem eius et soluta earum. Odio laudantium animi error praesentium quisquam ratione delectus sint. Voluptates mollitia sint et laboriosam architecto consequatur. Reiciendis cum consequuntur aperiam est.', 'cover-loker.jpg', 'internal', '2024-01-17 06:17:04', '2024-01-17 06:17:04'),
(7, 'hic-repudiandae-corporis-nesciunt-velit-dolorem-1705472222WcJ15', 23, 19, 'tutup', '2023-12-07', '2023-01-26', 's1', 'et', 'Hic repudiandae corporis nesciunt velit dolorem.', 'Penata Rias', 'Enim ut quis dolorem amet necessitatibus. Sit sit consectetur quae dolor maiores. Aspernatur quis voluptate odit omnis. Commodi harum ab pariatur harum dolore placeat. Magnam pariatur earum impedit ut.', 'cover-loker.jpg', 'internal', '2024-01-17 06:17:04', '2024-01-17 06:17:04'),
(8, 'sapiente-hic-et-recusandae-molestiae-qui-qui-ea-1705472222h31SN', 20, 3, 'tutup', '2023-04-07', '2023-07-06', 'smp', 'distinctio', 'Sapiente hic et recusandae molestiae qui qui ea.', 'Sopir', 'Ea repudiandae est excepturi autem. Eaque iste rem facere sint qui enim provident. Et adipisci eveniet nobis accusantium et culpa.', 'cover-loker.jpg', 'internal', '2024-01-17 06:17:04', '2024-01-17 06:17:04'),
(9, 'ea-in-et-nihil-eos-hic-1705472222ayWsY', 47, 11, 'tutup', '2023-02-11', '2023-04-04', 'sma', 'assumenda', 'Ea in et nihil eos hic.', 'Pramugari', 'Molestias et est pariatur aut. Culpa quia sit error amet odit id voluptatem. Eveniet voluptatem consequatur laborum quibusdam ex et distinctio.', 'cover-loker.jpg', 'internal', '2024-01-17 06:17:04', '2024-01-17 06:17:04'),
(10, 'qui-quia-quibusdam-nostrum-1705472222ltbRA', 12, 1, 'tutup', '2023-01-02', '2023-08-20', 'd3', 'occaecati', 'Qui quia quibusdam nostrum.', 'Peternak', 'Ea illum dicta aliquam. Distinctio saepe doloribus qui voluptatem consequatur. Dolor soluta eligendi sit aut sed.', 'cover-loker.jpg', 'eksternal', '2024-01-17 06:17:04', '2024-01-17 06:17:04'),
(11, 'doloribus-dolorem-eaque-qui-eos-17054722238CTIQ', 34, 4, 'buka', '2023-10-12', '2023-07-21', 'sd', 'cum', 'Doloribus dolorem eaque qui eos.', 'Pramugari', 'Dolor molestiae praesentium asperiores corporis. Dolores eligendi qui at sapiente molestiae quia qui sunt. Aliquam ad nobis omnis maiores.', 'cover-loker.jpg', 'internal', '2024-01-17 06:17:04', '2024-01-17 06:17:04'),
(12, 'ullam-nihil-facere-voluptas-voluptatum-natus-1705472223h1tQB', 48, 23, 'tutup', '2023-11-08', '2023-04-01', 's1', 'aut', 'Ullam nihil facere voluptas voluptatum natus.', 'Programmer', 'Ea est omnis vero et fugiat ipsum unde. Ad eos expedita porro et debitis iste. Recusandae ipsa dolorum iure commodi atque voluptatem officiis. Neque repellendus consequatur esse culpa vero dolores.', 'cover-loker.jpg', 'eksternal', '2024-01-17 06:17:04', '2024-01-17 06:17:04'),
(13, 'non-ullam-facilis-consectetur-omnis-quia-1705472223aPGNV', 52, 26, 'tutup', '2023-05-30', '2023-03-01', 'sma', 'esse', 'Non ullam facilis consectetur omnis quia.', 'Promotor Acara', 'Quod sed expedita est non. Voluptatum numquam dolor velit aliquam facilis. Sed ullam a natus dicta.', 'cover-loker.jpg', 'eksternal', '2024-01-17 06:17:04', '2024-01-17 06:17:04'),
(14, 'atque-itaque-tenetur-aut-magni-ea-eligendi-voluptate-numquam-170547222388Ixo', 31, 9, 'tutup', '2023-02-21', '2023-05-01', 's1', 'et', 'Atque itaque tenetur aut magni ea eligendi voluptate numquam.', 'Pelaut', 'Tenetur tenetur inventore aspernatur et. Earum aliquid quae nihil reprehenderit optio consequatur vel. Voluptatem earum error qui aliquam nihil commodi facilis.', 'cover-loker.jpg', 'internal', '2024-01-17 06:17:04', '2024-01-17 06:17:04'),
(15, 'exercitationem-repellendus-mollitia-laudantium-officiis-possimus-perspiciatis-1705472223Ki8Ac', 38, 22, 'tutup', '2023-02-13', '2023-10-18', 's1', 'quis', 'Exercitationem repellendus mollitia laudantium officiis possimus perspiciatis.', 'Pilot', 'Qui velit esse possimus est libero aut voluptatem. Nulla sunt consequatur possimus molestiae consequatur. Qui non voluptatem eligendi ea.', 'cover-loker.jpg', 'internal', '2024-01-17 06:17:04', '2024-01-17 06:17:04'),
(16, 'veniam-et-mollitia-quia-earum-fugit-illum-beatae-1705472223FOrpH', 48, 24, 'buka', '2023-07-24', '2023-10-09', 'd3', 'facere', 'Veniam et mollitia quia earum fugit illum beatae.', 'Perdagangan', 'Deleniti ex error nostrum qui. Ut culpa aut voluptas aut. Ipsa quia unde et dignissimos.', 'cover-loker.jpg', 'internal', '2024-01-17 06:17:04', '2024-01-17 06:17:04'),
(17, 'et-unde-eum-et-debitis-vero-cupiditate-quis-17054722230SF5T', 22, 8, 'tutup', '2023-01-05', '2023-06-01', 'smp', 'sint', 'Et unde eum et debitis vero cupiditate quis.', 'Tukang Las / Pandai Besi', 'Eum quos quasi maiores commodi et nemo. Non eum illum repudiandae. Eveniet fugiat quo sed ea ut perferendis.', 'cover-loker.jpg', 'internal', '2024-01-17 06:17:04', '2024-01-17 06:17:04'),
(18, 'dolorem-totam-necessitatibus-accusamus-doloribus-et-1705472223fS5Mg', 19, 16, 'buka', '2023-09-24', '2023-09-22', 'd3', 'ratione', 'Dolorem totam necessitatibus accusamus doloribus et.', 'Penyelam', 'Vel consectetur ullam excepturi dolor omnis ipsam. Facere aut nisi sed facilis ipsam accusamus enim. Odio nihil reiciendis aperiam deleniti sunt quae quis sequi. Quis eum hic culpa sequi sapiente sit et.', 'cover-loker.jpg', 'eksternal', '2024-01-17 06:17:04', '2024-01-17 06:17:04'),
(19, 'modi-beatae-vitae-tempore-1705472223CQWen', 6, 16, 'tutup', '2023-12-13', '2023-01-04', 'sd', 'eius', 'Modi beatae vitae tempore.', 'Dosen', 'Autem voluptatibus ipsam qui voluptas sunt quisquam. Non esse rerum quis quia nihil labore. Excepturi velit voluptatem occaecati non.', 'cover-loker.jpg', 'eksternal', '2024-01-17 06:17:04', '2024-01-17 06:17:04'),
(20, 'sunt-a-eaque-qui-saepe-1705472223WRxqe', 14, 8, 'tutup', '2023-10-01', '2023-10-13', 'sd', 'odio', 'Sunt a eaque qui saepe.', 'Pialang', 'Quia ipsum eum nulla nostrum et. Nihil voluptatem enim veniam rerum quis sit exercitationem laboriosam. Iste sunt vel debitis velit. Dignissimos corrupti aliquid enim suscipit placeat.', 'cover-loker.jpg', 'internal', '2024-01-17 06:17:04', '2024-01-17 06:17:04'),
(21, 'eos-dolorem-repellendus-dolore-cumque-excepturi-1705472223SUZX2', 16, 30, 'buka', '2023-08-01', '2023-10-28', 'sma', 'quisquam', 'Eos dolorem repellendus dolore cumque excepturi.', 'Nelayan / Perikanan', 'Consequatur facere sunt est fugiat beatae. Asperiores nihil at tempore quibusdam molestiae. Nobis corporis voluptatem omnis. Et porro a distinctio quod.', 'cover-loker.jpg', 'internal', '2024-01-17 06:17:04', '2024-01-17 06:17:04'),
(22, 'consectetur-cupiditate-aut-praesentium-atque-minima-et-omnis-17054722233ERAk', 32, 27, 'tutup', '2023-04-28', '2023-08-19', 'd3', 'consequatur', 'Consectetur cupiditate aut praesentium atque minima et omnis.', 'Pastor', 'Ullam rerum voluptas eum maiores ipsam esse. Saepe vel quo at sed id ut sequi neque. Tenetur sed illo aut nulla non. Earum nihil perferendis dolorum nemo.', 'cover-loker.jpg', 'internal', '2024-01-17 06:17:04', '2024-01-17 06:17:04'),
(23, 'voluptates-dolores-voluptas-ab-1705472223EFGF6', 24, 12, 'tutup', '2023-10-07', '2023-03-21', 'sd', 'laudantium', 'Voluptates dolores voluptas ab.', 'Programmer', 'Et molestias sit asperiores sapiente animi. Repellendus nostrum sit culpa optio officia velit dolores. Molestiae voluptates sed rerum delectus odit.', 'cover-loker.jpg', 'eksternal', '2024-01-17 06:17:04', '2024-01-17 06:17:04'),
(24, 'et-dignissimos-et-ipsam-vitae-id-1705472223N23h4', 18, 9, 'tutup', '2023-06-15', '2023-12-16', 'sd', 'deserunt', 'Et dignissimos et ipsam vitae id.', 'Tabib', 'Eos ea labore error dignissimos exercitationem sit. Doloremque ipsam voluptates maxime voluptas neque eos quo. Veritatis dolores voluptatum tempore maxime nulla fuga. Repudiandae non nam incidunt tenetur.', 'cover-loker.jpg', 'internal', '2024-01-17 06:17:04', '2024-01-17 06:17:04'),
(25, 'et-occaecati-voluptates-ea-1705472223bRXRg', 21, 20, 'buka', '2023-01-03', '2023-02-27', 's1', 'quia', 'Et occaecati voluptates ea.', 'Pastor', 'Occaecati natus eveniet saepe quod cumque assumenda id. At a ut aspernatur earum beatae blanditiis dolor alias.', 'cover-loker.jpg', 'internal', '2024-01-17 06:17:04', '2024-01-17 06:17:04'),
(26, 'minima-est-quisquam-distinctio-sunt-omnis-consequatur-1705472223rJjGd', 12, 7, 'tutup', '2023-01-12', '2023-05-03', 'sma', 'quo', 'Minima est quisquam distinctio sunt omnis consequatur.', 'Karyawan BUMD', 'Animi cumque iure eligendi nostrum in. Autem aspernatur nisi veritatis eos eaque ex. Laborum dicta illum tempore autem. In nobis autem non et.', 'cover-loker.jpg', 'internal', '2024-01-17 06:17:04', '2024-01-17 06:17:04'),
(27, 'non-non-voluptas-vitae-voluptas-odio-laboriosam-1705472223HY2fD', 21, 28, 'tutup', '2023-04-17', '2023-04-17', 'd3', 'expedita', 'Non non voluptas vitae voluptas odio laboriosam.', 'Jaksa', 'In ratione est asperiores dolorem sequi. Id culpa consequatur quasi voluptates ut. Labore ut recusandae est aut repellat omnis quibusdam velit.', 'cover-loker.jpg', 'eksternal', '2024-01-17 06:17:04', '2024-01-17 06:17:04'),
(28, 'aut-quod-amet-placeat-sunt-nisi-sit-ipsum-1705472223uYCTQ', 20, 15, 'buka', '2023-01-28', '2023-02-22', 'd3', 'ipsa', 'Aut quod amet placeat sunt nisi sit ipsum.', 'Arsitek', 'Odio fugiat ab et velit. Quia molestias ratione harum vel iure. Quaerat dicta beatae consequatur.', 'cover-loker.jpg', 'internal', '2024-01-17 06:17:04', '2024-01-17 06:17:04'),
(29, 'exercitationem-quasi-veniam-amet-voluptatum-necessitatibus-pariatur-dolor-1705472223iunZr', 31, 9, 'tutup', '2023-01-15', '2023-01-26', 'd3', 'ipsa', 'Exercitationem quasi veniam amet voluptatum necessitatibus pariatur dolor.', 'Apoteker', 'Enim id nihil sed dolorem laboriosam odit beatae voluptate. Assumenda dolores aut tenetur pariatur dignissimos eligendi. Labore numquam sapiente qui architecto ullam voluptatem.', 'cover-loker.jpg', 'eksternal', '2024-01-17 06:17:04', '2024-01-17 06:17:04'),
(30, 'quis-doloremque-dolorem-minus-officiis-voluptas-tempore-beatae-consequatur-1705472223I132v', 25, 27, 'tutup', '2023-05-20', '2023-06-01', 'sma', 'aperiam', 'Quis doloremque dolorem minus officiis voluptas tempore beatae consequatur.', 'Programmer', 'Corrupti fugit eos delectus iure. Deserunt est deleniti est culpa pariatur quae nemo labore. Ut in aut harum omnis recusandae. Nihil velit error voluptas dolore tempora illum ad. Iure non dignissimos ipsum omnis aspernatur beatae.', 'cover-loker.jpg', 'internal', '2024-01-17 06:17:04', '2024-01-17 06:17:04'),
(31, 'officia-commodi-et-voluptatem-17054722239MWjU', 15, 8, 'tutup', '2023-10-23', '2023-10-21', 'smp', 'enim', 'Officia commodi et voluptatem.', 'Pelajar / Mahasiswa', 'Maxime hic sit soluta hic aliquam error rem. Ipsa odio ut tempora rerum quam vel enim. Odit omnis omnis dolorem quo commodi ut.', 'cover-loker.jpg', 'eksternal', '2024-01-17 06:17:04', '2024-01-17 06:17:04'),
(32, 'totam-optio-et-architecto-sequi-17054722239q65T', 42, 3, 'buka', '2023-09-27', '2023-03-24', 'd3', 'ea', 'Totam optio et architecto sequi.', 'Psikiater / Psikolog', 'Qui voluptatibus earum consequatur velit nam. Eligendi et ratione neque quia aliquam. Fugit accusantium harum dolor cumque facilis itaque et.', 'cover-loker.jpg', 'internal', '2024-01-17 06:17:04', '2024-01-17 06:17:04'),
(33, 'esse-fugiat-facilis-fugiat-explicabo-eos-17054722232JAKw', 35, 9, 'buka', '2023-05-31', '2023-07-03', 'd3', 'impedit', 'Esse fugiat facilis fugiat explicabo eos.', 'Tukang Listrik', 'Expedita est eos ut non corporis eaque consequuntur veritatis. Accusantium ut reiciendis voluptatem velit sit possimus. Ut sit id perferendis voluptatem ea vel.', 'cover-loker.jpg', 'internal', '2024-01-17 06:17:04', '2024-01-17 06:17:04'),
(34, 'voluptate-voluptas-delectus-voluptas-praesentium-sit-ipsum-officiis-1705472223NSdeJ', 51, 26, 'buka', '2023-06-01', '2023-05-11', 's1', 'similique', 'Voluptate voluptas delectus voluptas praesentium sit ipsum officiis.', 'Belum / Tidak Bekerja', 'Vero molestiae atque labore nobis rerum fugit. Labore unde sit vel quia. Molestias veniam molestiae cupiditate minus alias.', 'cover-loker.jpg', 'eksternal', '2024-01-17 06:17:04', '2024-01-17 06:17:04'),
(35, 'quaerat-eveniet-exercitationem-in-in-et-omnis-1705472223TdCHj', 46, 4, 'buka', '2023-09-20', '2023-02-06', 'd3', 'molestiae', 'Quaerat eveniet exercitationem in in et omnis.', 'Tukang Gigi', 'Amet sed aliquam illum magni qui. Rerum quia dolor beatae mollitia quas. Temporibus et ducimus assumenda facere sapiente. Assumenda omnis ut voluptas consectetur qui omnis ut.', 'cover-loker.jpg', 'eksternal', '2024-01-17 06:17:04', '2024-01-17 06:17:04'),
(36, 'necessitatibus-ea-iure-quaerat-blanditiis-accusamus-quia-blanditiis-1705472223E6KIo', 42, 7, 'buka', '2023-03-18', '2023-04-12', 'smp', 'temporibus', 'Necessitatibus ea iure quaerat blanditiis accusamus quia blanditiis.', 'Karyawan BUMN', 'Iste soluta atque sit expedita minima dolores rerum. Ut et debitis explicabo qui dolore ut. Consequatur ratione voluptatem enim magni quam esse et. Voluptas necessitatibus ea maxime.', 'cover-loker.jpg', 'eksternal', '2024-01-17 06:17:04', '2024-01-17 06:17:04'),
(37, 'illo-quo-sit-fugit-sunt-repellat-eos-1705472223Of7C8', 1, 5, 'tutup', '2023-12-07', '2023-10-13', 'sd', 'omnis', 'Illo quo sit fugit sunt repellat eos.', 'Perangkat Desa', 'Animi voluptas omnis dolores ut veritatis adipisci. Sunt laudantium similique neque sit.', 'cover-loker.jpg', 'internal', '2024-01-17 06:17:04', '2024-01-17 06:17:04'),
(38, 'unde-repudiandae-ut-vel-ut-aperiam-nulla-1705472223XC6h3', 2, 2, 'tutup', '2023-06-26', '2023-07-21', 's1', 'dignissimos', 'Unde repudiandae ut vel ut aperiam nulla.', 'Perancang Busana', 'Expedita fugit corporis atque. Aut sed beatae rerum id voluptatem debitis enim.', 'cover-loker.jpg', 'eksternal', '2024-01-17 06:17:04', '2024-01-17 06:17:04'),
(39, 'autem-ut-reiciendis-laboriosam-1705472224ADlhN', 37, 2, 'buka', '2023-01-02', '2023-11-29', 'smp', 'ut', 'Autem ut reiciendis laboriosam.', 'Buruh Tani / Perkebunan', 'Sit doloremque ipsam atque voluptatum. Quia sapiente quia ea velit. Ratione sint quis impedit.', 'cover-loker.jpg', 'eksternal', '2024-01-17 06:17:04', '2024-01-17 06:17:04'),
(40, 'assumenda-et-nesciunt-temporibus-vel-iusto-vitae-sapiente-est-1705472224KOhey', 50, 28, 'buka', '2023-09-13', '2023-12-14', 'd3', 'at', 'Assumenda et nesciunt temporibus vel iusto vitae sapiente est.', 'Kondektur', 'Accusamus sunt omnis nostrum. Est est possimus nemo. Minima qui consequatur doloremque possimus quasi quibusdam.', 'cover-loker.jpg', 'eksternal', '2024-01-17 06:17:04', '2024-01-17 06:17:04'),
(41, 'voluptatem-labore-praesentium-magnam-1705472224dAllF', 13, 22, 'tutup', '2023-10-28', '2023-06-02', 's1', 'aut', 'Voluptatem labore praesentium magnam.', 'Hakim', 'Velit explicabo veritatis dolore ut id aliquam occaecati doloremque. Adipisci temporibus amet dignissimos. Voluptatibus sint sit architecto. Facilis dolorum eos vel labore.', 'cover-loker.jpg', 'internal', '2024-01-17 06:17:04', '2024-01-17 06:17:04'),
(42, 'accusamus-et-modi-est-aperiam-1705472224mrVNx', 14, 25, 'buka', '2023-11-03', '2023-09-05', 's1', 'libero', 'Accusamus et modi est aperiam.', 'Kondektur', 'Sapiente cum voluptatem vero ipsum dolorem dolor. Porro autem voluptatem aut fugiat reprehenderit. Dolore tenetur et earum et amet.', 'cover-loker.jpg', 'internal', '2024-01-17 06:17:04', '2024-01-17 06:17:04'),
(43, 'voluptate-odit-quod-possimus-aliquid-eos-1705472224mJiIq', 35, 20, 'buka', '2023-01-31', '2023-03-21', 'smp', 'ipsa', 'Voluptate odit quod possimus aliquid eos.', 'Tabib', 'Mollitia deleniti assumenda modi non porro optio. Architecto pariatur quis nobis at voluptatem.', 'cover-loker.jpg', 'eksternal', '2024-01-17 06:17:04', '2024-01-17 06:17:04'),
(44, 'sunt-enim-esse-voluptatem-eaque-17054722243nyIi', 51, 18, 'buka', '2023-08-03', '2023-06-08', 's1', 'totam', 'Sunt enim esse voluptatem eaque.', 'Kondektur', 'Voluptas dolor aut quasi eveniet. Alias recusandae ipsam repellat. Et consequatur aspernatur occaecati.', 'cover-loker.jpg', 'eksternal', '2024-01-17 06:17:04', '2024-01-17 06:17:04'),
(45, 'et-incidunt-quis-voluptatum-quam-veniam-1705472224Yr9YJ', 40, 8, 'tutup', '2023-08-15', '2023-05-16', 'sd', 'voluptates', 'Et incidunt quis voluptatum quam veniam.', 'Penambang', 'Quibusdam numquam maxime repellendus. Ratione accusamus temporibus et nemo quam. Est nesciunt commodi at consequuntur ad.', 'cover-loker.jpg', 'eksternal', '2024-01-17 06:17:04', '2024-01-17 06:17:04'),
(46, 'voluptas-iste-tempora-magnam-et-itaque-sit-veniam-17054722247oSKY', 28, 7, 'tutup', '2023-06-07', '2023-11-30', 'sd', 'omnis', 'Voluptas iste tempora magnam et itaque sit veniam.', 'Tukang Kayu', 'Velit modi repellat alias explicabo rerum enim aut dicta. Magni dolorum corrupti sit assumenda porro deserunt nemo. Excepturi eos odit natus doloribus. Dolorum earum maiores dicta quo aut sunt dolores qui.', 'cover-loker.jpg', 'eksternal', '2024-01-17 06:17:04', '2024-01-17 06:17:04'),
(47, 'ea-quisquam-ea-nostrum-dolore-1705472224jZY89', 14, 11, 'buka', '2023-10-25', '2023-04-08', 's1', 'quis', 'Ea quisquam ea nostrum dolore.', 'Kepala Desa', 'Cumque temporibus quasi sed repellat et dicta. Rem odio assumenda commodi quisquam. Consequatur nulla est maiores in saepe.', 'cover-loker.jpg', 'eksternal', '2024-01-17 06:17:04', '2024-01-17 06:17:04'),
(48, 'exercitationem-eligendi-magnam-illo-est-1705472224iN9SA', 18, 6, 'buka', '2023-05-28', '2023-04-12', 'smp', 'et', 'Exercitationem eligendi magnam illo est.', 'Petani / Pekebun', 'Accusamus qui et ducimus. Quae id iure quis ut quod quod aut beatae. Sit voluptas ut hic eaque rerum. Corporis neque nesciunt et odit in.', 'cover-loker.jpg', 'eksternal', '2024-01-17 06:17:04', '2024-01-17 06:17:04'),
(49, 'hic-ab-nostrum-reiciendis-excepturi-sunt-qui-omnis-1705472224B1c5C', 37, 12, 'tutup', '2023-01-03', '2023-02-07', 'd3', 'nisi', 'Hic ab nostrum reiciendis excepturi sunt qui omnis.', 'Montir', 'Esse debitis eligendi officiis iste id fugit et. Nostrum possimus asperiores velit necessitatibus minima dolore. Reiciendis excepturi laboriosam numquam ipsa quis praesentium aut. In qui repudiandae esse temporibus voluptatem aspernatur et voluptas.', 'cover-loker.jpg', 'eksternal', '2024-01-17 06:17:04', '2024-01-17 06:17:04'),
(50, 'quisquam-doloremque-sed-ullam-voluptates-non-libero-maiores-17054722242zqFq', 32, 30, 'buka', '2023-02-20', '2023-12-08', 'd3', 'laudantium', 'Quisquam doloremque sed ullam voluptates non libero maiores.', 'Tukang Batu', 'Consequuntur qui rerum quis vel qui rerum. Consequatur iure veritatis cumque quo ea. Blanditiis illum voluptatum blanditiis harum rerum magnam voluptas. Quo fugiat deserunt dolorem non quibusdam ullam aut quis.', 'cover-loker.jpg', 'eksternal', '2024-01-17 06:17:04', '2024-01-17 06:17:04');

-- --------------------------------------------------------

--
-- Table structure for table `migrations`
--

CREATE TABLE `migrations` (
  `id` int(10) UNSIGNED NOT NULL,
  `migration` varchar(255) NOT NULL,
  `batch` int(11) NOT NULL
) ENGINE=InnoDB DEFAULT CHARSET=utf8mb4 COLLATE=utf8mb4_unicode_ci;

--
-- Dumping data for table `migrations`
--

INSERT INTO `migrations` (`id`, `migration`, `batch`) VALUES
(1, '2014_10_12_100000_create_password_resets_table', 1),
(2, '2019_08_19_000000_create_failed_jobs_table', 1),
(3, '2019_12_14_000001_create_personal_access_tokens_table', 1),
(4, '2023_12_18_035454_create_users_table', 1),
(5, '2023_12_28_134520_create_tentangs_table', 1),
(6, '2023_12_28_134622_create_visimisis_table', 1),
(7, '2023_12_28_134743_create_jenis_kerjasamas_table', 1),
(8, '2023_12_28_134811_create_dudis_table', 1),
(9, '2023_12_28_134824_create_kerjasamas_table', 1),
(10, '2023_12_28_134840_create_angkatans_table', 1),
(11, '2023_12_28_134857_create_jurusans_table', 1),
(12, '2023_12_28_134916_create_kegiatans_table', 1),
(13, '2023_12_28_134943_create_admins_table', 1),
(14, '2023_12_28_135002_create_pelamars_table', 1),
(15, '2023_12_28_135024_create_riwayat_pekerjaans_table', 1),
(16, '2023_12_28_135043_create_berkas_table', 1),
(17, '2023_12_28_135101_create_alumnis_table', 1),
(18, '2023_12_28_135116_create_lokers_table', 1),
(19, '2023_12_28_135132_create_lamarans_table', 1),
(20, '2023_12_28_135151_create_postingans_table', 1),
(21, '2023_12_28_135211_create_testimoni_sekolahs_table', 1),
(22, '2023_12_28_135240_create_testimoni_users_table', 1);

-- --------------------------------------------------------

--
-- Table structure for table `pelamars`
--

CREATE TABLE `pelamars` (
  `id` bigint(20) UNSIGNED NOT NULL,
  `idt` varchar(255) NOT NULL,
  `user_id` bigint(20) UNSIGNED NOT NULL,
  `type` enum('umum','alumni') NOT NULL,
  `nik` varchar(255) DEFAULT NULL,
  `pend_terakhir` varchar(255) DEFAULT NULL,
  `jurusan_terakhir` varchar(255) DEFAULT NULL,
  `tahun_lulus` varchar(255) DEFAULT NULL,
  `created_at` timestamp NULL DEFAULT NULL,
  `updated_at` timestamp NULL DEFAULT NULL
) ENGINE=InnoDB DEFAULT CHARSET=utf8mb4 COLLATE=utf8mb4_unicode_ci;

--
-- Dumping data for table `pelamars`
--

INSERT INTO `pelamars` (`id`, `idt`, `user_id`, `type`, `nik`, `pend_terakhir`, `jurusan_terakhir`, `tahun_lulus`, `created_at`, `updated_at`) VALUES
(1, 'pelamar-umum-st-mt-1705472130wKnAI', 3, 'umum', '312312321421', 'SMK', 'RPL', '2023', '2024-01-17 06:15:30', '2024-01-17 06:15:30'),
(2, 'pelamar-alumni-17054721308V0Zv', 4, 'alumni', '312312321422', 'SMK', 'AKL', '2022', '2024-01-17 06:15:30', '2024-01-17 06:15:30'),
(3, 'capa-jayadi-hutapea-1705472134wnOt5', 55, 'alumni', '3974096587212518', 'sd', 'Teknik Kendaraan Ringan dan Otomotif', '2021', '2024-01-17 06:15:34', '2024-01-17 06:15:34'),
(4, 'jarwi-sinaga-1705472134G1KiG', 56, 'alumni', '0374102406097859', 'd3', 'Teknik Pendingin Tata Udara', '2016', '2024-01-17 06:15:34', '2024-01-17 06:15:34'),
(5, 'zahra-nurdiyanti-st-1705472134I8UZ6', 57, 'umum', '3624426924576236', 'smk', 'Teknik Kendaraan Ringan dan Otomotif', '2018', '2024-01-17 06:15:34', '2024-01-17 06:15:34'),
(6, 'ina-prastuti-1705472134Nyl5f', 58, 'umum', '9613700750997632', 'smp', 'Teknik Pendingin Tata Udara', '2017', '2024-01-17 06:15:34', '2024-01-17 06:15:34'),
(7, 'muhammad-adriansyah-sfarm-1705472134g6nXl', 59, 'umum', '6471322603222660', 'smk', 'Teknik Pendingin Tata Udara', '2019', '2024-01-17 06:15:34', '2024-01-17 06:15:34'),
(8, 'ikhsan-gantar-nababan-sip-1705472134iBxoO', 60, 'umum', '1482159489828178', 'smk', 'Teknik Pendingin Tata Udara', '2022', '2024-01-17 06:15:34', '2024-01-17 06:15:34'),
(9, 'kamaria-elvina-andriani-mti-1705472135KMFHG', 61, 'alumni', '7046206259969579', 'sd', 'Teknik Kendaraan Ringan dan Otomotif', '2021', '2024-01-17 06:15:35', '2024-01-17 06:15:35'),
(10, 'vera-zulaika-1705472135gFt2O', 62, 'umum', '9867733715139467', 'd3', 'Teknik Pendingin Tata Udara', '2018', '2024-01-17 06:15:35', '2024-01-17 06:15:35'),
(11, 'cahyo-putra-17054721351AQyQ', 63, 'alumni', '8022798507547463', 'd3', 'Teknik Pendingin Tata Udara', '2020', '2024-01-17 06:15:35', '2024-01-17 06:15:35'),
(12, 'tirtayasa-wahyudin-1705472135demNt', 64, 'alumni', '8960942310302250', 'd3', 'Teknik Kendaraan Ringan dan Otomotif', '2020', '2024-01-17 06:15:35', '2024-01-17 06:15:35'),
(13, 'yosef-praba-saragih-st-1705472135qKhvr', 65, 'umum', '1421699079755989', 's1', 'Teknik Komputer Jaringan dan Telekomunikasi', '2016', '2024-01-17 06:15:35', '2024-01-17 06:15:35'),
(14, 'ikhsan-irawan-1705472135AZ34I', 66, 'umum', '9293819574161722', 'smp', 'Teknik Pendingin Tata Udara', '2016', '2024-01-17 06:15:35', '2024-01-17 06:15:35'),
(15, 'tami-kartika-mulyani-sei-17054721350WS0L', 67, 'alumni', '5031126391531021', 's1', 'Teknik Komputer Jaringan dan Telekomunikasi', '2017', '2024-01-17 06:15:35', '2024-01-17 06:15:35'),
(16, 'sabri-yono-haryanto-1705472135O94z5', 68, 'alumni', '0087341298673232', 'd3', 'Teknik Komputer Jaringan dan Telekomunikasi', '2019', '2024-01-17 06:15:35', '2024-01-17 06:15:35'),
(17, 'wirda-utami-1705472135hhLkn', 69, 'umum', '1623183928070507', 'smk', 'Teknik Komputer Jaringan dan Telekomunikasi', '2019', '2024-01-17 06:15:35', '2024-01-17 06:15:35'),
(18, 'rahman-zulkarnain-1705472135VukyU', 70, 'alumni', '7581983412874020', 's1', 'Teknik Komputer Jaringan dan Telekomunikasi', '2021', '2024-01-17 06:15:35', '2024-01-17 06:15:35'),
(19, 'salimah-utami-1705472135ugIp7', 71, 'umum', '8049893006775701', 'smp', 'Teknik Pendingin Tata Udara', '2023', '2024-01-17 06:15:35', '2024-01-17 06:15:35'),
(20, 'aris-hardana-salahudin-st-1705472136WHXk2', 72, 'alumni', '2917605751240169', 'smp', 'Teknik Kendaraan Ringan dan Otomotif', '2017', '2024-01-17 06:15:36', '2024-01-17 06:15:36'),
(21, 'ganep-rajata-sfarm-1705472136FfuAb', 73, 'alumni', '1391779897251739', 'smp', 'Teknik Kendaraan Ringan dan Otomotif', '2021', '2024-01-17 06:15:36', '2024-01-17 06:15:36'),
(22, 'hani-nasyiah-170547213681X9h', 74, 'alumni', '6020429535935514', 'smk', 'Teknik Kendaraan Ringan dan Otomotif', '2017', '2024-01-17 06:15:36', '2024-01-17 06:15:36'),
(23, 'akarsana-kurniawan-1705472136h81Sb', 75, 'umum', '4800035698066630', 'sd', 'Teknik Kendaraan Ringan dan Otomotif', '2017', '2024-01-17 06:15:36', '2024-01-17 06:15:36'),
(24, 'yuni-rahayu-1705472136JBbiz', 76, 'alumni', '8497060941383001', 's1', 'Teknik Kendaraan Ringan dan Otomotif', '2017', '2024-01-17 06:15:36', '2024-01-17 06:15:36'),
(25, 'embuh-najmudin-sgz-1705472136sChIe', 77, 'umum', '0901450894337229', 'sd', 'Teknik Komputer Jaringan dan Telekomunikasi', '2020', '2024-01-17 06:15:36', '2024-01-17 06:15:36'),
(26, 'gina-sabrina-yuliarti-1705472136hhec9', 78, 'umum', '0197838716443993', 'd3', 'Teknik Kendaraan Ringan dan Otomotif', '2020', '2024-01-17 06:15:36', '2024-01-17 06:15:36'),
(27, 'raharja-tri-waluyo-mkom-1705472136I8iPn', 79, 'umum', '7593338336066484', 'smp', 'Teknik Pendingin Tata Udara', '2023', '2024-01-17 06:15:36', '2024-01-17 06:15:36'),
(28, 'ira-pudjiastuti-spd-1705472136cdmKS', 80, 'umum', '9953381453446308', 'sd', 'Teknik Kendaraan Ringan dan Otomotif', '2023', '2024-01-17 06:15:36', '2024-01-17 06:15:36'),
(29, 'bakiono-adika-widodo-1705472136tQOhq', 81, 'umum', '5828790426210427', 'smp', 'Teknik Kendaraan Ringan dan Otomotif', '2016', '2024-01-17 06:15:36', '2024-01-17 06:15:36'),
(30, 'wulan-melani-1705472136P2C8r', 82, 'alumni', '9498537874203492', 'smp', 'Teknik Kendaraan Ringan dan Otomotif', '2019', '2024-01-17 06:15:36', '2024-01-17 06:15:36'),
(31, 'danu-gunarto-1705472136tNJSw', 83, 'alumni', '9374929358019512', 'smk', 'Teknik Pendingin Tata Udara', '2017', '2024-01-17 06:15:36', '2024-01-17 06:15:36'),
(32, 'gading-caturangga-adriansyah-sgz-1705472136qXUiu', 84, 'alumni', '4114775641878720', 'smk', 'Teknik Komputer Jaringan dan Telekomunikasi', '2019', '2024-01-17 06:15:36', '2024-01-17 06:15:36'),
(33, 'bakijan-sitorus-1705472137WUsqf', 85, 'umum', '2505434188148747', 'd3', 'Teknik Kendaraan Ringan dan Otomotif', '2023', '2024-01-17 06:15:37', '2024-01-17 06:15:37'),
(34, 'banara-winarno-1705472137Tgf26', 86, 'alumni', '0615231816987790', 'smp', 'Teknik Komputer Jaringan dan Telekomunikasi', '2022', '2024-01-17 06:15:37', '2024-01-17 06:15:37'),
(35, 'martaka-warji-simbolon-1705472137BAFqc', 87, 'alumni', '4085346582434744', 'd3', 'Teknik Kendaraan Ringan dan Otomotif', '2021', '2024-01-17 06:15:37', '2024-01-17 06:15:37'),
(36, 'wawan-jamil-budiman-mm-1705472137IXKES', 88, 'umum', '0594444803422501', 'smp', 'Teknik Pendingin Tata Udara', '2016', '2024-01-17 06:15:37', '2024-01-17 06:15:37'),
(37, 'zahra-aryani-1705472137imRVW', 89, 'alumni', '5226030578990801', 'smp', 'Teknik Kendaraan Ringan dan Otomotif', '2019', '2024-01-17 06:15:37', '2024-01-17 06:15:37'),
(38, 'ida-indah-fujiati-sei-1705472137odw3r', 90, 'umum', '8592409110071476', 'smk', 'Teknik Pendingin Tata Udara', '2017', '2024-01-17 06:15:37', '2024-01-17 06:15:37'),
(39, 'jail-ian-uwais-sfarm-170547213727zcZ', 91, 'alumni', '1564128987361253', 'smk', 'Teknik Pendingin Tata Udara', '2019', '2024-01-17 06:15:37', '2024-01-17 06:15:37'),
(40, 'ifa-rahayu-1705472137Tiiwu', 92, 'umum', '1719513094489847', 'sd', 'Teknik Pendingin Tata Udara', '2021', '2024-01-17 06:15:37', '2024-01-17 06:15:37'),
(41, 'rini-usamah-1705472137el6VS', 93, 'umum', '1026547852452724', 'sd', 'Teknik Kendaraan Ringan dan Otomotif', '2023', '2024-01-17 06:15:37', '2024-01-17 06:15:37'),
(42, 'ciaobella-wastuti-1705472137nCi4x', 94, 'umum', '2995715885166523', 'smk', 'Teknik Kendaraan Ringan dan Otomotif', '2021', '2024-01-17 06:15:37', '2024-01-17 06:15:37'),
(43, 'maya-kuswandari-1705472137m4oSa', 95, 'alumni', '1777138770407713', 'smp', 'Teknik Komputer Jaringan dan Telekomunikasi', '2018', '2024-01-17 06:15:37', '2024-01-17 06:15:37'),
(44, 'bahuraksa-samosir-17054721373WOMN', 96, 'umum', '7030424768154960', 'sd', 'Teknik Komputer Jaringan dan Telekomunikasi', '2017', '2024-01-17 06:15:37', '2024-01-17 06:15:37'),
(45, 'kani-maida-anggraini-1705472138CWzfs', 97, 'alumni', '7917192644533679', 'sd', 'Teknik Kendaraan Ringan dan Otomotif', '2022', '2024-01-17 06:15:38', '2024-01-17 06:15:38'),
(46, 'galih-siregar-ssos-1705472138Nxqgh', 98, 'umum', '1729092724307233', 'sd', 'Teknik Pendingin Tata Udara', '2023', '2024-01-17 06:15:38', '2024-01-17 06:15:38'),
(47, 'tantri-riyanti-1705472138rSoCq', 99, 'alumni', '5931817337215818', 'smp', 'Teknik Pendingin Tata Udara', '2017', '2024-01-17 06:15:38', '2024-01-17 06:15:38'),
(48, 'saka-saptono-1705472138fravI', 100, 'umum', '7527281198014637', 'smk', 'Teknik Pendingin Tata Udara', '2016', '2024-01-17 06:15:38', '2024-01-17 06:15:38'),
(49, 'lasmono-saragih-1705472138QBnGR', 101, 'alumni', '2086307461929390', 'sd', 'Teknik Kendaraan Ringan dan Otomotif', '2016', '2024-01-17 06:15:38', '2024-01-17 06:15:38'),
(50, 'tami-wulandari-1705472138VeEbv', 102, 'alumni', '8878235066826299', 's1', 'Teknik Pendingin Tata Udara', '2022', '2024-01-17 06:15:38', '2024-01-17 06:15:38'),
(51, 'cemplunk-makuta-januar-1705472138jWGgF', 103, 'alumni', '6076563536628178', 'd3', 'Teknik Komputer Jaringan dan Telekomunikasi', '2021', '2024-01-17 06:15:38', '2024-01-17 06:15:38'),
(52, 'gandewa-jaga-simanjuntak-se-1705472138pFqtY', 104, 'alumni', '1313448119052517', 'smk', 'Teknik Komputer Jaringan dan Telekomunikasi', '2020', '2024-01-17 06:15:38', '2024-01-17 06:15:38'),
(53, 'ibrahim-paiman-wacana-sip-1705472138kbDkJ', 105, 'umum', '9563127694229602', 's1', 'Teknik Komputer Jaringan dan Telekomunikasi', '2022', '2024-01-17 06:15:38', '2024-01-17 06:15:38'),
(54, 'tira-handayani-1705472138AfinS', 106, 'alumni', '8293008039486709', 'smp', 'Teknik Pendingin Tata Udara', '2021', '2024-01-17 06:15:38', '2024-01-17 06:15:38'),
(55, 'ulya-nurdiyanti-1705472138UlBCt', 107, 'alumni', '2163146335735107', 's1', 'Teknik Komputer Jaringan dan Telekomunikasi', '2016', '2024-01-17 06:15:38', '2024-01-17 06:15:38'),
(56, 'puti-farida-1705472139DXyHP', 108, 'alumni', '2674805438255441', 'd3', 'Teknik Komputer Jaringan dan Telekomunikasi', '2019', '2024-01-17 06:15:39', '2024-01-17 06:15:39'),
(57, 'ian-kemba-budiyanto-1705472139F7Na9', 109, 'umum', '2041425705141318', 'sd', 'Teknik Pendingin Tata Udara', '2016', '2024-01-17 06:15:39', '2024-01-17 06:15:39'),
(58, 'dagel-prasasta-spd-1705472139VrceH', 110, 'umum', '9545777959137493', 'sd', 'Teknik Kendaraan Ringan dan Otomotif', '2016', '2024-01-17 06:15:39', '2024-01-17 06:15:39'),
(59, 'yulia-eka-farida-1705472139nOq6e', 111, 'umum', '0901738479470343', 'smp', 'Teknik Pendingin Tata Udara', '2021', '2024-01-17 06:15:39', '2024-01-17 06:15:39'),
(60, 'ophelia-hartati-mti-1705472139sPlqW', 112, 'umum', '6809316319309005', 'smk', 'Teknik Komputer Jaringan dan Telekomunikasi', '2021', '2024-01-17 06:15:39', '2024-01-17 06:15:39'),
(61, 'ghaliyati-lestari-1705472139KjN66', 113, 'alumni', '8433852456437198', 'sd', 'Teknik Pendingin Tata Udara', '2023', '2024-01-17 06:15:39', '2024-01-17 06:15:39'),
(62, 'nova-aryani-1705472139A3Z0j', 114, 'umum', '9096806708128450', 'smp', 'Teknik Kendaraan Ringan dan Otomotif', '2023', '2024-01-17 06:15:39', '2024-01-17 06:15:39'),
(63, 'dalimin-mahendra-1705472139dwRRx', 115, 'alumni', '7527330896073137', 's1', 'Teknik Pendingin Tata Udara', '2022', '2024-01-17 06:15:39', '2024-01-17 06:15:39'),
(64, 'tasdik-zulkarnain-1705472139KjKjw', 116, 'umum', '2457941014883492', 's1', 'Teknik Kendaraan Ringan dan Otomotif', '2021', '2024-01-17 06:15:39', '2024-01-17 06:15:39'),
(65, 'kambali-rendy-jailani-sfarm-1705472139Hamic', 117, 'alumni', '6424348826013776', 'smp', 'Teknik Komputer Jaringan dan Telekomunikasi', '2021', '2024-01-17 06:15:39', '2024-01-17 06:15:39'),
(66, 'paramita-fujiati-1705472139J22Z8', 118, 'alumni', '0219547975704267', 'd3', 'Teknik Kendaraan Ringan dan Otomotif', '2017', '2024-01-17 06:15:39', '2024-01-17 06:15:39'),
(67, 'zahra-purnawati-sip-1705472139ADr93', 119, 'umum', '4084083610177240', 's1', 'Teknik Komputer Jaringan dan Telekomunikasi', '2023', '2024-01-17 06:15:39', '2024-01-17 06:15:39'),
(68, 'mala-farida-1705472140iyoi0', 120, 'umum', '9638972760891898', 'smk', 'Teknik Komputer Jaringan dan Telekomunikasi', '2023', '2024-01-17 06:15:40', '2024-01-17 06:15:40'),
(69, 'imam-arsipatra-simanjuntak-mti-1705472140Zzy57', 121, 'umum', '8969423942876188', 'smk', 'Teknik Kendaraan Ringan dan Otomotif', '2019', '2024-01-17 06:15:40', '2024-01-17 06:15:40'),
(70, 'asmianto-banawa-marbun-mkom-1705472140Tro3b', 122, 'alumni', '9637740411145416', 'smk', 'Teknik Kendaraan Ringan dan Otomotif', '2019', '2024-01-17 06:15:40', '2024-01-17 06:15:40'),
(71, 'martani-sihombing-1705472140bs8GR', 123, 'alumni', '7157633317905440', 'sd', 'Teknik Kendaraan Ringan dan Otomotif', '2018', '2024-01-17 06:15:40', '2024-01-17 06:15:40'),
(72, 'dina-suartini-170547214028A92', 124, 'umum', '8190846761085791', 'sd', 'Teknik Komputer Jaringan dan Telekomunikasi', '2019', '2024-01-17 06:15:40', '2024-01-17 06:15:40'),
(73, 'siska-padmasari-1705472140mg0md', 125, 'alumni', '9519231629576626', 'd3', 'Teknik Komputer Jaringan dan Telekomunikasi', '2017', '2024-01-17 06:15:40', '2024-01-17 06:15:40'),
(74, 'paramita-olivia-padmasari-mm-1705472140QtNnv', 126, 'alumni', '6502520486176436', 's1', 'Teknik Kendaraan Ringan dan Otomotif', '2022', '2024-01-17 06:15:40', '2024-01-17 06:15:40'),
(75, 'sarah-nilam-widiastuti-spsi-1705472140piyM6', 127, 'alumni', '2403106688352970', 'smk', 'Teknik Kendaraan Ringan dan Otomotif', '2019', '2024-01-17 06:15:40', '2024-01-17 06:15:40'),
(76, 'wadi-bakiono-latupono-1705472140ECU2g', 128, 'alumni', '2014537765413483', 'sd', 'Teknik Komputer Jaringan dan Telekomunikasi', '2018', '2024-01-17 06:15:40', '2024-01-17 06:15:40'),
(77, 'prasetyo-aswani-prasetyo-sip-1705472140jZT8J', 129, 'umum', '0758495650476446', 'smk', 'Teknik Pendingin Tata Udara', '2022', '2024-01-17 06:15:40', '2024-01-17 06:15:40'),
(78, 'nrima-sinaga-1705472140pFo3u', 130, 'umum', '8094775807587559', 'smp', 'Teknik Pendingin Tata Udara', '2021', '2024-01-17 06:15:40', '2024-01-17 06:15:40'),
(79, 'nabila-permata-sfarm-1705472141AuZfT', 131, 'alumni', '7195613558186979', 'd3', 'Teknik Komputer Jaringan dan Telekomunikasi', '2021', '2024-01-17 06:15:41', '2024-01-17 06:15:41'),
(80, 'restu-indah-riyanti-1705472141lzyxv', 132, 'umum', '3991258185337876', 'd3', 'Teknik Pendingin Tata Udara', '2017', '2024-01-17 06:15:41', '2024-01-17 06:15:41'),
(81, 'martani-dongoran-1705472141KGeSZ', 133, 'umum', '3448103664229885', 'smk', 'Teknik Komputer Jaringan dan Telekomunikasi', '2019', '2024-01-17 06:15:41', '2024-01-17 06:15:41'),
(82, 'kurnia-samosir-mkom-17054721411EmLo', 134, 'alumni', '8267112575973968', 'd3', 'Teknik Komputer Jaringan dan Telekomunikasi', '2017', '2024-01-17 06:15:41', '2024-01-17 06:15:41'),
(83, 'kasiyah-riyanti-170547214158CJR', 135, 'umum', '8148846357074485', 'd3', 'Teknik Komputer Jaringan dan Telekomunikasi', '2017', '2024-01-17 06:15:41', '2024-01-17 06:15:41'),
(84, 'paiman-marpaung-1705472141coqZf', 136, 'alumni', '3245257246141547', 'sd', 'Teknik Kendaraan Ringan dan Otomotif', '2018', '2024-01-17 06:15:41', '2024-01-17 06:15:41'),
(85, 'vera-kani-hartati-1705472141QVX69', 137, 'umum', '2882273988223326', 'd3', 'Teknik Kendaraan Ringan dan Otomotif', '2023', '2024-01-17 06:15:41', '2024-01-17 06:15:41'),
(86, 'rahmi-ophelia-wastuti-1705472141JHRZo', 138, 'alumni', '0633874100861374', 'smp', 'Teknik Pendingin Tata Udara', '2019', '2024-01-17 06:15:41', '2024-01-17 06:15:41'),
(87, 'natalia-prastuti-1705472141yvqRv', 139, 'alumni', '3545583886555006', 'sd', 'Teknik Kendaraan Ringan dan Otomotif', '2018', '2024-01-17 06:15:41', '2024-01-17 06:15:41'),
(88, 'asmadi-prayitna-zulkarnain-1705472141slRvB', 140, 'umum', '4550843014756834', 'd3', 'Teknik Komputer Jaringan dan Telekomunikasi', '2020', '2024-01-17 06:15:41', '2024-01-17 06:15:41'),
(89, 'salimah-pudjiastuti-1705472141X9pds', 141, 'alumni', '4189808302062500', 'd3', 'Teknik Pendingin Tata Udara', '2020', '2024-01-17 06:15:41', '2024-01-17 06:15:41'),
(90, 'upik-saputra-1705472142aYBj1', 142, 'alumni', '2872212169408964', 'smp', 'Teknik Komputer Jaringan dan Telekomunikasi', '2021', '2024-01-17 06:15:42', '2024-01-17 06:15:42'),
(91, 'rahayu-fujiati-1705472142lcGSs', 143, 'umum', '2541224409363339', 'd3', 'Teknik Pendingin Tata Udara', '2016', '2024-01-17 06:15:42', '2024-01-17 06:15:42'),
(92, 'yessi-agustina-1705472142djeL2', 144, 'umum', '9483253818943252', 'smp', 'Teknik Kendaraan Ringan dan Otomotif', '2021', '2024-01-17 06:15:42', '2024-01-17 06:15:42'),
(93, 'eka-dabukke-sgz-17054721421yo3j', 145, 'alumni', '4421113508907747', 'd3', 'Teknik Kendaraan Ringan dan Otomotif', '2020', '2024-01-17 06:15:42', '2024-01-17 06:15:42'),
(94, 'jarwa-mahmud-kuswoyo-1705472142jl7D0', 146, 'alumni', '8944643165805600', 'smk', 'Teknik Kendaraan Ringan dan Otomotif', '2018', '2024-01-17 06:15:42', '2024-01-17 06:15:42'),
(95, 'tasnim-jati-wacana-1705472142jzHVE', 147, 'alumni', '1345200072261330', 'smp', 'Teknik Pendingin Tata Udara', '2022', '2024-01-17 06:15:42', '2024-01-17 06:15:42'),
(96, 'novi-kusmawati-17054721420a3mR', 148, 'umum', '6103977183437286', 's1', 'Teknik Kendaraan Ringan dan Otomotif', '2018', '2024-01-17 06:15:42', '2024-01-17 06:15:42'),
(97, 'salsabila-puspita-1705472142mKzXT', 149, 'alumni', '8399913276065184', 's1', 'Teknik Pendingin Tata Udara', '2023', '2024-01-17 06:15:42', '2024-01-17 06:15:42'),
(98, 'maya-puspasari-1705472142kgtnD', 150, 'umum', '3948129310846131', 'smk', 'Teknik Pendingin Tata Udara', '2018', '2024-01-17 06:15:42', '2024-01-17 06:15:42'),
(99, 'karna-dabukke-skom-1705472142EgmIn', 151, 'alumni', '6682967345677533', 'smp', 'Teknik Pendingin Tata Udara', '2019', '2024-01-17 06:15:42', '2024-01-17 06:15:42'),
(100, 'puji-puspita-1705472142dGg89', 152, 'alumni', '3599122945790942', 'sd', 'Teknik Pendingin Tata Udara', '2017', '2024-01-17 06:15:42', '2024-01-17 06:15:42'),
(101, 'rafi-sitompul-1705472142XOGcd', 153, 'alumni', '3464177983423682', 'smp', 'Teknik Pendingin Tata Udara', '2018', '2024-01-17 06:15:42', '2024-01-17 06:15:42'),
(102, 'mujur-mangunsong-1705472143hg4oE', 154, 'alumni', '9847817068972705', 's1', 'Teknik Komputer Jaringan dan Telekomunikasi', '2022', '2024-01-17 06:15:43', '2024-01-17 06:15:43'),
(103, 'samiah-hassanah-mti-1705472143VoaPY', 155, 'alumni', '8462198405244505', 'sd', 'Teknik Komputer Jaringan dan Telekomunikasi', '2019', '2024-01-17 06:15:43', '2024-01-17 06:15:43'),
(104, 'bagya-hidayanto-1705472143e5nTS', 156, 'umum', '8451594667781733', 'sd', 'Teknik Kendaraan Ringan dan Otomotif', '2018', '2024-01-17 06:15:43', '2024-01-17 06:15:43'),
(105, 'shania-novitasari-1705472143TGpsp', 157, 'alumni', '2162971742566510', 'sd', 'Teknik Komputer Jaringan dan Telekomunikasi', '2023', '2024-01-17 06:15:43', '2024-01-17 06:15:43'),
(106, 'rahmat-ajiono-habibi-1705472143pu0yH', 158, 'alumni', '6262957394411220', 'sd', 'Teknik Kendaraan Ringan dan Otomotif', '2019', '2024-01-17 06:15:43', '2024-01-17 06:15:43'),
(107, 'ayu-namaga-1705472143L4E4F', 159, 'alumni', '1878799809511703', 'sd', 'Teknik Pendingin Tata Udara', '2016', '2024-01-17 06:15:43', '2024-01-17 06:15:43'),
(108, 'mutia-aryani-1705472143DlOg6', 160, 'alumni', '0824102706753932', 's1', 'Teknik Komputer Jaringan dan Telekomunikasi', '2022', '2024-01-17 06:15:43', '2024-01-17 06:15:43'),
(109, 'unggul-widodo-1705472143WPoPH', 161, 'alumni', '4034608074165163', 's1', 'Teknik Komputer Jaringan dan Telekomunikasi', '2018', '2024-01-17 06:15:43', '2024-01-17 06:15:43'),
(110, 'kardi-hardiansyah-1705472143dLnQG', 162, 'umum', '6520791478109931', 'd3', 'Teknik Pendingin Tata Udara', '2023', '2024-01-17 06:15:43', '2024-01-17 06:15:43'),
(111, 'gangsa-setiawan-17054721431TFte', 163, 'umum', '5989384119030168', 's1', 'Teknik Kendaraan Ringan dan Otomotif', '2018', '2024-01-17 06:15:43', '2024-01-17 06:15:43'),
(112, 'hartana-karta-sitorus-1705472143iRWKP', 164, 'umum', '7713817558852595', 'smk', 'Teknik Pendingin Tata Udara', '2016', '2024-01-17 06:15:43', '2024-01-17 06:15:43'),
(113, 'eka-betania-melani-spd-1705472143ZIjqt', 165, 'umum', '1408023127308590', 'smp', 'Teknik Kendaraan Ringan dan Otomotif', '2019', '2024-01-17 06:15:43', '2024-01-17 06:15:43'),
(114, 'kuncara-situmorang-mm-1705472144Qv1KB', 166, 'alumni', '5926064838814504', 'smk', 'Teknik Kendaraan Ringan dan Otomotif', '2021', '2024-01-17 06:15:44', '2024-01-17 06:15:44'),
(115, 'yusuf-gandewa-sitorus-mak-1705472144D8byY', 167, 'umum', '5930197076494225', 'sd', 'Teknik Kendaraan Ringan dan Otomotif', '2019', '2024-01-17 06:15:44', '2024-01-17 06:15:44'),
(116, 'darman-darsirah-lazuardi-sfarm-1705472144swRQp', 168, 'umum', '1816019839585644', 'sd', 'Teknik Komputer Jaringan dan Telekomunikasi', '2021', '2024-01-17 06:15:44', '2024-01-17 06:15:44'),
(117, 'indah-halimah-1705472144sFwQ0', 169, 'alumni', '2966488751393419', 'sd', 'Teknik Kendaraan Ringan dan Otomotif', '2020', '2024-01-17 06:15:44', '2024-01-17 06:15:44'),
(118, 'martaka-asmuni-natsir-sikom-1705472144cfE8i', 170, 'alumni', '9293519245223008', 'sd', 'Teknik Komputer Jaringan dan Telekomunikasi', '2019', '2024-01-17 06:15:44', '2024-01-17 06:15:44'),
(119, 'karen-handayani-1705472144e9g3C', 171, 'umum', '5634840754092713', 'sd', 'Teknik Kendaraan Ringan dan Otomotif', '2020', '2024-01-17 06:15:44', '2024-01-17 06:15:44'),
(120, 'tri-najmudin-1705472144lFT41', 172, 'umum', '9808907423512437', 'd3', 'Teknik Kendaraan Ringan dan Otomotif', '2018', '2024-01-17 06:15:44', '2024-01-17 06:15:44'),
(121, 'manah-gamblang-sirait-skom-1705472144sLC5u', 173, 'umum', '6828037405963780', 'sd', 'Teknik Pendingin Tata Udara', '2016', '2024-01-17 06:15:44', '2024-01-17 06:15:44'),
(122, 'shania-rahmi-puspasari-mti-1705472144W0R0b', 174, 'umum', '6883996707493453', 's1', 'Teknik Komputer Jaringan dan Telekomunikasi', '2018', '2024-01-17 06:15:44', '2024-01-17 06:15:44'),
(123, 'marsito-jailani-1705472144Mx8bt', 175, 'alumni', '4219165243361277', 's1', 'Teknik Kendaraan Ringan dan Otomotif', '2019', '2024-01-17 06:15:44', '2024-01-17 06:15:44'),
(124, 'banawi-mustika-sitompul-1705472144qHz4o', 176, 'alumni', '5867452347576895', 's1', 'Teknik Pendingin Tata Udara', '2019', '2024-01-17 06:15:44', '2024-01-17 06:15:44'),
(125, 'raisa-widya-handayani-1705472144MOzoy', 177, 'umum', '8774404067409470', 'smp', 'Teknik Pendingin Tata Udara', '2021', '2024-01-17 06:15:44', '2024-01-17 06:15:44'),
(126, 'endah-mandasari-sei-1705472145jn86K', 178, 'umum', '0666029468119648', 'smp', 'Teknik Komputer Jaringan dan Telekomunikasi', '2019', '2024-01-17 06:15:45', '2024-01-17 06:15:45'),
(127, 'ihsan-martana-permadi-1705472145nJW62', 179, 'alumni', '6026969554393492', 'smp', 'Teknik Komputer Jaringan dan Telekomunikasi', '2020', '2024-01-17 06:15:45', '2024-01-17 06:15:45'),
(128, 'eka-dadi-zulkarnain-st-1705472145TX2xl', 180, 'alumni', '0607809171888129', 'smp', 'Teknik Kendaraan Ringan dan Otomotif', '2023', '2024-01-17 06:15:45', '2024-01-17 06:15:45'),
(129, 'parman-aswani-setiawan-mm-1705472145J4mj0', 181, 'umum', '6345807164872720', 'smp', 'Teknik Komputer Jaringan dan Telekomunikasi', '2020', '2024-01-17 06:15:45', '2024-01-17 06:15:45'),
(130, 'ismail-teddy-pranowo-1705472145lvb9g', 182, 'alumni', '3932642491417528', 'smk', 'Teknik Kendaraan Ringan dan Otomotif', '2023', '2024-01-17 06:15:45', '2024-01-17 06:15:45'),
(131, 'tantri-aryani-spt-1705472145Tzpqh', 183, 'alumni', '3311547463188163', 'smp', 'Teknik Kendaraan Ringan dan Otomotif', '2020', '2024-01-17 06:15:45', '2024-01-17 06:15:45'),
(132, 'usyi-eva-nasyidah-mm-1705472145AxdpG', 184, 'umum', '9504166326599303', 's1', 'Teknik Komputer Jaringan dan Telekomunikasi', '2022', '2024-01-17 06:15:45', '2024-01-17 06:15:45'),
(133, 'kasiyah-nadine-haryanti-st-170547214588My5', 185, 'alumni', '1338978118449610', 'd3', 'Teknik Komputer Jaringan dan Telekomunikasi', '2022', '2024-01-17 06:15:45', '2024-01-17 06:15:45'),
(134, 'luthfi-mangunsong-1705472145IyItt', 186, 'alumni', '5493610357749432', 'smp', 'Teknik Kendaraan Ringan dan Otomotif', '2016', '2024-01-17 06:15:45', '2024-01-17 06:15:45'),
(135, 'rini-irma-mardhiyah-1705472145fX6LW', 187, 'alumni', '4913131945398048', 'sd', 'Teknik Kendaraan Ringan dan Otomotif', '2021', '2024-01-17 06:15:45', '2024-01-17 06:15:45'),
(136, 'vanesa-pudjiastuti-sh-1705472145t8nSY', 188, 'umum', '6565692715045257', 'd3', 'Teknik Kendaraan Ringan dan Otomotif', '2021', '2024-01-17 06:15:45', '2024-01-17 06:15:45'),
(137, 'kayun-vinsen-uwais-mkom-1705472145SjYGL', 189, 'alumni', '2230333145805769', 'smk', 'Teknik Komputer Jaringan dan Telekomunikasi', '2016', '2024-01-17 06:15:45', '2024-01-17 06:15:45'),
(138, 'hairyanto-sitorus-1705472146lsyO3', 190, 'umum', '6485867522422188', 'smk', 'Teknik Komputer Jaringan dan Telekomunikasi', '2023', '2024-01-17 06:15:46', '2024-01-17 06:15:46'),
(139, 'virman-sinaga-1705472146ytC49', 191, 'alumni', '1938104917195501', 's1', 'Teknik Kendaraan Ringan dan Otomotif', '2023', '2024-01-17 06:15:46', '2024-01-17 06:15:46'),
(140, 'ganep-hidayanto-1705472146GVb28', 192, 'umum', '5906010615191950', 'd3', 'Teknik Kendaraan Ringan dan Otomotif', '2019', '2024-01-17 06:15:46', '2024-01-17 06:15:46'),
(141, 'maida-lili-yulianti-1705472146nvhoD', 193, 'umum', '7204872243977796', 'sd', 'Teknik Komputer Jaringan dan Telekomunikasi', '2016', '2024-01-17 06:15:46', '2024-01-17 06:15:46'),
(142, 'lili-mardhiyah-17054721461vgRd', 194, 'alumni', '1508222420711252', 'd3', 'Teknik Kendaraan Ringan dan Otomotif', '2018', '2024-01-17 06:15:46', '2024-01-17 06:15:46'),
(143, 'edi-gunarto-17054721466afLi', 195, 'alumni', '7711972288517219', 'sd', 'Teknik Pendingin Tata Udara', '2022', '2024-01-17 06:15:46', '2024-01-17 06:15:46'),
(144, 'gaiman-adriansyah-sgz-1705472146LMGON', 196, 'umum', '2798757459237863', 'sd', 'Teknik Kendaraan Ringan dan Otomotif', '2022', '2024-01-17 06:15:46', '2024-01-17 06:15:46'),
(145, 'latif-megantara-1705472146Q4igm', 197, 'umum', '6874985375463505', 'smp', 'Teknik Pendingin Tata Udara', '2023', '2024-01-17 06:15:46', '2024-01-17 06:15:46'),
(146, 'darsirah-nashiruddin-17054721463mgr2', 198, 'alumni', '4832224904380563', 's1', 'Teknik Komputer Jaringan dan Telekomunikasi', '2022', '2024-01-17 06:15:46', '2024-01-17 06:15:46'),
(147, 'hafshah-namaga-1705472146AaXkO', 199, 'umum', '5772367727999490', 'smk', 'Teknik Pendingin Tata Udara', '2022', '2024-01-17 06:15:46', '2024-01-17 06:15:46'),
(148, 'citra-iriana-wastuti-spsi-1705472146uUrSn', 200, 'alumni', '4952114716331464', 'smp', 'Teknik Pendingin Tata Udara', '2018', '2024-01-17 06:15:46', '2024-01-17 06:15:46'),
(149, 'hamima-maryati-1705472146WlRHQ', 201, 'umum', '4465463290086603', 'smp', 'Teknik Kendaraan Ringan dan Otomotif', '2023', '2024-01-17 06:15:46', '2024-01-17 06:15:46'),
(150, 'oskar-siregar-1705472147XbgYp', 202, 'umum', '6783817080788993', 'smk', 'Teknik Komputer Jaringan dan Telekomunikasi', '2022', '2024-01-17 06:15:47', '2024-01-17 06:15:47'),
(151, 'karen-yulianti-mm-1705472147SBUPZ', 203, 'alumni', '9921258346884566', 'sd', 'Teknik Pendingin Tata Udara', '2016', '2024-01-17 06:15:47', '2024-01-17 06:15:47'),
(152, 'ella-lintang-nurdiyanti-1705472147dN7D9', 204, 'alumni', '7246965325936249', 's1', 'Teknik Komputer Jaringan dan Telekomunikasi', '2018', '2024-01-17 06:15:47', '2024-01-17 06:15:47'),
(153, 'fitriani-juli-astuti-1705472147Vzl1H', 205, 'alumni', '3302734953975440', 'd3', 'Teknik Pendingin Tata Udara', '2020', '2024-01-17 06:15:47', '2024-01-17 06:15:47'),
(154, 'eli-agustina-1705472147EATyA', 206, 'umum', '7453280461750743', 'smp', 'Teknik Pendingin Tata Udara', '2023', '2024-01-17 06:15:47', '2024-01-17 06:15:47'),
(155, 'imam-tampubolon-1705472147WjKE6', 207, 'umum', '7702004812282566', 'smp', 'Teknik Pendingin Tata Udara', '2020', '2024-01-17 06:15:47', '2024-01-17 06:15:47'),
(156, 'gasti-ana-hartati-1705472147PvHes', 208, 'umum', '4246669213153246', 's1', 'Teknik Komputer Jaringan dan Telekomunikasi', '2019', '2024-01-17 06:15:47', '2024-01-17 06:15:47'),
(157, 'darmaji-prasasta-1705472147E6naJ', 209, 'umum', '8734744133071117', 'sd', 'Teknik Komputer Jaringan dan Telekomunikasi', '2016', '2024-01-17 06:15:47', '2024-01-17 06:15:47'),
(158, 'dinda-yuni-laksmiwati-1705472147GjaZ9', 210, 'umum', '4466378771854173', 'd3', 'Teknik Pendingin Tata Udara', '2022', '2024-01-17 06:15:47', '2024-01-17 06:15:47'),
(159, 'dinda-zelaya-purnawati-mpd-1705472147ktUFb', 211, 'alumni', '6423496282059054', 'smk', 'Teknik Pendingin Tata Udara', '2017', '2024-01-17 06:15:47', '2024-01-17 06:15:47'),
(160, 'victoria-wijayanti-1705472147KhBBf', 212, 'umum', '3257919779617166', 's1', 'Teknik Kendaraan Ringan dan Otomotif', '2020', '2024-01-17 06:15:47', '2024-01-17 06:15:47'),
(161, 'harsaya-cahya-sihombing-1705472147VoxPI', 213, 'alumni', '1115555050696359', 'smk', 'Teknik Kendaraan Ringan dan Otomotif', '2020', '2024-01-17 06:15:47', '2024-01-17 06:15:47'),
(162, 'yono-gilang-kuswoyo-mm-17054721480bkyT', 214, 'umum', '7509766520384785', 'smk', 'Teknik Pendingin Tata Udara', '2019', '2024-01-17 06:15:48', '2024-01-17 06:15:48'),
(163, 'michelle-kusmawati-1705472148Eg06l', 215, 'alumni', '7480679492538702', 'sd', 'Teknik Pendingin Tata Udara', '2017', '2024-01-17 06:15:48', '2024-01-17 06:15:48'),
(164, 'amalia-salsabila-yuniar-spd-17054721484X1og', 216, 'alumni', '8044083629228764', 'smp', 'Teknik Pendingin Tata Udara', '2019', '2024-01-17 06:15:48', '2024-01-17 06:15:48'),
(165, 'rusman-dongoran-sgz-17054721484nh8g', 217, 'umum', '8641883280998761', 'sd', 'Teknik Kendaraan Ringan dan Otomotif', '2017', '2024-01-17 06:15:48', '2024-01-17 06:15:48'),
(166, 'paramita-widiastuti-1705472148cddlL', 218, 'umum', '2811435896097149', 'sd', 'Teknik Kendaraan Ringan dan Otomotif', '2022', '2024-01-17 06:15:48', '2024-01-17 06:15:48'),
(167, 'mahdi-putra-1705472148TZeUs', 219, 'alumni', '8662847965792656', 's1', 'Teknik Pendingin Tata Udara', '2018', '2024-01-17 06:15:48', '2024-01-17 06:15:48'),
(168, 'aisyah-pudjiastuti-1705472148rEt6L', 220, 'umum', '9055088003125981', 'd3', 'Teknik Kendaraan Ringan dan Otomotif', '2022', '2024-01-17 06:15:48', '2024-01-17 06:15:48'),
(169, 'artawan-wijaya-sked-1705472148TeVUE', 221, 'umum', '8323721801861916', 'sd', 'Teknik Kendaraan Ringan dan Otomotif', '2023', '2024-01-17 06:15:48', '2024-01-17 06:15:48'),
(170, 'wadi-saputra-1705472148ZHmEG', 222, 'alumni', '3176747023417521', 's1', 'Teknik Kendaraan Ringan dan Otomotif', '2018', '2024-01-17 06:15:48', '2024-01-17 06:15:48'),
(171, 'cindy-lintang-nasyiah-1705472148re2fg', 223, 'umum', '9356777888781328', 's1', 'Teknik Kendaraan Ringan dan Otomotif', '2022', '2024-01-17 06:15:48', '2024-01-17 06:15:48'),
(172, 'febi-dinda-puspasari-1705472148q6C4R', 224, 'alumni', '6840001329999306', 'smp', 'Teknik Pendingin Tata Udara', '2016', '2024-01-17 06:15:48', '2024-01-17 06:15:48'),
(173, 'kasim-maulana-1705472148vY5XO', 225, 'alumni', '4347489012012842', 'sd', 'Teknik Komputer Jaringan dan Telekomunikasi', '2023', '2024-01-17 06:15:48', '2024-01-17 06:15:48'),
(174, 'warta-labuh-sihotang-se-1705472149lQEk9', 226, 'alumni', '4456126223058453', 'smk', 'Teknik Pendingin Tata Udara', '2017', '2024-01-17 06:15:49', '2024-01-17 06:15:49'),
(175, 'candrakanta-prayogo-nababan-sei-1705472149oa0wx', 227, 'alumni', '3863155030249299', 's1', 'Teknik Pendingin Tata Udara', '2021', '2024-01-17 06:15:49', '2024-01-17 06:15:49'),
(176, 'mulyanto-salman-prakasa-mm-1705472149JoT3y', 228, 'alumni', '3943077462172137', 'smp', 'Teknik Kendaraan Ringan dan Otomotif', '2016', '2024-01-17 06:15:49', '2024-01-17 06:15:49'),
(177, 'danu-thamrin-1705472149sR27o', 229, 'umum', '6690747639157583', 'sd', 'Teknik Pendingin Tata Udara', '2017', '2024-01-17 06:15:49', '2024-01-17 06:15:49'),
(178, 'tiara-yuliarti-1705472149lBe28', 230, 'umum', '3247073012133434', 'smk', 'Teknik Komputer Jaringan dan Telekomunikasi', '2019', '2024-01-17 06:15:49', '2024-01-17 06:15:49'),
(179, 'endah-hartati-1705472149p9BJO', 231, 'alumni', '0877958785554209', 'd3', 'Teknik Kendaraan Ringan dan Otomotif', '2020', '2024-01-17 06:15:49', '2024-01-17 06:15:49'),
(180, 'rini-susanti-mpd-1705472149Rk60E', 232, 'alumni', '1584465236289782', 's1', 'Teknik Kendaraan Ringan dan Otomotif', '2019', '2024-01-17 06:15:49', '2024-01-17 06:15:49'),
(181, 'nyana-galar-sihombing-se-1705472149Pcox3', 233, 'umum', '0858130962721566', 'sd', 'Teknik Pendingin Tata Udara', '2021', '2024-01-17 06:15:49', '2024-01-17 06:15:49'),
(182, 'queen-karimah-farida-1705472149zB10h', 234, 'alumni', '0024998001247100', 'sd', 'Teknik Komputer Jaringan dan Telekomunikasi', '2016', '2024-01-17 06:15:49', '2024-01-17 06:15:49'),
(183, 'kamila-nurdiyanti-mti-1705472149YH9V0', 235, 'alumni', '5972648177323509', 'smk', 'Teknik Komputer Jaringan dan Telekomunikasi', '2020', '2024-01-17 06:15:49', '2024-01-17 06:15:49'),
(184, 'tasnim-simanjuntak-1705472149ZHOgV', 236, 'alumni', '6795818400852518', 'smp', 'Teknik Pendingin Tata Udara', '2019', '2024-01-17 06:15:49', '2024-01-17 06:15:49'),
(185, 'pangeran-simbolon-sei-1705472150rdsoi', 237, 'alumni', '6485290849065922', 'smk', 'Teknik Komputer Jaringan dan Telekomunikasi', '2020', '2024-01-17 06:15:50', '2024-01-17 06:15:50'),
(186, 'ika-suartini-1705472150AWIGS', 238, 'umum', '3095676769400325', 'smk', 'Teknik Pendingin Tata Udara', '2020', '2024-01-17 06:15:50', '2024-01-17 06:15:50'),
(187, 'yunita-puspita-1705472150TkK2X', 239, 'alumni', '3237823925617488', 'sd', 'Teknik Komputer Jaringan dan Telekomunikasi', '2018', '2024-01-17 06:15:50', '2024-01-17 06:15:50'),
(188, 'mustika-atma-jailani-1705472150CK0ZK', 240, 'umum', '4058815795888273', 'sd', 'Teknik Pendingin Tata Udara', '2020', '2024-01-17 06:15:50', '2024-01-17 06:15:50'),
(189, 'jelita-safitri-mfarm-1705472150DSVuO', 241, 'umum', '1517062503152758', 'smp', 'Teknik Pendingin Tata Udara', '2018', '2024-01-17 06:15:50', '2024-01-17 06:15:50'),
(190, 'dipa-hutagalung-17054721508WxyW', 242, 'alumni', '8643296883100667', 's1', 'Teknik Pendingin Tata Udara', '2022', '2024-01-17 06:15:50', '2024-01-17 06:15:50'),
(191, 'paris-nuraini-skom-1705472150GD4ng', 243, 'umum', '3097029069559462', 'sd', 'Teknik Komputer Jaringan dan Telekomunikasi', '2017', '2024-01-17 06:15:50', '2024-01-17 06:15:50'),
(192, 'zalindra-queen-nasyidah-spt-1705472150qYUWc', 244, 'umum', '1774500587781224', 'smp', 'Teknik Pendingin Tata Udara', '2019', '2024-01-17 06:15:50', '2024-01-17 06:15:50'),
(193, 'kayun-winarno-mpd-1705472150Q4HyH', 245, 'alumni', '4068767842222314', 'd3', 'Teknik Komputer Jaringan dan Telekomunikasi', '2017', '2024-01-17 06:15:50', '2024-01-17 06:15:50'),
(194, 'uchita-wastuti-sked-1705472150fpxfd', 246, 'umum', '8683135285466984', 's1', 'Teknik Komputer Jaringan dan Telekomunikasi', '2018', '2024-01-17 06:15:50', '2024-01-17 06:15:50'),
(195, 'nugraha-kurniawan-1705472150M56eD', 247, 'alumni', '9899891704563937', 'smk', 'Teknik Pendingin Tata Udara', '2022', '2024-01-17 06:15:50', '2024-01-17 06:15:50'),
(196, 'damar-kardi-budiman-1705472150GPPUo', 248, 'umum', '7389624994040173', 'smk', 'Teknik Komputer Jaringan dan Telekomunikasi', '2020', '2024-01-17 06:15:50', '2024-01-17 06:15:50'),
(197, 'marsito-gaiman-siregar-1705472150qWqZT', 249, 'alumni', '2909887319939721', 'smk', 'Teknik Komputer Jaringan dan Telekomunikasi', '2016', '2024-01-17 06:15:50', '2024-01-17 06:15:50'),
(198, 'wasis-najmudin-1705472151P4dMb', 250, 'alumni', '4836055084680298', 's1', 'Teknik Pendingin Tata Udara', '2016', '2024-01-17 06:15:51', '2024-01-17 06:15:51'),
(199, 'mahfud-putra-1705472151Zc1ez', 251, 'umum', '3705771509141121', 's1', 'Teknik Pendingin Tata Udara', '2021', '2024-01-17 06:15:51', '2024-01-17 06:15:51'),
(200, 'irsad-lazuardi-sked-1705472151tCaJs', 252, 'alumni', '0854468850255759', 'smp', 'Teknik Komputer Jaringan dan Telekomunikasi', '2020', '2024-01-17 06:15:51', '2024-01-17 06:15:51'),
(201, 'martana-waskita-1705472151IRUQF', 253, 'umum', '0424365361683758', 'sd', 'Teknik Komputer Jaringan dan Telekomunikasi', '2020', '2024-01-17 06:15:51', '2024-01-17 06:15:51'),
(202, 'ana-kuswandari-1705472151jLqNC', 254, 'alumni', '4652463875973700', 'sd', 'Teknik Pendingin Tata Udara', '2022', '2024-01-17 06:15:51', '2024-01-17 06:15:51'),
(203, 'waluyo-iswahyudi-17054721512m3BQ', 255, 'alumni', '3851255112543588', 'd3', 'Teknik Kendaraan Ringan dan Otomotif', '2019', '2024-01-17 06:15:51', '2024-01-17 06:15:51'),
(204, 'soleh-rajasa-1705472151eUVXb', 256, 'alumni', '6017680703434651', 'smp', 'Teknik Pendingin Tata Udara', '2019', '2024-01-17 06:15:51', '2024-01-17 06:15:51'),
(205, 'lintang-yuniar-sikom-1705472151L4zPp', 257, 'umum', '6377950613014088', 'smk', 'Teknik Komputer Jaringan dan Telekomunikasi', '2018', '2024-01-17 06:15:51', '2024-01-17 06:15:51'),
(206, 'chelsea-pertiwi-1705472151K60mU', 258, 'alumni', '1510260056508399', 'sd', 'Teknik Kendaraan Ringan dan Otomotif', '2020', '2024-01-17 06:15:51', '2024-01-17 06:15:51'),
(207, 'lidya-sudiati-1705472151ygLrG', 259, 'umum', '6882996488904072', 'sd', 'Teknik Kendaraan Ringan dan Otomotif', '2016', '2024-01-17 06:15:51', '2024-01-17 06:15:51'),
(208, 'vanya-padmasari-1705472151yvvhm', 260, 'umum', '7511511845585929', 's1', 'Teknik Komputer Jaringan dan Telekomunikasi', '2018', '2024-01-17 06:15:51', '2024-01-17 06:15:51'),
(209, 'uli-nadine-astuti-sei-1705472151feMpa', 261, 'umum', '0405462658261634', 'sd', 'Teknik Komputer Jaringan dan Telekomunikasi', '2021', '2024-01-17 06:15:51', '2024-01-17 06:15:51'),
(210, 'rahmi-hasanah-spsi-1705472152evBRv', 262, 'alumni', '9193134509285714', 'smp', 'Teknik Pendingin Tata Udara', '2017', '2024-01-17 06:15:52', '2024-01-17 06:15:52'),
(211, 'shakila-nasyiah-1705472152TfVHZ', 263, 'umum', '3863244836279892', 'smk', 'Teknik Pendingin Tata Udara', '2020', '2024-01-17 06:15:52', '2024-01-17 06:15:52'),
(212, 'julia-cinthia-farida-1705472152XrG9g', 264, 'alumni', '0970608036576489', 'd3', 'Teknik Kendaraan Ringan dan Otomotif', '2022', '2024-01-17 06:15:52', '2024-01-17 06:15:52'),
(213, 'kanda-saptono-mkom-1705472152Dy9VG', 265, 'umum', '2447389850263832', 'sd', 'Teknik Kendaraan Ringan dan Otomotif', '2017', '2024-01-17 06:15:52', '2024-01-17 06:15:52'),
(214, 'adinata-budiyanto-170547215255Ymx', 266, 'alumni', '4133113589201647', 's1', 'Teknik Pendingin Tata Udara', '2019', '2024-01-17 06:15:52', '2024-01-17 06:15:52'),
(215, 'bella-oktaviani-1705472152UFB6m', 267, 'umum', '2024642778624856', 's1', 'Teknik Pendingin Tata Udara', '2016', '2024-01-17 06:15:52', '2024-01-17 06:15:52'),
(216, 'humaira-fujiati-1705472152c24YO', 268, 'alumni', '2631137627733325', 'smk', 'Teknik Komputer Jaringan dan Telekomunikasi', '2020', '2024-01-17 06:15:52', '2024-01-17 06:15:52'),
(217, 'kemba-gunawan-mpd-1705472152iPUMH', 269, 'umum', '1271181155094042', 'smk', 'Teknik Komputer Jaringan dan Telekomunikasi', '2016', '2024-01-17 06:15:52', '2024-01-17 06:15:52'),
(218, 'mahesa-gunawan-mak-17054721521jDBD', 270, 'alumni', '4041121385768544', 'smp', 'Teknik Komputer Jaringan dan Telekomunikasi', '2020', '2024-01-17 06:15:52', '2024-01-17 06:15:52'),
(219, 'kusuma-firgantoro-mm-1705472152PFeF4', 271, 'alumni', '6000571383291405', 'd3', 'Teknik Pendingin Tata Udara', '2023', '2024-01-17 06:15:52', '2024-01-17 06:15:52'),
(220, 'agus-wahyudin-1705472152u9NlX', 272, 'umum', '1245779622688586', 'd3', 'Teknik Kendaraan Ringan dan Otomotif', '2017', '2024-01-17 06:15:52', '2024-01-17 06:15:52'),
(221, 'julia-nurdiyanti-1705472152WVv0N', 273, 'umum', '9922065085276280', 'smk', 'Teknik Komputer Jaringan dan Telekomunikasi', '2020', '2024-01-17 06:15:52', '2024-01-17 06:15:52'),
(222, 'martaka-reksa-januar-spd-17054721535KCZm', 274, 'umum', '2268639192104331', 'smk', 'Teknik Pendingin Tata Udara', '2022', '2024-01-17 06:15:53', '2024-01-17 06:15:53'),
(223, 'kani-wulandari-mpd-1705472153X6d3Q', 275, 'alumni', '3453515907984197', 'smk', 'Teknik Pendingin Tata Udara', '2016', '2024-01-17 06:15:53', '2024-01-17 06:15:53'),
(224, 'puspa-siti-mulyani-1705472153GIEJ5', 276, 'umum', '7530983563135212', 'smp', 'Teknik Pendingin Tata Udara', '2018', '2024-01-17 06:15:53', '2024-01-17 06:15:53'),
(225, 'tasdik-utama-1705472153wevDp', 277, 'umum', '8399700091321247', 'smk', 'Teknik Komputer Jaringan dan Telekomunikasi', '2021', '2024-01-17 06:15:53', '2024-01-17 06:15:53'),
(226, 'adikara-waluyo-1705472153dK3eK', 278, 'alumni', '7936414665509517', 'smk', 'Teknik Pendingin Tata Udara', '2016', '2024-01-17 06:15:53', '2024-01-17 06:15:53'),
(227, 'mila-mandasari-17054721535y5f0', 279, 'umum', '0913117300153311', 'd3', 'Teknik Komputer Jaringan dan Telekomunikasi', '2019', '2024-01-17 06:15:53', '2024-01-17 06:15:53'),
(228, 'murti-narpati-1705472153Rr1rG', 280, 'alumni', '4451086244409876', 's1', 'Teknik Pendingin Tata Udara', '2020', '2024-01-17 06:15:53', '2024-01-17 06:15:53'),
(229, 'yoga-suryono-sei-1705472153GCCSj', 281, 'umum', '4115439034016168', 'd3', 'Teknik Komputer Jaringan dan Telekomunikasi', '2022', '2024-01-17 06:15:53', '2024-01-17 06:15:53'),
(230, 'nadia-amalia-usada-1705472153Korvx', 282, 'alumni', '5816020645138055', 'sd', 'Teknik Pendingin Tata Udara', '2021', '2024-01-17 06:15:53', '2024-01-17 06:15:53'),
(231, 'lasmanto-utama-1705472153lqAm8', 283, 'alumni', '1610927762137803', 'sd', 'Teknik Pendingin Tata Udara', '2021', '2024-01-17 06:15:53', '2024-01-17 06:15:53'),
(232, 'michelle-paulin-oktaviani-1705472154qWYVn', 284, 'alumni', '5334829372230350', 's1', 'Teknik Pendingin Tata Udara', '2017', '2024-01-17 06:15:54', '2024-01-17 06:15:54'),
(233, 'okta-wasita-1705472154ue6ng', 285, 'alumni', '6183140222132524', 'smp', 'Teknik Komputer Jaringan dan Telekomunikasi', '2016', '2024-01-17 06:15:54', '2024-01-17 06:15:54'),
(234, 'hasan-kurniawan-1705472154oT0HW', 286, 'umum', '5932879457769083', 'smk', 'Teknik Komputer Jaringan dan Telekomunikasi', '2017', '2024-01-17 06:15:54', '2024-01-17 06:15:54'),
(235, 'widya-haryanti-1705472154UKZyw', 287, 'umum', '1031379754016815', 'sd', 'Teknik Pendingin Tata Udara', '2019', '2024-01-17 06:15:54', '2024-01-17 06:15:54'),
(236, 'maida-hastuti-mpd-1705472154ACQC6', 288, 'umum', '9622162803387377', 'd3', 'Teknik Komputer Jaringan dan Telekomunikasi', '2018', '2024-01-17 06:15:54', '2024-01-17 06:15:54'),
(237, 'wani-tania-lailasari-mfarm-1705472154zZuTp', 289, 'umum', '0538724024765713', 'smk', 'Teknik Pendingin Tata Udara', '2018', '2024-01-17 06:15:54', '2024-01-17 06:15:54'),
(238, 'warta-sinaga-mm-1705472154wu168', 290, 'alumni', '1428299819705276', 'sd', 'Teknik Pendingin Tata Udara', '2016', '2024-01-17 06:15:54', '2024-01-17 06:15:54'),
(239, 'gantar-luluh-kurniawan-1705472154rA8a7', 291, 'alumni', '3996433962426745', 'smp', 'Teknik Pendingin Tata Udara', '2017', '2024-01-17 06:15:54', '2024-01-17 06:15:54'),
(240, 'suci-wahyuni-1705472154FDPSt', 292, 'alumni', '4093623743073428', 's1', 'Teknik Komputer Jaringan dan Telekomunikasi', '2016', '2024-01-17 06:15:54', '2024-01-17 06:15:54'),
(241, 'wahyu-pardi-habibi-1705472154TLarj', 293, 'alumni', '8125619429344457', 'smk', 'Teknik Pendingin Tata Udara', '2017', '2024-01-17 06:15:54', '2024-01-17 06:15:54'),
(242, 'tugiman-pranata-permadi-sikom-1705472155kciQI', 294, 'alumni', '4854324446195985', 'd3', 'Teknik Pendingin Tata Udara', '2022', '2024-01-17 06:15:55', '2024-01-17 06:15:55'),
(243, 'luthfi-lazuardi-spd-1705472155nbLtF', 295, 'umum', '6434668218440881', 'd3', 'Teknik Komputer Jaringan dan Telekomunikasi', '2022', '2024-01-17 06:15:55', '2024-01-17 06:15:55'),
(244, 'balamantri-sinaga-1705472155Vn51z', 296, 'alumni', '6759175939291393', 'smp', 'Teknik Komputer Jaringan dan Telekomunikasi', '2019', '2024-01-17 06:15:55', '2024-01-17 06:15:55'),
(245, 'clara-mulyani-1705472155anMbZ', 297, 'alumni', '9360625938673193', 'd3', 'Teknik Pendingin Tata Udara', '2020', '2024-01-17 06:15:55', '2024-01-17 06:15:55'),
(246, 'jessica-jane-pudjiastuti-17054721553hsFU', 298, 'alumni', '7115172596115765', 's1', 'Teknik Pendingin Tata Udara', '2023', '2024-01-17 06:15:55', '2024-01-17 06:15:55'),
(247, 'azalea-farhunnisa-yulianti-1705472155UbxY2', 299, 'umum', '2659134618519829', 'smk', 'Teknik Pendingin Tata Udara', '2016', '2024-01-17 06:15:55', '2024-01-17 06:15:55'),
(248, 'koko-dabukke-1705472155hRgEg', 300, 'alumni', '7276010630555316', 's1', 'Teknik Kendaraan Ringan dan Otomotif', '2016', '2024-01-17 06:15:55', '2024-01-17 06:15:55'),
(249, 'dian-lili-utami-sikom-1705472155jCswd', 301, 'umum', '4329730161731893', 'd3', 'Teknik Komputer Jaringan dan Telekomunikasi', '2022', '2024-01-17 06:15:55', '2024-01-17 06:15:55'),
(250, 'jinawi-wijaya-1705472155gnGRC', 302, 'alumni', '5224238793985603', 's1', 'Teknik Kendaraan Ringan dan Otomotif', '2017', '2024-01-17 06:15:55', '2024-01-17 06:15:55'),
(251, 'ulya-cici-safitri-mak-17054721555DNyy', 303, 'alumni', '6503386904350773', 's1', 'Teknik Pendingin Tata Udara', '2022', '2024-01-17 06:15:55', '2024-01-17 06:15:55'),
(252, 'cahyo-hutasoit-1705472155LYS7K', 304, 'umum', '4260016118696879', 'smk', 'Teknik Pendingin Tata Udara', '2021', '2024-01-17 06:15:55', '2024-01-17 06:15:55'),
(253, 'himawan-nainggolan-1705472156Ud0JA', 305, 'umum', '7028481434787110', 'd3', 'Teknik Komputer Jaringan dan Telekomunikasi', '2018', '2024-01-17 06:15:56', '2024-01-17 06:15:56'),
(254, 'yosef-iswahyudi-sked-1705472156w6Sc5', 306, 'alumni', '1586852394040112', 's1', 'Teknik Komputer Jaringan dan Telekomunikasi', '2023', '2024-01-17 06:15:56', '2024-01-17 06:15:56'),
(255, 'kania-nuraini-1705472156jNvny', 307, 'umum', '0779445613923744', 'smk', 'Teknik Kendaraan Ringan dan Otomotif', '2019', '2024-01-17 06:15:56', '2024-01-17 06:15:56'),
(256, 'jumadi-prabowo-1705472156LNLLb', 308, 'umum', '0344778599077117', 'smk', 'Teknik Kendaraan Ringan dan Otomotif', '2022', '2024-01-17 06:15:56', '2024-01-17 06:15:56'),
(257, 'zulaikha-kezia-hariyah-1705472156FaNi0', 309, 'umum', '4947084568464934', 'd3', 'Teknik Komputer Jaringan dan Telekomunikasi', '2019', '2024-01-17 06:15:56', '2024-01-17 06:15:56'),
(258, 'mutia-pratiwi-sh-1705472156c38AR', 310, 'alumni', '9818033872815304', 's1', 'Teknik Kendaraan Ringan dan Otomotif', '2021', '2024-01-17 06:15:56', '2024-01-17 06:15:56'),
(259, 'daliono-haryanto-1705472156n5Au3', 311, 'umum', '9415884722984954', 'sd', 'Teknik Pendingin Tata Udara', '2016', '2024-01-17 06:15:56', '2024-01-17 06:15:56'),
(260, 'ibrahim-cayadi-halim-mkom-17054721561Phwd', 312, 'alumni', '3047891517330872', 'sd', 'Teknik Komputer Jaringan dan Telekomunikasi', '2019', '2024-01-17 06:15:56', '2024-01-17 06:15:56'),
(261, 'wulan-wijayanti-sked-1705472156WZnO6', 313, 'alumni', '1948780341065241', 's1', 'Teknik Komputer Jaringan dan Telekomunikasi', '2021', '2024-01-17 06:15:56', '2024-01-17 06:15:56'),
(262, 'anastasia-yulianti-1705472156oPPeU', 314, 'alumni', '8676042009899010', 's1', 'Teknik Komputer Jaringan dan Telekomunikasi', '2021', '2024-01-17 06:15:56', '2024-01-17 06:15:56'),
(263, 'genta-farida-sfarm-1705472156fEm8A', 315, 'umum', '6555866114015292', 'd3', 'Teknik Pendingin Tata Udara', '2020', '2024-01-17 06:15:56', '2024-01-17 06:15:56'),
(264, 'gawati-palastri-1705472157tffqs', 316, 'alumni', '8063724731076455', 'smk', 'Teknik Komputer Jaringan dan Telekomunikasi', '2020', '2024-01-17 06:15:57', '2024-01-17 06:15:57'),
(265, 'ega-pranowo-17054721573x7DY', 317, 'umum', '3881679629977914', 's1', 'Teknik Pendingin Tata Udara', '2020', '2024-01-17 06:15:57', '2024-01-17 06:15:57'),
(266, 'aisyah-maryati-1705472157nw6CF', 318, 'alumni', '5410297908647243', 's1', 'Teknik Pendingin Tata Udara', '2018', '2024-01-17 06:15:57', '2024-01-17 06:15:57'),
(267, 'umar-hidayanto-170547215713MVx', 319, 'alumni', '3520242135097318', 'd3', 'Teknik Kendaraan Ringan dan Otomotif', '2018', '2024-01-17 06:15:57', '2024-01-17 06:15:57'),
(268, 'suci-padmasari-1705472157bPn9J', 320, 'alumni', '5268750149110484', 'smk', 'Teknik Kendaraan Ringan dan Otomotif', '2017', '2024-01-17 06:15:57', '2024-01-17 06:15:57'),
(269, 'puti-astuti-1705472157ILcnK', 321, 'alumni', '3385616763248773', 'smk', 'Teknik Komputer Jaringan dan Telekomunikasi', '2016', '2024-01-17 06:15:57', '2024-01-17 06:15:57'),
(270, 'restu-padmasari-1705472157e0NXG', 322, 'umum', '0079553582374527', 'sd', 'Teknik Pendingin Tata Udara', '2021', '2024-01-17 06:15:57', '2024-01-17 06:15:57'),
(271, 'utama-hakim-mkom-17054721575cFXo', 323, 'umum', '9154512369429421', 'd3', 'Teknik Pendingin Tata Udara', '2023', '2024-01-17 06:15:57', '2024-01-17 06:15:57'),
(272, 'taufik-prayoga-mfarm-1705472157L8g7r', 324, 'alumni', '7924874939829828', 'smp', 'Teknik Komputer Jaringan dan Telekomunikasi', '2022', '2024-01-17 06:15:57', '2024-01-17 06:15:57'),
(273, 'jono-haryanto-1705472157hqOgI', 325, 'alumni', '3976424042512241', 's1', 'Teknik Kendaraan Ringan dan Otomotif', '2020', '2024-01-17 06:15:57', '2024-01-17 06:15:57'),
(274, 'sarah-anggraini-1705472157LPKTD', 326, 'umum', '0755968581565205', 'd3', 'Teknik Pendingin Tata Udara', '2022', '2024-01-17 06:15:57', '2024-01-17 06:15:57'),
(275, 'titin-jelita-rahimah-sfarm-1705472158FDdXH', 327, 'alumni', '2248091740157601', 'smp', 'Teknik Kendaraan Ringan dan Otomotif', '2023', '2024-01-17 06:15:58', '2024-01-17 06:15:58'),
(276, 'jindra-prayoga-sh-1705472158OlWJN', 328, 'alumni', '8021337634195775', 'd3', 'Teknik Komputer Jaringan dan Telekomunikasi', '2023', '2024-01-17 06:15:58', '2024-01-17 06:15:58'),
(277, 'irwan-wijaya-1705472158p7Eqb', 329, 'alumni', '3565093010836090', 'smp', 'Teknik Pendingin Tata Udara', '2016', '2024-01-17 06:15:58', '2024-01-17 06:15:58'),
(278, 'suci-rahayu-17054721587uHsE', 330, 'alumni', '4009302943220188', 'smk', 'Teknik Kendaraan Ringan dan Otomotif', '2016', '2024-01-17 06:15:58', '2024-01-17 06:15:58'),
(279, 'wira-simbolon-1705472158lCFaw', 331, 'alumni', '2365565035354988', 'sd', 'Teknik Kendaraan Ringan dan Otomotif', '2019', '2024-01-17 06:15:58', '2024-01-17 06:15:58'),
(280, 'melinda-safitri-170547215807tAp', 332, 'alumni', '9663025824866257', 'smp', 'Teknik Komputer Jaringan dan Telekomunikasi', '2016', '2024-01-17 06:15:58', '2024-01-17 06:15:58'),
(281, 'prasetya-narpati-170547215845xMj', 333, 'alumni', '2998279640521758', 'smp', 'Teknik Komputer Jaringan dan Telekomunikasi', '2022', '2024-01-17 06:15:58', '2024-01-17 06:15:58'),
(282, 'kemal-gading-utama-1705472158q77w4', 334, 'umum', '2278634427384928', 'smk', 'Teknik Komputer Jaringan dan Telekomunikasi', '2020', '2024-01-17 06:15:58', '2024-01-17 06:15:58'),
(283, 'sabrina-maida-usada-1705472158rgmnp', 335, 'alumni', '6898660651322174', 'smk', 'Teknik Komputer Jaringan dan Telekomunikasi', '2021', '2024-01-17 06:15:58', '2024-01-17 06:15:58'),
(284, 'raharja-tarihoran-17054721586OIjc', 336, 'alumni', '3570644821617469', 'smk', 'Teknik Pendingin Tata Udara', '2019', '2024-01-17 06:15:58', '2024-01-17 06:15:58');
INSERT INTO `pelamars` (`id`, `idt`, `user_id`, `type`, `nik`, `pend_terakhir`, `jurusan_terakhir`, `tahun_lulus`, `created_at`, `updated_at`) VALUES
(285, 'pia-zulaika-1705472158SZYy1', 337, 'umum', '8739378791296364', 'd3', 'Teknik Pendingin Tata Udara', '2021', '2024-01-17 06:15:58', '2024-01-17 06:15:58'),
(286, 'prayitna-empluk-gunarto-spt-1705472158dEfHu', 338, 'alumni', '9209854905126030', 'smk', 'Teknik Pendingin Tata Udara', '2021', '2024-01-17 06:15:58', '2024-01-17 06:15:58'),
(287, 'respati-rajata-1705472159X4FV3', 339, 'alumni', '1938162055302064', 'smk', 'Teknik Komputer Jaringan dan Telekomunikasi', '2022', '2024-01-17 06:15:59', '2024-01-17 06:15:59'),
(288, 'tantri-mutia-haryanti-1705472159AyCUT', 340, 'umum', '3259955582182221', 'smk', 'Teknik Komputer Jaringan dan Telekomunikasi', '2021', '2024-01-17 06:15:59', '2024-01-17 06:15:59'),
(289, 'luis-kadir-haryanto-mpd-1705472159xt5Df', 341, 'alumni', '9039494619039646', 'd3', 'Teknik Pendingin Tata Udara', '2023', '2024-01-17 06:15:59', '2024-01-17 06:15:59'),
(290, 'cawisadi-thamrin-1705472159TM3i1', 342, 'umum', '1518189454197506', 's1', 'Teknik Komputer Jaringan dan Telekomunikasi', '2020', '2024-01-17 06:15:59', '2024-01-17 06:15:59'),
(291, 'fitriani-calista-yuniar-sh-1705472159kxZ9W', 343, 'alumni', '5044578662527046', 'sd', 'Teknik Kendaraan Ringan dan Otomotif', '2020', '2024-01-17 06:15:59', '2024-01-17 06:15:59'),
(292, 'ghaliyati-nasyidah-17054721596nVdw', 344, 'alumni', '8668755501763541', 'smk', 'Teknik Komputer Jaringan dan Telekomunikasi', '2017', '2024-01-17 06:15:59', '2024-01-17 06:15:59'),
(293, 'puspa-anggraini-17054721594C4HW', 345, 'umum', '0297760713813294', 'sd', 'Teknik Kendaraan Ringan dan Otomotif', '2017', '2024-01-17 06:15:59', '2024-01-17 06:15:59'),
(294, 'prakosa-kurniawan-sfarm-1705472159TKgyf', 346, 'umum', '7697018687971821', 'smp', 'Teknik Pendingin Tata Udara', '2020', '2024-01-17 06:15:59', '2024-01-17 06:15:59'),
(295, 'edison-adriansyah-ssos-1705472159BdkDg', 347, 'alumni', '1428800992967920', 'smk', 'Teknik Komputer Jaringan dan Telekomunikasi', '2020', '2024-01-17 06:15:59', '2024-01-17 06:15:59'),
(296, 'joko-latupono-1705472159jyZVJ', 348, 'umum', '5031051403427149', 'd3', 'Teknik Kendaraan Ringan dan Otomotif', '2016', '2024-01-17 06:15:59', '2024-01-17 06:15:59'),
(297, 'rini-anita-uyainah-sgz-1705472159zfGrb', 349, 'alumni', '0811184319072294', 's1', 'Teknik Pendingin Tata Udara', '2020', '2024-01-17 06:15:59', '2024-01-17 06:15:59'),
(298, 'raditya-januar-se-1705472159merFa', 350, 'umum', '6535312424310306', 'd3', 'Teknik Komputer Jaringan dan Telekomunikasi', '2022', '2024-01-17 06:15:59', '2024-01-17 06:15:59'),
(299, 'gasti-widya-hariyah-1705472160zRjpm', 351, 'alumni', '2851282129924146', 's1', 'Teknik Pendingin Tata Udara', '2017', '2024-01-17 06:16:00', '2024-01-17 06:16:00'),
(300, 'oman-marbun-mkom-1705472160SNNtA', 352, 'alumni', '2010827954288898', 's1', 'Teknik Komputer Jaringan dan Telekomunikasi', '2020', '2024-01-17 06:16:00', '2024-01-17 06:16:00'),
(301, 'mariadi-situmorang-1705472160Ozqey', 353, 'alumni', '3223442349724473', 's1', 'Teknik Komputer Jaringan dan Telekomunikasi', '2017', '2024-01-17 06:16:00', '2024-01-17 06:16:00'),
(302, 'zelaya-melani-1705472160IR9D4', 354, 'umum', '9076819886289594', 'smp', 'Teknik Kendaraan Ringan dan Otomotif', '2018', '2024-01-17 06:16:00', '2024-01-17 06:16:00'),
(303, 'janet-agustina-1705472160sQO3f', 355, 'umum', '2877452543396813', 'smk', 'Teknik Pendingin Tata Udara', '2023', '2024-01-17 06:16:00', '2024-01-17 06:16:00'),
(304, 'qori-prastuti-17054721600T2qk', 356, 'alumni', '5616412061943164', 'smp', 'Teknik Pendingin Tata Udara', '2017', '2024-01-17 06:16:00', '2024-01-17 06:16:00'),
(305, 'sarah-usamah-1705472160exqKM', 357, 'umum', '7650480178868096', 'sd', 'Teknik Kendaraan Ringan dan Otomotif', '2017', '2024-01-17 06:16:00', '2024-01-17 06:16:00'),
(306, 'caturangga-maheswara-1705472160mGGHS', 358, 'umum', '0047180603330528', 'sd', 'Teknik Pendingin Tata Udara', '2021', '2024-01-17 06:16:00', '2024-01-17 06:16:00'),
(307, 'ika-rahmawati-1705472160Q0mTP', 359, 'alumni', '5665748577291986', 'smp', 'Teknik Komputer Jaringan dan Telekomunikasi', '2023', '2024-01-17 06:16:00', '2024-01-17 06:16:00'),
(308, 'tina-lestari-1705472160L6Lsf', 360, 'umum', '6962680439641943', 'd3', 'Teknik Pendingin Tata Udara', '2018', '2024-01-17 06:16:00', '2024-01-17 06:16:00'),
(309, 'laksana-wasita-17054721603msbS', 361, 'alumni', '5074829738818639', 's1', 'Teknik Kendaraan Ringan dan Otomotif', '2017', '2024-01-17 06:16:00', '2024-01-17 06:16:00'),
(310, 'dian-winarsih-spd-17054721611QxMV', 362, 'umum', '9308823413933423', 'smp', 'Teknik Komputer Jaringan dan Telekomunikasi', '2020', '2024-01-17 06:16:01', '2024-01-17 06:16:01'),
(311, 'asirwada-saptono-sh-1705472161SXISe', 363, 'umum', '7109901745734324', 'smp', 'Teknik Komputer Jaringan dan Telekomunikasi', '2018', '2024-01-17 06:16:01', '2024-01-17 06:16:01'),
(312, 'mahmud-samosir-sh-1705472161UFhai', 364, 'alumni', '9360314360292619', 's1', 'Teknik Kendaraan Ringan dan Otomotif', '2016', '2024-01-17 06:16:01', '2024-01-17 06:16:01'),
(313, 'pia-hana-mandasari-1705472161D1UjR', 365, 'umum', '3469086686791551', 's1', 'Teknik Komputer Jaringan dan Telekomunikasi', '2016', '2024-01-17 06:16:01', '2024-01-17 06:16:01'),
(314, 'warsa-sihotang-1705472161zFyN6', 366, 'alumni', '1076067394570614', 'sd', 'Teknik Pendingin Tata Udara', '2017', '2024-01-17 06:16:01', '2024-01-17 06:16:01'),
(315, 'warsita-galih-irawan-1705472161bKBm1', 367, 'umum', '4177535000089585', 'smp', 'Teknik Komputer Jaringan dan Telekomunikasi', '2023', '2024-01-17 06:16:01', '2024-01-17 06:16:01'),
(316, 'bakiadi-hidayanto-mti-1705472161327KK', 368, 'umum', '5557157863635960', 'sd', 'Teknik Pendingin Tata Udara', '2022', '2024-01-17 06:16:01', '2024-01-17 06:16:01'),
(317, 'maman-sihombing-1705472161DiCcF', 369, 'umum', '9616964241380648', 's1', 'Teknik Komputer Jaringan dan Telekomunikasi', '2019', '2024-01-17 06:16:01', '2024-01-17 06:16:01'),
(318, 'gatra-ihsan-latupono-1705472161i8Jbr', 370, 'umum', '8558101540341249', 'd3', 'Teknik Pendingin Tata Udara', '2023', '2024-01-17 06:16:01', '2024-01-17 06:16:01'),
(319, 'shakila-calista-permata-1705472161xPFmG', 371, 'umum', '9994902454655301', 'sd', 'Teknik Pendingin Tata Udara', '2023', '2024-01-17 06:16:01', '2024-01-17 06:16:01'),
(320, 'okta-tampubolon-1705472161cbzx0', 372, 'umum', '4580898059925291', 's1', 'Teknik Kendaraan Ringan dan Otomotif', '2016', '2024-01-17 06:16:01', '2024-01-17 06:16:01'),
(321, 'gangsar-simbolon-1705472161bdUAn', 373, 'umum', '8622413848360985', 's1', 'Teknik Komputer Jaringan dan Telekomunikasi', '2017', '2024-01-17 06:16:01', '2024-01-17 06:16:01'),
(322, 'damu-halim-1705472162dkZHW', 374, 'alumni', '3831228544750641', 'smk', 'Teknik Kendaraan Ringan dan Otomotif', '2019', '2024-01-17 06:16:02', '2024-01-17 06:16:02'),
(323, 'putri-farida-1705472162mcWcj', 375, 'umum', '4343510133693549', 'smk', 'Teknik Pendingin Tata Udara', '2016', '2024-01-17 06:16:02', '2024-01-17 06:16:02'),
(324, 'ega-hutasoit-1705472162Y10TT', 376, 'umum', '6662884109504463', 's1', 'Teknik Pendingin Tata Udara', '2017', '2024-01-17 06:16:02', '2024-01-17 06:16:02'),
(325, 'hasna-kusmawati-1705472162AKk7s', 377, 'alumni', '1440333435216762', 'sd', 'Teknik Pendingin Tata Udara', '2018', '2024-01-17 06:16:02', '2024-01-17 06:16:02'),
(326, 'labuh-daliman-santoso-mm-1705472162VrrI3', 378, 'umum', '1372236834851131', 'sd', 'Teknik Pendingin Tata Udara', '2018', '2024-01-17 06:16:02', '2024-01-17 06:16:02'),
(327, 'radika-simanjuntak-1705472162QNyIf', 379, 'umum', '6594351405738655', 'sd', 'Teknik Komputer Jaringan dan Telekomunikasi', '2016', '2024-01-17 06:16:02', '2024-01-17 06:16:02'),
(328, 'indah-ilsa-wahyuni-sgz-17054721621ljTB', 380, 'umum', '9353790577520239', 'smp', 'Teknik Komputer Jaringan dan Telekomunikasi', '2023', '2024-01-17 06:16:02', '2024-01-17 06:16:02'),
(329, 'zelda-wijayanti-sikom-17054721625D2nA', 381, 'alumni', '2533235063833739', 's1', 'Teknik Komputer Jaringan dan Telekomunikasi', '2023', '2024-01-17 06:16:02', '2024-01-17 06:16:02'),
(330, 'latika-tina-kusmawati-ssos-1705472162CpEMc', 382, 'umum', '1077141816611616', 'smp', 'Teknik Kendaraan Ringan dan Otomotif', '2019', '2024-01-17 06:16:02', '2024-01-17 06:16:02'),
(331, 'waluyo-bakiman-saputra-mfarm-1705472162caXHp', 383, 'umum', '3466145208528486', 'smk', 'Teknik Pendingin Tata Udara', '2023', '2024-01-17 06:16:02', '2024-01-17 06:16:02'),
(332, 'ibun-nugroho-sh-1705472162urUTY', 384, 'alumni', '5021341504737323', 'smk', 'Teknik Kendaraan Ringan dan Otomotif', '2021', '2024-01-17 06:16:02', '2024-01-17 06:16:02'),
(333, 'dina-andriani-spd-1705472162gLK0C', 385, 'umum', '5823205323964695', 'smk', 'Teknik Pendingin Tata Udara', '2016', '2024-01-17 06:16:02', '2024-01-17 06:16:02'),
(334, 'intan-jessica-agustina-skom-1705472163ezd2a', 386, 'alumni', '6835289831834569', 's1', 'Teknik Komputer Jaringan dan Telekomunikasi', '2018', '2024-01-17 06:16:03', '2024-01-17 06:16:03'),
(335, 'jasmin-ika-usada-sei-1705472163eWYZN', 387, 'alumni', '7063257955712260', 'd3', 'Teknik Pendingin Tata Udara', '2019', '2024-01-17 06:16:03', '2024-01-17 06:16:03'),
(336, 'latif-latif-utama-1705472163mNHuO', 388, 'alumni', '1417235761750851', 'smk', 'Teknik Komputer Jaringan dan Telekomunikasi', '2021', '2024-01-17 06:16:03', '2024-01-17 06:16:03'),
(337, 'siti-novitasari-sikom-1705472163DVSKd', 389, 'alumni', '1733971303921413', 'smp', 'Teknik Komputer Jaringan dan Telekomunikasi', '2019', '2024-01-17 06:16:03', '2024-01-17 06:16:03'),
(338, 'balapati-mahmud-firmansyah-sei-1705472163rXaSO', 390, 'alumni', '6322331133984231', 'sd', 'Teknik Komputer Jaringan dan Telekomunikasi', '2019', '2024-01-17 06:16:03', '2024-01-17 06:16:03'),
(339, 'latif-hutasoit-spt-1705472163uIHvi', 391, 'umum', '4941055160680408', 'sd', 'Teknik Kendaraan Ringan dan Otomotif', '2022', '2024-01-17 06:16:03', '2024-01-17 06:16:03'),
(340, 'unjani-winarsih-1705472163ELk6c', 392, 'umum', '5928210122153289', 'sd', 'Teknik Komputer Jaringan dan Telekomunikasi', '2019', '2024-01-17 06:16:03', '2024-01-17 06:16:03'),
(341, 'ganda-pradana-sh-1705472163wtNxS', 393, 'umum', '1082900860012479', 'd3', 'Teknik Komputer Jaringan dan Telekomunikasi', '2022', '2024-01-17 06:16:03', '2024-01-17 06:16:03'),
(342, 'bala-megantara-1705472163pF4E2', 394, 'alumni', '9962342977365255', 'smk', 'Teknik Kendaraan Ringan dan Otomotif', '2022', '2024-01-17 06:16:03', '2024-01-17 06:16:03'),
(343, 'taufan-kusumo-1705472163Sr7uc', 395, 'umum', '4654469804085942', 'sd', 'Teknik Pendingin Tata Udara', '2018', '2024-01-17 06:16:03', '2024-01-17 06:16:03'),
(344, 'novi-rahimah-1705472163LrfZk', 396, 'alumni', '7355046227129781', 's1', 'Teknik Kendaraan Ringan dan Otomotif', '2018', '2024-01-17 06:16:03', '2024-01-17 06:16:03'),
(345, 'tania-uli-susanti-1705472164A1Jom', 397, 'alumni', '9948264750464885', 'smk', 'Teknik Pendingin Tata Udara', '2019', '2024-01-17 06:16:04', '2024-01-17 06:16:04'),
(346, 'jumari-hakim-mm-1705472164Vt68C', 398, 'umum', '8473124387373662', 's1', 'Teknik Pendingin Tata Udara', '2023', '2024-01-17 06:16:04', '2024-01-17 06:16:04'),
(347, 'bahuraksa-luthfi-sitompul-1705472164r9Isg', 399, 'alumni', '8710599157219027', 'sd', 'Teknik Kendaraan Ringan dan Otomotif', '2021', '2024-01-17 06:16:04', '2024-01-17 06:16:04'),
(348, 'arta-edi-gunawan-1705472164JFShQ', 400, 'umum', '5579945581445135', 'smk', 'Teknik Kendaraan Ringan dan Otomotif', '2017', '2024-01-17 06:16:04', '2024-01-17 06:16:04'),
(349, 'mariadi-marbun-sked-1705472164ZZmyN', 401, 'umum', '6925615824195245', 'sd', 'Teknik Komputer Jaringan dan Telekomunikasi', '2021', '2024-01-17 06:16:04', '2024-01-17 06:16:04'),
(350, 'rosman-mandala-sfarm-1705472164dMYSP', 402, 'alumni', '8998019168147041', 'smp', 'Teknik Kendaraan Ringan dan Otomotif', '2016', '2024-01-17 06:16:04', '2024-01-17 06:16:04'),
(351, 'karsana-prayogo-mangunsong-mak-1705472164Cw1kU', 403, 'alumni', '3828526813433051', 'smk', 'Teknik Komputer Jaringan dan Telekomunikasi', '2016', '2024-01-17 06:16:04', '2024-01-17 06:16:04'),
(352, 'anggabaya-kusumo-sh-1705472164WGqMp', 404, 'alumni', '7752249669492539', 'd3', 'Teknik Kendaraan Ringan dan Otomotif', '2017', '2024-01-17 06:16:04', '2024-01-17 06:16:04'),
(353, 'cahyono-dabukke-1705472164RhgSi', 405, 'umum', '2250678506688121', 'd3', 'Teknik Pendingin Tata Udara', '2020', '2024-01-17 06:16:04', '2024-01-17 06:16:04'),
(354, 'vicky-aryani-1705472164bdSQQ', 406, 'umum', '4139295573300163', 'sd', 'Teknik Kendaraan Ringan dan Otomotif', '2023', '2024-01-17 06:16:04', '2024-01-17 06:16:04'),
(355, 'irwan-umar-sihotang-1705472164GsAUG', 407, 'alumni', '0842435843583615', 'smk', 'Teknik Pendingin Tata Udara', '2016', '2024-01-17 06:16:04', '2024-01-17 06:16:04'),
(356, 'hendra-ganda-nababan-1705472164NGAOT', 408, 'alumni', '3411063469985438', 'smp', 'Teknik Kendaraan Ringan dan Otomotif', '2020', '2024-01-17 06:16:04', '2024-01-17 06:16:04'),
(357, 'kartika-suartini-1705472165IyXd3', 409, 'alumni', '5959066860584780', 'd3', 'Teknik Komputer Jaringan dan Telekomunikasi', '2017', '2024-01-17 06:16:05', '2024-01-17 06:16:05'),
(358, 'prayoga-simanjuntak-mkom-1705472165R8NQi', 410, 'umum', '9634968296744889', 's1', 'Teknik Komputer Jaringan dan Telekomunikasi', '2016', '2024-01-17 06:16:05', '2024-01-17 06:16:05'),
(359, 'wasis-saragih-1705472165s2DGP', 411, 'umum', '4318324768212579', 's1', 'Teknik Komputer Jaringan dan Telekomunikasi', '2020', '2024-01-17 06:16:05', '2024-01-17 06:16:05'),
(360, 'kasiyah-padmasari-1705472165NdZ5w', 412, 'alumni', '5733831306795022', 'd3', 'Teknik Komputer Jaringan dan Telekomunikasi', '2020', '2024-01-17 06:16:05', '2024-01-17 06:16:05'),
(361, 'kezia-anggraini-1705472165fY5zV', 413, 'umum', '6860175559431309', 'smp', 'Teknik Kendaraan Ringan dan Otomotif', '2020', '2024-01-17 06:16:05', '2024-01-17 06:16:05'),
(362, 'paulin-palastri-17054721658SlvA', 414, 'umum', '1249690997318721', 'smk', 'Teknik Pendingin Tata Udara', '2022', '2024-01-17 06:16:05', '2024-01-17 06:16:05'),
(363, 'febi-fujiati-1705472165h9EVo', 415, 'umum', '9953575246807647', 's1', 'Teknik Pendingin Tata Udara', '2016', '2024-01-17 06:16:05', '2024-01-17 06:16:05'),
(364, 'carla-cinthia-safitri-1705472165cAYjj', 416, 'umum', '5194701703914140', 'sd', 'Teknik Kendaraan Ringan dan Otomotif', '2022', '2024-01-17 06:16:05', '2024-01-17 06:16:05'),
(365, 'karta-kusuma-prasasta-1705472165it69N', 417, 'alumni', '5118368320215674', 's1', 'Teknik Komputer Jaringan dan Telekomunikasi', '2016', '2024-01-17 06:16:05', '2024-01-17 06:16:05'),
(366, 'umaya-simbolon-1705472165VEwrU', 418, 'umum', '9494469982904399', 's1', 'Teknik Komputer Jaringan dan Telekomunikasi', '2016', '2024-01-17 06:16:05', '2024-01-17 06:16:05'),
(367, 'irma-nuraini-1705472165DrKtR', 419, 'umum', '8886886237505978', 'd3', 'Teknik Komputer Jaringan dan Telekomunikasi', '2018', '2024-01-17 06:16:05', '2024-01-17 06:16:05'),
(368, 'darmanto-prakasa-1705472165baOZB', 420, 'umum', '7821627448175715', 'd3', 'Teknik Komputer Jaringan dan Telekomunikasi', '2017', '2024-01-17 06:16:05', '2024-01-17 06:16:05'),
(369, 'liman-waluyo-1705472166L45xJ', 421, 'umum', '8067222873663650', 'smp', 'Teknik Pendingin Tata Udara', '2017', '2024-01-17 06:16:06', '2024-01-17 06:16:06'),
(370, 'vanesa-handayani-1705472166S4rCA', 422, 'alumni', '8783811622287124', 's1', 'Teknik Pendingin Tata Udara', '2018', '2024-01-17 06:16:06', '2024-01-17 06:16:06'),
(371, 'ilyas-santoso-1705472166f5Cmf', 423, 'umum', '3065123473648399', 's1', 'Teknik Pendingin Tata Udara', '2019', '2024-01-17 06:16:06', '2024-01-17 06:16:06'),
(372, 'kamaria-rahayu-1705472166UFEAn', 424, 'alumni', '4773490369983071', 'smp', 'Teknik Pendingin Tata Udara', '2021', '2024-01-17 06:16:06', '2024-01-17 06:16:06'),
(373, 'aurora-kezia-susanti-sgz-1705472166ESNgR', 425, 'alumni', '8333394800843075', 'smp', 'Teknik Pendingin Tata Udara', '2021', '2024-01-17 06:16:06', '2024-01-17 06:16:06'),
(374, 'zulaikha-yuniar-1705472166dGBxH', 426, 'umum', '5110817162449422', 'sd', 'Teknik Komputer Jaringan dan Telekomunikasi', '2016', '2024-01-17 06:16:06', '2024-01-17 06:16:06'),
(375, 'ami-wulandari-1705472166OfPdT', 427, 'umum', '5220348645347039', 'smk', 'Teknik Komputer Jaringan dan Telekomunikasi', '2023', '2024-01-17 06:16:06', '2024-01-17 06:16:06'),
(376, 'hartaka-habibi-1705472166I81Dm', 428, 'alumni', '6587264497460968', 'smk', 'Teknik Komputer Jaringan dan Telekomunikasi', '2022', '2024-01-17 06:16:06', '2024-01-17 06:16:06'),
(377, 'zizi-ade-anggraini-sked-1705472166q8WvJ', 429, 'umum', '3757380419931350', 'd3', 'Teknik Komputer Jaringan dan Telekomunikasi', '2016', '2024-01-17 06:16:06', '2024-01-17 06:16:06'),
(378, 'cager-bakiman-marpaung-mfarm-1705472166uGekk', 430, 'umum', '2930066616730801', 's1', 'Teknik Komputer Jaringan dan Telekomunikasi', '2020', '2024-01-17 06:16:06', '2024-01-17 06:16:06'),
(379, 'calista-susanti-1705472166QsAQK', 431, 'alumni', '7768318611510460', 'sd', 'Teknik Kendaraan Ringan dan Otomotif', '2022', '2024-01-17 06:16:06', '2024-01-17 06:16:06'),
(380, 'galur-wijaya-1705472167L3Vx6', 432, 'umum', '9925709668158556', 'sd', 'Teknik Pendingin Tata Udara', '2017', '2024-01-17 06:16:07', '2024-01-17 06:16:07'),
(381, 'karya-daliono-maryadi-1705472167pLqdv', 433, 'umum', '5708010107153063', 'sd', 'Teknik Pendingin Tata Udara', '2023', '2024-01-17 06:16:07', '2024-01-17 06:16:07'),
(382, 'mahdi-liman-tampubolon-17054721673fQH6', 434, 'alumni', '9723537791317040', 'smp', 'Teknik Kendaraan Ringan dan Otomotif', '2016', '2024-01-17 06:16:07', '2024-01-17 06:16:07'),
(383, 'keisha-nasyiah-1705472167SMy38', 435, 'umum', '1458767790798798', 'sd', 'Teknik Komputer Jaringan dan Telekomunikasi', '2017', '2024-01-17 06:16:07', '2024-01-17 06:16:07'),
(384, 'gandi-hardi-wijaya-st-1705472167CGMpX', 436, 'alumni', '1914377907858601', 'smk', 'Teknik Kendaraan Ringan dan Otomotif', '2022', '2024-01-17 06:16:07', '2024-01-17 06:16:07'),
(385, 'elvin-prabowo-1705472167zbna5', 437, 'umum', '4771336719507559', 'smk', 'Teknik Pendingin Tata Udara', '2021', '2024-01-17 06:16:07', '2024-01-17 06:16:07'),
(386, 'tugiman-nainggolan-mak-1705472167NlnU2', 438, 'umum', '1727032363362321', 's1', 'Teknik Pendingin Tata Udara', '2020', '2024-01-17 06:16:07', '2024-01-17 06:16:07'),
(387, 'ella-ani-andriani-skom-1705472167bfbvV', 439, 'umum', '1431912391726058', 'smp', 'Teknik Komputer Jaringan dan Telekomunikasi', '2016', '2024-01-17 06:16:07', '2024-01-17 06:16:07'),
(388, 'rangga-dongoran-1705472167BlBc8', 440, 'alumni', '1024199464061272', 's1', 'Teknik Pendingin Tata Udara', '2017', '2024-01-17 06:16:07', '2024-01-17 06:16:07'),
(389, 'mutia-puput-agustina-se-1705472167JrCEv', 441, 'umum', '3752768468145562', 'smp', 'Teknik Pendingin Tata Udara', '2016', '2024-01-17 06:16:07', '2024-01-17 06:16:07'),
(390, 'violet-mulyani-17054721674RO7A', 442, 'umum', '8544412375366269', 's1', 'Teknik Pendingin Tata Udara', '2022', '2024-01-17 06:16:07', '2024-01-17 06:16:07'),
(391, 'bakti-anggriawan-ssos-1705472167OhS3n', 443, 'umum', '4871510311756691', 'smp', 'Teknik Komputer Jaringan dan Telekomunikasi', '2019', '2024-01-17 06:16:07', '2024-01-17 06:16:07'),
(392, 'pangeran-pranowo-1705472168BXC6R', 444, 'alumni', '0917756399047429', 'sd', 'Teknik Komputer Jaringan dan Telekomunikasi', '2016', '2024-01-17 06:16:08', '2024-01-17 06:16:08'),
(393, 'hartaka-warji-sihombing-sfarm-17054721685UQiZ', 445, 'umum', '2931056474837211', 'smp', 'Teknik Kendaraan Ringan dan Otomotif', '2016', '2024-01-17 06:16:08', '2024-01-17 06:16:08'),
(394, 'hamzah-cayadi-sitompul-1705472168W9rtt', 446, 'alumni', '6771952073522458', 'smk', 'Teknik Komputer Jaringan dan Telekomunikasi', '2021', '2024-01-17 06:16:08', '2024-01-17 06:16:08'),
(395, 'ayu-cinta-handayani-1705472168yVeVp', 447, 'umum', '0107516673062232', 'smk', 'Teknik Kendaraan Ringan dan Otomotif', '2023', '2024-01-17 06:16:08', '2024-01-17 06:16:08'),
(396, 'enteng-sitorus-1705472168gvJIr', 448, 'alumni', '3686916442035758', 'smk', 'Teknik Kendaraan Ringan dan Otomotif', '2023', '2024-01-17 06:16:08', '2024-01-17 06:16:08'),
(397, 'adikara-tamba-1705472168YMfSk', 449, 'alumni', '0495506352672128', 'smk', 'Teknik Komputer Jaringan dan Telekomunikasi', '2017', '2024-01-17 06:16:08', '2024-01-17 06:16:08'),
(398, 'aurora-andriani-mfarm-1705472168rpYun', 450, 'umum', '3679678630128932', 'd3', 'Teknik Komputer Jaringan dan Telekomunikasi', '2020', '2024-01-17 06:16:08', '2024-01-17 06:16:08'),
(399, 'vanya-usamah-1705472168V601w', 451, 'umum', '2496269164517991', 'smk', 'Teknik Kendaraan Ringan dan Otomotif', '2019', '2024-01-17 06:16:08', '2024-01-17 06:16:08'),
(400, 'karimah-prastuti-1705472168V5oMm', 452, 'alumni', '8839300268522066', 's1', 'Teknik Komputer Jaringan dan Telekomunikasi', '2016', '2024-01-17 06:16:08', '2024-01-17 06:16:08'),
(401, 'najwa-usamah-17054721689klLa', 453, 'alumni', '3719646414834466', 'smk', 'Teknik Pendingin Tata Udara', '2019', '2024-01-17 06:16:08', '2024-01-17 06:16:08'),
(402, 'kiandra-puspita-1705472168VxQx5', 454, 'umum', '1360524029164446', 'smk', 'Teknik Pendingin Tata Udara', '2016', '2024-01-17 06:16:08', '2024-01-17 06:16:08'),
(403, 'edison-sihombing-1705472169IxhfW', 455, 'umum', '5247723131625737', 'sd', 'Teknik Pendingin Tata Udara', '2020', '2024-01-17 06:16:09', '2024-01-17 06:16:09'),
(404, 'karma-suryono-1705472169Q0ORe', 456, 'alumni', '0086116537083770', 'sd', 'Teknik Komputer Jaringan dan Telekomunikasi', '2016', '2024-01-17 06:16:09', '2024-01-17 06:16:09'),
(405, 'nilam-hartati-170547216946pGX', 457, 'alumni', '1941929322071570', 'd3', 'Teknik Pendingin Tata Udara', '2021', '2024-01-17 06:16:09', '2024-01-17 06:16:09'),
(406, 'umaya-maheswara-mpd-1705472169AYkHj', 458, 'alumni', '6106246997614969', 'sd', 'Teknik Kendaraan Ringan dan Otomotif', '2022', '2024-01-17 06:16:09', '2024-01-17 06:16:09'),
(407, 'wage-balijan-siregar-17054721690psHl', 459, 'umum', '4676703038599477', 'sd', 'Teknik Kendaraan Ringan dan Otomotif', '2017', '2024-01-17 06:16:09', '2024-01-17 06:16:09'),
(408, 'shakila-oktaviani-sfarm-17054721692vT41', 460, 'umum', '2668121545692594', 'smk', 'Teknik Pendingin Tata Udara', '2022', '2024-01-17 06:16:09', '2024-01-17 06:16:09'),
(409, 'catur-utama-1705472169Mfv7d', 461, 'alumni', '6781411082986529', 'smk', 'Teknik Pendingin Tata Udara', '2016', '2024-01-17 06:16:09', '2024-01-17 06:16:09'),
(410, 'rini-riyanti-1705472169RMVjE', 462, 'umum', '7242725792776975', 'smp', 'Teknik Kendaraan Ringan dan Otomotif', '2022', '2024-01-17 06:16:09', '2024-01-17 06:16:09'),
(411, 'dadap-hendra-rajata-1705472169od73Q', 463, 'alumni', '9990258174570819', 's1', 'Teknik Pendingin Tata Udara', '2018', '2024-01-17 06:16:09', '2024-01-17 06:16:09'),
(412, 'indra-marpaung-1705472169wREIK', 464, 'alumni', '6576496128397636', 'sd', 'Teknik Pendingin Tata Udara', '2021', '2024-01-17 06:16:09', '2024-01-17 06:16:09'),
(413, 'zizi-nurdiyanti-1705472169CleOK', 465, 'alumni', '8669526017929296', 'd3', 'Teknik Kendaraan Ringan dan Otomotif', '2020', '2024-01-17 06:16:09', '2024-01-17 06:16:09'),
(414, 'titin-purwanti-1705472169q5JhG', 466, 'umum', '3686785053521950', 's1', 'Teknik Kendaraan Ringan dan Otomotif', '2018', '2024-01-17 06:16:09', '2024-01-17 06:16:09'),
(415, 'danuja-prabowo-dabukke-17054721708raeL', 467, 'umum', '6092075728132814', 'smk', 'Teknik Pendingin Tata Udara', '2016', '2024-01-17 06:16:10', '2024-01-17 06:16:10'),
(416, 'rahayu-laila-farida-1705472170HguEl', 468, 'umum', '2045559461110309', 'smp', 'Teknik Komputer Jaringan dan Telekomunikasi', '2023', '2024-01-17 06:16:10', '2024-01-17 06:16:10'),
(417, 'gabriella-samiah-maryati-sked-1705472170bRZYP', 469, 'umum', '9139131371832568', 'sd', 'Teknik Komputer Jaringan dan Telekomunikasi', '2018', '2024-01-17 06:16:10', '2024-01-17 06:16:10'),
(418, 'manah-gaiman-prabowo-1705472170lA0kZ', 470, 'umum', '7557246600112767', 'd3', 'Teknik Komputer Jaringan dan Telekomunikasi', '2016', '2024-01-17 06:16:10', '2024-01-17 06:16:10'),
(419, 'prabu-among-budiman-ssos-1705472170GnHFX', 471, 'alumni', '0407183625682016', 'd3', 'Teknik Kendaraan Ringan dan Otomotif', '2016', '2024-01-17 06:16:10', '2024-01-17 06:16:10'),
(420, 'elma-aryani-1705472170A5Jcm', 472, 'umum', '5967203192527860', 'sd', 'Teknik Pendingin Tata Udara', '2016', '2024-01-17 06:16:10', '2024-01-17 06:16:10'),
(421, 'aurora-zulaika-1705472170uLol1', 473, 'alumni', '3533832427512273', 'd3', 'Teknik Pendingin Tata Udara', '2017', '2024-01-17 06:16:10', '2024-01-17 06:16:10'),
(422, 'yahya-baktiadi-marpaung-1705472170w9aEP', 474, 'alumni', '2248670894365378', 'smp', 'Teknik Pendingin Tata Udara', '2023', '2024-01-17 06:16:10', '2024-01-17 06:16:10'),
(423, 'jail-thamrin-mm-1705472170Qjyul', 475, 'umum', '8053507649290778', 'smp', 'Teknik Kendaraan Ringan dan Otomotif', '2017', '2024-01-17 06:16:10', '2024-01-17 06:16:10'),
(424, 'arsipatra-pardi-napitupulu-1705472170Rx1TR', 476, 'alumni', '4605669527158042', 'smp', 'Teknik Pendingin Tata Udara', '2021', '2024-01-17 06:16:10', '2024-01-17 06:16:10'),
(425, 'ega-siregar-1705472170SfMSc', 477, 'alumni', '4002961662873965', 'sd', 'Teknik Komputer Jaringan dan Telekomunikasi', '2020', '2024-01-17 06:16:10', '2024-01-17 06:16:10'),
(426, 'lalita-andriani-sked-1705472170nqRi0', 478, 'umum', '2858864019512424', 'smk', 'Teknik Kendaraan Ringan dan Otomotif', '2016', '2024-01-17 06:16:10', '2024-01-17 06:16:10'),
(427, 'winda-laksita-1705472171FWdjs', 479, 'alumni', '1242163196614469', 'sd', 'Teknik Komputer Jaringan dan Telekomunikasi', '2022', '2024-01-17 06:16:11', '2024-01-17 06:16:11'),
(428, 'hardi-wibowo-se-17054721714N9Tq', 480, 'umum', '7823518312434600', 'smp', 'Teknik Komputer Jaringan dan Telekomunikasi', '2017', '2024-01-17 06:16:11', '2024-01-17 06:16:11'),
(429, 'pia-vanya-astuti-1705472171xf8DG', 481, 'alumni', '6091482882706330', 'smp', 'Teknik Pendingin Tata Udara', '2022', '2024-01-17 06:16:11', '2024-01-17 06:16:11'),
(430, 'kardi-jayeng-prabowo-spsi-1705472171qsH5E', 482, 'umum', '5272951944182164', 's1', 'Teknik Pendingin Tata Udara', '2021', '2024-01-17 06:16:11', '2024-01-17 06:16:11'),
(431, 'harjasa-nasim-mandala-1705472171bQkQo', 483, 'alumni', '9650315581549811', 'sd', 'Teknik Pendingin Tata Udara', '2022', '2024-01-17 06:16:11', '2024-01-17 06:16:11'),
(432, 'maras-marpaung-17054721714fbhK', 484, 'umum', '4914507848654351', 's1', 'Teknik Pendingin Tata Udara', '2023', '2024-01-17 06:16:11', '2024-01-17 06:16:11'),
(433, 'jessica-puspita-1705472171X0HjF', 485, 'umum', '4034295475873022', 'd3', 'Teknik Pendingin Tata Udara', '2016', '2024-01-17 06:16:11', '2024-01-17 06:16:11'),
(434, 'pangeran-nababan-1705472171KrVHW', 486, 'alumni', '9068514524421269', 'smk', 'Teknik Kendaraan Ringan dan Otomotif', '2020', '2024-01-17 06:16:11', '2024-01-17 06:16:11'),
(435, 'harjo-okto-siregar-skom-1705472171VRXnc', 487, 'umum', '7236627409657336', 'sd', 'Teknik Pendingin Tata Udara', '2022', '2024-01-17 06:16:11', '2024-01-17 06:16:11'),
(436, 'galih-cemani-nababan-skom-1705472171yXpys', 488, 'alumni', '4223661326060650', 'd3', 'Teknik Kendaraan Ringan dan Otomotif', '2023', '2024-01-17 06:16:11', '2024-01-17 06:16:11'),
(437, 'timbul-wibisono-sikom-1705472171c1ZR6', 489, 'umum', '7515255656480749', 'smk', 'Teknik Komputer Jaringan dan Telekomunikasi', '2020', '2024-01-17 06:16:11', '2024-01-17 06:16:11'),
(438, 'lintang-pudjiastuti-1705472171cqsPr', 490, 'alumni', '8963859915566999', 'sd', 'Teknik Pendingin Tata Udara', '2016', '2024-01-17 06:16:11', '2024-01-17 06:16:11'),
(439, 'salwa-handayani-1705472172fH1cm', 491, 'alumni', '1202273927369552', 's1', 'Teknik Kendaraan Ringan dan Otomotif', '2019', '2024-01-17 06:16:12', '2024-01-17 06:16:12'),
(440, 'latif-hakim-mm-1705472172RKd61', 492, 'alumni', '8175161068197474', 'smk', 'Teknik Kendaraan Ringan dan Otomotif', '2017', '2024-01-17 06:16:12', '2024-01-17 06:16:12'),
(441, 'mulyanto-narpati-1705472172W00TQ', 493, 'alumni', '4476181459132101', 'smk', 'Teknik Kendaraan Ringan dan Otomotif', '2023', '2024-01-17 06:16:12', '2024-01-17 06:16:12'),
(442, 'ana-andriani-mkom-1705472172Oh4nE', 494, 'alumni', '5846451492924316', 'smp', 'Teknik Pendingin Tata Udara', '2018', '2024-01-17 06:16:12', '2024-01-17 06:16:12'),
(443, 'tari-lintang-melani-mm-1705472172KqmWP', 495, 'umum', '9545453345752443', 'smk', 'Teknik Pendingin Tata Udara', '2016', '2024-01-17 06:16:12', '2024-01-17 06:16:12'),
(444, 'dian-yuliarti-1705472172bE36m', 496, 'umum', '7588992420946722', 'smp', 'Teknik Komputer Jaringan dan Telekomunikasi', '2022', '2024-01-17 06:16:12', '2024-01-17 06:16:12'),
(445, 'lamar-viktor-narpati-spd-1705472172AO6sV', 497, 'umum', '8993401502932705', 's1', 'Teknik Pendingin Tata Udara', '2017', '2024-01-17 06:16:12', '2024-01-17 06:16:12'),
(446, 'cahyadi-permadi-170547217208PNe', 498, 'umum', '1986931800659604', 'd3', 'Teknik Pendingin Tata Udara', '2022', '2024-01-17 06:16:12', '2024-01-17 06:16:12'),
(447, 'ajeng-kusmawati-spt-17054721724ZBZT', 499, 'alumni', '7241234856435976', 'smp', 'Teknik Pendingin Tata Udara', '2022', '2024-01-17 06:16:12', '2024-01-17 06:16:12'),
(448, 'bakda-tirta-wibowo-sgz-1705472172kFCr1', 500, 'umum', '1993363522302224', 'sd', 'Teknik Kendaraan Ringan dan Otomotif', '2022', '2024-01-17 06:16:12', '2024-01-17 06:16:12'),
(449, 'baktiono-halim-mak-1705472172mTGvv', 501, 'alumni', '9163408162341893', 'smk', 'Teknik Pendingin Tata Udara', '2021', '2024-01-17 06:16:12', '2024-01-17 06:16:12'),
(450, 'jais-anggriawan-mfarm-1705472173mHn2m', 502, 'alumni', '2851108464229649', 'smk', 'Teknik Kendaraan Ringan dan Otomotif', '2023', '2024-01-17 06:16:13', '2024-01-17 06:16:13'),
(451, 'raisa-hastuti-1705472173im90z', 503, 'alumni', '5276025748615798', 'smp', 'Teknik Kendaraan Ringan dan Otomotif', '2020', '2024-01-17 06:16:13', '2024-01-17 06:16:13'),
(452, 'lulut-prasetya-mak-1705472173d2OaI', 504, 'umum', '4078122738133661', 'd3', 'Teknik Kendaraan Ringan dan Otomotif', '2017', '2024-01-17 06:16:13', '2024-01-17 06:16:13'),
(453, 'queen-yolanda-1705472173NF2nD', 505, 'alumni', '4524482570532341', 'smp', 'Teknik Kendaraan Ringan dan Otomotif', '2020', '2024-01-17 06:16:13', '2024-01-17 06:16:13'),
(454, 'ulya-yance-hassanah-1705472173r2I00', 506, 'umum', '1171576862214039', 'd3', 'Teknik Komputer Jaringan dan Telekomunikasi', '2023', '2024-01-17 06:16:13', '2024-01-17 06:16:13'),
(455, 'kalim-wijaya-170547217349EqY', 507, 'alumni', '8229874442768553', 'sd', 'Teknik Kendaraan Ringan dan Otomotif', '2018', '2024-01-17 06:16:13', '2024-01-17 06:16:13'),
(456, 'bambang-sihombing-1705472173RVCiZ', 508, 'umum', '6974534756602371', 's1', 'Teknik Kendaraan Ringan dan Otomotif', '2023', '2024-01-17 06:16:13', '2024-01-17 06:16:13'),
(457, 'najib-ramadan-sei-1705472173jM92z', 509, 'alumni', '0571718630871631', 'smp', 'Teknik Pendingin Tata Udara', '2019', '2024-01-17 06:16:13', '2024-01-17 06:16:13'),
(458, 'vinsen-sinaga-1705472173P2LN8', 510, 'alumni', '5686454663394414', 'd3', 'Teknik Kendaraan Ringan dan Otomotif', '2020', '2024-01-17 06:16:13', '2024-01-17 06:16:13'),
(459, 'muhammad-natsir-se-1705472173GOe3D', 511, 'umum', '6808584136304838', 'sd', 'Teknik Komputer Jaringan dan Telekomunikasi', '2022', '2024-01-17 06:16:13', '2024-01-17 06:16:13'),
(460, 'wani-mandasari-1705472173GPREC', 512, 'alumni', '5435867416557229', 'smp', 'Teknik Komputer Jaringan dan Telekomunikasi', '2016', '2024-01-17 06:16:13', '2024-01-17 06:16:13'),
(461, 'dono-pradipta-1705472173GDwol', 513, 'alumni', '2755217504743984', 'smp', 'Teknik Komputer Jaringan dan Telekomunikasi', '2021', '2024-01-17 06:16:13', '2024-01-17 06:16:13'),
(462, 'vicky-ilsa-farida-1705472174BNFrH', 514, 'alumni', '6667734629656571', 'smk', 'Teknik Kendaraan Ringan dan Otomotif', '2017', '2024-01-17 06:16:14', '2024-01-17 06:16:14'),
(463, 'gara-kurniawan-spd-1705472174ztTz4', 515, 'umum', '4753204866737057', 's1', 'Teknik Kendaraan Ringan dan Otomotif', '2016', '2024-01-17 06:16:14', '2024-01-17 06:16:14'),
(464, 'mala-lailasari-1705472174vPil1', 516, 'alumni', '5666571849182888', 'sd', 'Teknik Kendaraan Ringan dan Otomotif', '2020', '2024-01-17 06:16:14', '2024-01-17 06:16:14'),
(465, 'olivia-dewi-anggraini-sei-1705472174nxhuz', 517, 'alumni', '0568259376842997', 'sd', 'Teknik Pendingin Tata Udara', '2021', '2024-01-17 06:16:14', '2024-01-17 06:16:14'),
(466, 'silvia-namaga-1705472174HzSVK', 518, 'umum', '1552749512812896', 'sd', 'Teknik Pendingin Tata Udara', '2022', '2024-01-17 06:16:14', '2024-01-17 06:16:14'),
(467, 'ani-safina-mardhiyah-se-17054721744tykh', 519, 'umum', '8351781175078627', 'd3', 'Teknik Pendingin Tata Udara', '2016', '2024-01-17 06:16:14', '2024-01-17 06:16:14'),
(468, 'raditya-sitompul-170547217421CW7', 520, 'alumni', '7506540705666233', 's1', 'Teknik Komputer Jaringan dan Telekomunikasi', '2022', '2024-01-17 06:16:14', '2024-01-17 06:16:14'),
(469, 'siska-ciaobella-melani-1705472174ZG5nX', 521, 'umum', '2280603514310807', 'smp', 'Teknik Pendingin Tata Udara', '2017', '2024-01-17 06:16:14', '2024-01-17 06:16:14'),
(470, 'tina-suartini-1705472174WdCW0', 522, 'alumni', '7246467905708016', 'sd', 'Teknik Kendaraan Ringan dan Otomotif', '2023', '2024-01-17 06:16:14', '2024-01-17 06:16:14'),
(471, 'prayogo-hutapea-17054721740V5bf', 523, 'alumni', '5605587667483283', 'smk', 'Teknik Kendaraan Ringan dan Otomotif', '2023', '2024-01-17 06:16:14', '2024-01-17 06:16:14'),
(472, 'cager-sitompul-mkom-1705472174qUiYm', 524, 'umum', '2284213853466031', 'sd', 'Teknik Pendingin Tata Udara', '2021', '2024-01-17 06:16:14', '2024-01-17 06:16:14'),
(473, 'dacin-jailani-sgz-1705472175YkcKl', 525, 'umum', '9826770437041979', 'd3', 'Teknik Komputer Jaringan dan Telekomunikasi', '2017', '2024-01-17 06:16:15', '2024-01-17 06:16:15'),
(474, 'fitriani-fujiati-1705472175Lztk2', 526, 'umum', '6470607243416570', 's1', 'Teknik Pendingin Tata Udara', '2020', '2024-01-17 06:16:15', '2024-01-17 06:16:15'),
(475, 'aurora-kuswandari-1705472175emnJX', 527, 'umum', '0484453072484098', 'smk', 'Teknik Pendingin Tata Udara', '2018', '2024-01-17 06:16:15', '2024-01-17 06:16:15'),
(476, 'clara-riyanti-1705472175nZAl5', 528, 'umum', '1577513470281119', 'smk', 'Teknik Kendaraan Ringan dan Otomotif', '2019', '2024-01-17 06:16:15', '2024-01-17 06:16:15'),
(477, 'devi-paulin-puspita-mfarm-17054721751dY52', 529, 'alumni', '6067227110332167', 'smk', 'Teknik Pendingin Tata Udara', '2019', '2024-01-17 06:16:15', '2024-01-17 06:16:15'),
(478, 'lantar-zulkarnain-spsi-1705472175PKo71', 530, 'alumni', '8315714914705666', 'smk', 'Teknik Komputer Jaringan dan Telekomunikasi', '2020', '2024-01-17 06:16:15', '2024-01-17 06:16:15'),
(479, 'hana-purwanti-1705472175fR9IV', 531, 'umum', '5383977288845314', 's1', 'Teknik Pendingin Tata Udara', '2020', '2024-01-17 06:16:15', '2024-01-17 06:16:15'),
(480, 'dina-violet-yuliarti-mak-1705472175G9bTa', 532, 'umum', '7780351606588214', 'smp', 'Teknik Kendaraan Ringan dan Otomotif', '2020', '2024-01-17 06:16:15', '2024-01-17 06:16:15'),
(481, 'budi-damanik-ssos-1705472175q7BOP', 533, 'umum', '5958634070163285', 'd3', 'Teknik Kendaraan Ringan dan Otomotif', '2022', '2024-01-17 06:16:15', '2024-01-17 06:16:15'),
(482, 'ella-kusmawati-1705472175f7R5C', 534, 'umum', '4782685997968619', 'd3', 'Teknik Kendaraan Ringan dan Otomotif', '2020', '2024-01-17 06:16:15', '2024-01-17 06:16:15'),
(483, 'elon-hutapea-ssos-1705472175LxZY6', 535, 'alumni', '0822240138079690', 's1', 'Teknik Kendaraan Ringan dan Otomotif', '2021', '2024-01-17 06:16:15', '2024-01-17 06:16:15'),
(484, 'pranata-pradana-1705472175Qk3m4', 536, 'umum', '5672804571822038', 'smk', 'Teknik Pendingin Tata Udara', '2020', '2024-01-17 06:16:15', '2024-01-17 06:16:15'),
(485, 'puti-oliva-sudiati-1705472176GhFU9', 537, 'umum', '4435333370897213', 's1', 'Teknik Komputer Jaringan dan Telekomunikasi', '2016', '2024-01-17 06:16:16', '2024-01-17 06:16:16'),
(486, 'hafshah-cornelia-kusmawati-1705472176hLxKW', 538, 'umum', '3020073171892876', 'smk', 'Teknik Kendaraan Ringan dan Otomotif', '2020', '2024-01-17 06:16:16', '2024-01-17 06:16:16'),
(487, 'mujur-kurniawan-mm-1705472176C2Ods', 539, 'umum', '8067207351386595', 's1', 'Teknik Kendaraan Ringan dan Otomotif', '2017', '2024-01-17 06:16:16', '2024-01-17 06:16:16'),
(488, 'wadi-sihombing-1705472176HGrsY', 540, 'alumni', '1263756506523723', 'd3', 'Teknik Kendaraan Ringan dan Otomotif', '2022', '2024-01-17 06:16:16', '2024-01-17 06:16:16'),
(489, 'damu-adriansyah-1705472176Xq9mi', 541, 'alumni', '2706462003982550', 'smp', 'Teknik Pendingin Tata Udara', '2023', '2024-01-17 06:16:16', '2024-01-17 06:16:16'),
(490, 'adika-prabowo-17054721762u7S2', 542, 'umum', '7548730157651607', 'smp', 'Teknik Pendingin Tata Udara', '2018', '2024-01-17 06:16:16', '2024-01-17 06:16:16'),
(491, 'raden-sihombing-1705472176vOviU', 543, 'alumni', '3072684922716880', 's1', 'Teknik Kendaraan Ringan dan Otomotif', '2017', '2024-01-17 06:16:16', '2024-01-17 06:16:16'),
(492, 'puspa-pertiwi-1705472176Nc75J', 544, 'alumni', '6488027060301815', 'sd', 'Teknik Kendaraan Ringan dan Otomotif', '2021', '2024-01-17 06:16:16', '2024-01-17 06:16:16'),
(493, 'anastasia-karimah-hariyah-1705472176vwKt2', 545, 'umum', '7673578079541556', 's1', 'Teknik Pendingin Tata Udara', '2022', '2024-01-17 06:16:16', '2024-01-17 06:16:16'),
(494, 'juli-halimah-1705472176iCA6R', 546, 'umum', '2264271071112430', 'smp', 'Teknik Komputer Jaringan dan Telekomunikasi', '2019', '2024-01-17 06:16:16', '2024-01-17 06:16:16'),
(495, 'mila-lestari-17054721764NHWm', 547, 'alumni', '5098643725525700', 'd3', 'Teknik Pendingin Tata Udara', '2017', '2024-01-17 06:16:16', '2024-01-17 06:16:16'),
(496, 'umi-safitri-1705472176YH3NE', 548, 'alumni', '8231379652196928', 'smk', 'Teknik Komputer Jaringan dan Telekomunikasi', '2021', '2024-01-17 06:16:16', '2024-01-17 06:16:16'),
(497, 'daliono-marpaung-1705472177FpK5E', 549, 'umum', '3025340529693820', 'd3', 'Teknik Komputer Jaringan dan Telekomunikasi', '2020', '2024-01-17 06:16:17', '2024-01-17 06:16:17'),
(498, 'warji-gunarto-1705472177Iabzm', 550, 'umum', '9387787304516368', 'smp', 'Teknik Kendaraan Ringan dan Otomotif', '2016', '2024-01-17 06:16:17', '2024-01-17 06:16:17'),
(499, 'jail-narpati-1705472177qaiIX', 551, 'alumni', '3101335892472175', 'sd', 'Teknik Komputer Jaringan dan Telekomunikasi', '2020', '2024-01-17 06:16:17', '2024-01-17 06:16:17'),
(500, 'cakrawala-purwadi-sitompul-sip-1705472177zIoy7', 552, 'umum', '8261574036473766', 'smp', 'Teknik Kendaraan Ringan dan Otomotif', '2021', '2024-01-17 06:16:17', '2024-01-17 06:16:17'),
(501, 'nabila-rika-suryatmi-sikom-1705472177ArsK5', 553, 'umum', '4705105973706729', 'smp', 'Teknik Pendingin Tata Udara', '2018', '2024-01-17 06:16:17', '2024-01-17 06:16:17'),
(502, 'chelsea-jelita-hartati-1705472177dGhW4', 554, 'umum', '9439056163419087', 'sd', 'Teknik Komputer Jaringan dan Telekomunikasi', '2023', '2024-01-17 06:16:17', '2024-01-17 06:16:17'),
(503, 'cagak-anggriawan-1705472177tbrxb', 555, 'alumni', '0356048280702376', 's1', 'Teknik Pendingin Tata Udara', '2021', '2024-01-17 06:16:17', '2024-01-17 06:16:17'),
(504, 'salsabila-uyainah-mak-170547217723lPp', 556, 'alumni', '3646825687467847', 'sd', 'Teknik Komputer Jaringan dan Telekomunikasi', '2022', '2024-01-17 06:16:17', '2024-01-17 06:16:17'),
(505, 'luwar-artanto-widodo-spt-1705472177cFLAP', 557, 'alumni', '1031514828143036', 's1', 'Teknik Pendingin Tata Udara', '2017', '2024-01-17 06:16:17', '2024-01-17 06:16:17'),
(506, 'radit-eka-sirait-1705472177MEwBF', 558, 'umum', '3006484062977142', 'sd', 'Teknik Kendaraan Ringan dan Otomotif', '2018', '2024-01-17 06:16:17', '2024-01-17 06:16:17'),
(507, 'jessica-restu-nasyiah-1705472177q7TUp', 559, 'alumni', '2702266171104882', 'sd', 'Teknik Pendingin Tata Udara', '2018', '2024-01-17 06:16:17', '2024-01-17 06:16:17'),
(508, 'daru-budiyanto-1705472177jjYfZ', 560, 'umum', '4925984478962429', 's1', 'Teknik Kendaraan Ringan dan Otomotif', '2020', '2024-01-17 06:16:17', '2024-01-17 06:16:17'),
(509, 'ega-tasdik-damanik-1705472178y4SNH', 561, 'umum', '8940149559812026', 'sd', 'Teknik Kendaraan Ringan dan Otomotif', '2018', '2024-01-17 06:16:18', '2024-01-17 06:16:18'),
(510, 'setya-umay-sitorus-17054721781a2Hk', 562, 'alumni', '9832892995293709', 'd3', 'Teknik Komputer Jaringan dan Telekomunikasi', '2021', '2024-01-17 06:16:18', '2024-01-17 06:16:18'),
(511, 'ibrani-wahyudin-1705472178cYY8m', 563, 'umum', '6361232705990989', 'smk', 'Teknik Kendaraan Ringan dan Otomotif', '2020', '2024-01-17 06:16:18', '2024-01-17 06:16:18'),
(512, 'belinda-yulianti-1705472178G2KTR', 564, 'umum', '8568442390710213', 's1', 'Teknik Komputer Jaringan dan Telekomunikasi', '2021', '2024-01-17 06:16:18', '2024-01-17 06:16:18'),
(513, 'warta-saptono-1705472178fqc2u', 565, 'alumni', '4468525196605599', 's1', 'Teknik Kendaraan Ringan dan Otomotif', '2019', '2024-01-17 06:16:18', '2024-01-17 06:16:18'),
(514, 'dinda-palastri-1705472178xyeL9', 566, 'alumni', '5732670285605495', 's1', 'Teknik Pendingin Tata Udara', '2022', '2024-01-17 06:16:18', '2024-01-17 06:16:18'),
(515, 'tiara-usamah-1705472178El2tw', 567, 'alumni', '0339680458484852', 'smp', 'Teknik Pendingin Tata Udara', '2018', '2024-01-17 06:16:18', '2024-01-17 06:16:18'),
(516, 'yani-novitasari-1705472178Qozav', 568, 'alumni', '2957667611164664', 's1', 'Teknik Komputer Jaringan dan Telekomunikasi', '2016', '2024-01-17 06:16:18', '2024-01-17 06:16:18'),
(517, 'marwata-jaga-habibi-1705472178lVq9Y', 569, 'alumni', '2585737317178636', 'smk', 'Teknik Kendaraan Ringan dan Otomotif', '2018', '2024-01-17 06:16:18', '2024-01-17 06:16:18'),
(518, 'elon-natsir-mkom-1705472178blSCE', 570, 'umum', '3413570620256515', 'smk', 'Teknik Pendingin Tata Udara', '2022', '2024-01-17 06:16:18', '2024-01-17 06:16:18'),
(519, 'jamal-ganda-setiawan-1705472178clGln', 571, 'alumni', '8425685020878866', 'smp', 'Teknik Kendaraan Ringan dan Otomotif', '2019', '2024-01-17 06:16:18', '2024-01-17 06:16:18'),
(520, 'sakura-hartati-1705472179CnHMt', 572, 'umum', '4147281044340418', 'd3', 'Teknik Kendaraan Ringan dan Otomotif', '2016', '2024-01-17 06:16:19', '2024-01-17 06:16:19'),
(521, 'maimunah-najwa-suryatmi-sip-1705472179kQHTb', 573, 'alumni', '0805567048225480', 'd3', 'Teknik Pendingin Tata Udara', '2019', '2024-01-17 06:16:19', '2024-01-17 06:16:19'),
(522, 'sarah-nurdiyanti-sfarm-17054721795iOoN', 574, 'umum', '1611015456548200', 's1', 'Teknik Kendaraan Ringan dan Otomotif', '2019', '2024-01-17 06:16:19', '2024-01-17 06:16:19'),
(523, 'mahdi-santoso-17054721791bsZW', 575, 'umum', '6801584348545239', 'd3', 'Teknik Komputer Jaringan dan Telekomunikasi', '2016', '2024-01-17 06:16:19', '2024-01-17 06:16:19'),
(524, 'endah-palastri-1705472179roEIf', 576, 'alumni', '5700947482998924', 'sd', 'Teknik Kendaraan Ringan dan Otomotif', '2016', '2024-01-17 06:16:19', '2024-01-17 06:16:19'),
(525, 'jono-hutagalung-1705472179MSU7E', 577, 'umum', '1678324201882524', 'smp', 'Teknik Komputer Jaringan dan Telekomunikasi', '2017', '2024-01-17 06:16:19', '2024-01-17 06:16:19'),
(526, 'hilda-namaga-ssos-1705472179ZMUhZ', 578, 'alumni', '5611972085913200', 'd3', 'Teknik Pendingin Tata Udara', '2018', '2024-01-17 06:16:19', '2024-01-17 06:16:19'),
(527, 'yahya-hidayat-17054721795BvcL', 579, 'alumni', '8419116068373061', 'smp', 'Teknik Komputer Jaringan dan Telekomunikasi', '2018', '2024-01-17 06:16:19', '2024-01-17 06:16:19'),
(528, 'cornelia-handayani-1705472179dTHb3', 580, 'alumni', '2516472952357926', 'd3', 'Teknik Komputer Jaringan dan Telekomunikasi', '2017', '2024-01-17 06:16:19', '2024-01-17 06:16:19'),
(529, 'mahesa-dabukke-spt-1705472179kOgp7', 581, 'alumni', '6914912081120024', 'smk', 'Teknik Komputer Jaringan dan Telekomunikasi', '2021', '2024-01-17 06:16:19', '2024-01-17 06:16:19'),
(530, 'kiandra-dian-rahmawati-17054721792jfGb', 582, 'alumni', '7976994396884409', 'sd', 'Teknik Kendaraan Ringan dan Otomotif', '2021', '2024-01-17 06:16:19', '2024-01-17 06:16:19'),
(531, 'tasnim-cakrabirawa-sihotang-17054721793pVUF', 583, 'umum', '7243283387347463', 'd3', 'Teknik Komputer Jaringan dan Telekomunikasi', '2020', '2024-01-17 06:16:19', '2024-01-17 06:16:19'),
(532, 'emil-permadi-st-1705472180tRR4r', 584, 'umum', '9903774063438053', 's1', 'Teknik Pendingin Tata Udara', '2023', '2024-01-17 06:16:20', '2024-01-17 06:16:20'),
(533, 'ega-sihotang-mti-1705472180DMBcn', 585, 'alumni', '0156365312027195', 'smp', 'Teknik Kendaraan Ringan dan Otomotif', '2018', '2024-01-17 06:16:20', '2024-01-17 06:16:20'),
(534, 'maya-jane-pratiwi-1705472180XyjD3', 586, 'umum', '0660724408285513', 'sd', 'Teknik Pendingin Tata Udara', '2023', '2024-01-17 06:16:20', '2024-01-17 06:16:20'),
(535, 'oni-shania-wulandari-1705472180e6F8U', 587, 'umum', '7669180940454982', 'smk', 'Teknik Pendingin Tata Udara', '2019', '2024-01-17 06:16:20', '2024-01-17 06:16:20'),
(536, 'ana-wulandari-1705472180sMZrV', 588, 'alumni', '4005676744162955', 'smk', 'Teknik Pendingin Tata Udara', '2018', '2024-01-17 06:16:20', '2024-01-17 06:16:20'),
(537, 'harja-hasan-iswahyudi-17054721808Xgli', 589, 'alumni', '1844866384637110', 'd3', 'Teknik Pendingin Tata Udara', '2020', '2024-01-17 06:16:20', '2024-01-17 06:16:20'),
(538, 'koko-sitompul-17054721803B07M', 590, 'umum', '4750585738528313', 'smk', 'Teknik Pendingin Tata Udara', '2016', '2024-01-17 06:16:20', '2024-01-17 06:16:20'),
(539, 'irsad-lasmono-haryanto-1705472180wy9Pn', 591, 'umum', '7436712089233450', 's1', 'Teknik Komputer Jaringan dan Telekomunikasi', '2020', '2024-01-17 06:16:20', '2024-01-17 06:16:20'),
(540, 'nasim-lega-firgantoro-1705472180WGCqS', 592, 'umum', '8677902991736406', 'smp', 'Teknik Kendaraan Ringan dan Otomotif', '2019', '2024-01-17 06:16:20', '2024-01-17 06:16:20'),
(541, 'yuni-ika-mayasari-1705472180WZQAq', 593, 'alumni', '3079269272420299', 'smk', 'Teknik Pendingin Tata Udara', '2018', '2024-01-17 06:16:20', '2024-01-17 06:16:20'),
(542, 'cahyo-mahmud-uwais-sikom-1705472180pLGbW', 594, 'umum', '1199671069366592', 'sd', 'Teknik Pendingin Tata Udara', '2020', '2024-01-17 06:16:20', '2024-01-17 06:16:20'),
(543, 'tina-widiastuti-1705472180pJJuQ', 595, 'umum', '0049204395286228', 'smp', 'Teknik Komputer Jaringan dan Telekomunikasi', '2021', '2024-01-17 06:16:20', '2024-01-17 06:16:20'),
(544, 'septi-permata-1705472181uO63p', 596, 'umum', '9177112989449247', 'sd', 'Teknik Pendingin Tata Udara', '2020', '2024-01-17 06:16:21', '2024-01-17 06:16:21'),
(545, 'malika-kusmawati-ssos-1705472181x6RaM', 597, 'alumni', '1333255734437396', 'smp', 'Teknik Kendaraan Ringan dan Otomotif', '2019', '2024-01-17 06:16:21', '2024-01-17 06:16:21'),
(546, 'vicky-paulin-wahyuni-skom-1705472181FjVDk', 598, 'umum', '1437100200776599', 's1', 'Teknik Kendaraan Ringan dan Otomotif', '2017', '2024-01-17 06:16:21', '2024-01-17 06:16:21'),
(547, 'arsipatra-tri-ramadan-sei-1705472181ykiOm', 599, 'umum', '3722245645302770', 'sd', 'Teknik Pendingin Tata Udara', '2018', '2024-01-17 06:16:21', '2024-01-17 06:16:21'),
(548, 'chelsea-palastri-1705472181wHF1p', 600, 'alumni', '5637395654207238', 'smp', 'Teknik Kendaraan Ringan dan Otomotif', '2016', '2024-01-17 06:16:21', '2024-01-17 06:16:21'),
(549, 'jane-paramita-aryani-1705472181VF9lr', 601, 'alumni', '3174112858017697', 'smp', 'Teknik Pendingin Tata Udara', '2020', '2024-01-17 06:16:21', '2024-01-17 06:16:21'),
(550, 'cawisadi-gantar-wasita-1705472181UoD68', 602, 'umum', '6292486714284898', 'd3', 'Teknik Komputer Jaringan dan Telekomunikasi', '2019', '2024-01-17 06:16:21', '2024-01-17 06:16:21'),
(551, 'raditya-ramadan-sh-1705472181cW3De', 603, 'alumni', '6525589013527279', 'd3', 'Teknik Komputer Jaringan dan Telekomunikasi', '2021', '2024-01-17 06:16:21', '2024-01-17 06:16:21'),
(552, 'wisnu-jarwadi-haryanto-1705472181zL85s', 604, 'umum', '0773325353943742', 's1', 'Teknik Komputer Jaringan dan Telekomunikasi', '2017', '2024-01-17 06:16:21', '2024-01-17 06:16:21'),
(553, 'darmaji-ardianto-1705472181u1yRG', 605, 'umum', '5053330246848098', 'sd', 'Teknik Kendaraan Ringan dan Otomotif', '2021', '2024-01-17 06:16:21', '2024-01-17 06:16:21'),
(554, 'ajiono-catur-nainggolan-se-1705472181v7t4Z', 606, 'umum', '0096622195123593', 's1', 'Teknik Komputer Jaringan dan Telekomunikasi', '2022', '2024-01-17 06:16:21', '2024-01-17 06:16:21'),
(555, 'widya-rahayu-sip-1705472181hP1XW', 607, 'alumni', '8317382763996003', 'd3', 'Teknik Pendingin Tata Udara', '2021', '2024-01-17 06:16:21', '2024-01-17 06:16:21'),
(556, 'balamantri-wacana-1705472182hU2Wk', 608, 'alumni', '9750339276757765', 's1', 'Teknik Pendingin Tata Udara', '2020', '2024-01-17 06:16:22', '2024-01-17 06:16:22'),
(557, 'emas-uwais-1705472182oRSey', 609, 'umum', '1654883362387122', 'd3', 'Teknik Komputer Jaringan dan Telekomunikasi', '2022', '2024-01-17 06:16:22', '2024-01-17 06:16:22'),
(558, 'ifa-cornelia-pratiwi-1705472182PI108', 610, 'alumni', '0581511779491771', 'smp', 'Teknik Pendingin Tata Udara', '2023', '2024-01-17 06:16:22', '2024-01-17 06:16:22'),
(559, 'paulin-lestari-st-1705472182Pje66', 611, 'alumni', '4613404911123908', 'd3', 'Teknik Komputer Jaringan dan Telekomunikasi', '2019', '2024-01-17 06:16:22', '2024-01-17 06:16:22'),
(560, 'hairyanto-tarihoran-1705472182cjykX', 612, 'alumni', '3984936027811937', 'sd', 'Teknik Pendingin Tata Udara', '2021', '2024-01-17 06:16:22', '2024-01-17 06:16:22'),
(561, 'ifa-anggraini-1705472182IPuMc', 613, 'umum', '3450890018240963', 'sd', 'Teknik Kendaraan Ringan dan Otomotif', '2018', '2024-01-17 06:16:22', '2024-01-17 06:16:22'),
(562, 'ciaobella-farida-1705472182T11vr', 614, 'umum', '6085540790357379', 'smk', 'Teknik Kendaraan Ringan dan Otomotif', '2018', '2024-01-17 06:16:22', '2024-01-17 06:16:22'),
(563, 'nurul-nasyiah-sked-1705472182V3HHa', 615, 'umum', '2426990270860052', 'd3', 'Teknik Komputer Jaringan dan Telekomunikasi', '2019', '2024-01-17 06:16:22', '2024-01-17 06:16:22'),
(564, 'anom-setiawan-1705472182ejj8V', 616, 'alumni', '5424441459795674', 'smk', 'Teknik Pendingin Tata Udara', '2023', '2024-01-17 06:16:22', '2024-01-17 06:16:22'),
(565, 'padma-yuni-uyainah-ssos-1705472182bGZXR', 617, 'umum', '1433738142967457', 'd3', 'Teknik Kendaraan Ringan dan Otomotif', '2023', '2024-01-17 06:16:22', '2024-01-17 06:16:22'),
(566, 'ikhsan-iswahyudi-17054721820FDiM', 618, 'alumni', '6394570420024705', 'sd', 'Teknik Komputer Jaringan dan Telekomunikasi', '2022', '2024-01-17 06:16:22', '2024-01-17 06:16:22'),
(567, 'maya-laras-hariyah-sfarm-1705472182VVFPE', 619, 'umum', '2518160098050911', 'smk', 'Teknik Kendaraan Ringan dan Otomotif', '2021', '2024-01-17 06:16:22', '2024-01-17 06:16:22');
INSERT INTO `pelamars` (`id`, `idt`, `user_id`, `type`, `nik`, `pend_terakhir`, `jurusan_terakhir`, `tahun_lulus`, `created_at`, `updated_at`) VALUES
(568, 'gaduh-naradi-megantara-1705472183DRxet', 620, 'alumni', '4246990662470554', 'smp', 'Teknik Komputer Jaringan dan Telekomunikasi', '2017', '2024-01-17 06:16:23', '2024-01-17 06:16:23'),
(569, 'julia-yani-uyainah-1705472183yyVzT', 621, 'umum', '8314386825058032', 'd3', 'Teknik Kendaraan Ringan dan Otomotif', '2017', '2024-01-17 06:16:23', '2024-01-17 06:16:23'),
(570, 'darsirah-napitupulu-mkom-1705472183nw0j0', 622, 'alumni', '9390578080323104', 'sd', 'Teknik Komputer Jaringan dan Telekomunikasi', '2017', '2024-01-17 06:16:23', '2024-01-17 06:16:23'),
(571, 'hasim-ibun-saragih-1705472183a9afD', 623, 'umum', '9967296960850646', 'smk', 'Teknik Komputer Jaringan dan Telekomunikasi', '2017', '2024-01-17 06:16:23', '2024-01-17 06:16:23'),
(572, 'elon-pranawa-saptono-sfarm-17054721830bjaG', 624, 'alumni', '4135069202411515', 'sd', 'Teknik Pendingin Tata Udara', '2021', '2024-01-17 06:16:23', '2024-01-17 06:16:23'),
(573, 'kani-putri-maryati-17054721837j5Ly', 625, 'alumni', '6072343562797111', 'd3', 'Teknik Komputer Jaringan dan Telekomunikasi', '2022', '2024-01-17 06:16:23', '2024-01-17 06:16:23'),
(574, 'ani-tania-handayani-st-1705472183q5OnA', 626, 'umum', '0565246936091333', 'smp', 'Teknik Komputer Jaringan dan Telekomunikasi', '2018', '2024-01-17 06:16:23', '2024-01-17 06:16:23'),
(575, 'rahayu-mardhiyah-17054721836gpFP', 627, 'alumni', '6613944210814832', 'smk', 'Teknik Komputer Jaringan dan Telekomunikasi', '2017', '2024-01-17 06:16:23', '2024-01-17 06:16:23'),
(576, 'ika-susanti-17054721832sXEs', 628, 'alumni', '6134923842574462', 's1', 'Teknik Kendaraan Ringan dan Otomotif', '2021', '2024-01-17 06:16:23', '2024-01-17 06:16:23'),
(577, 'siti-nasyiah-1705472183JppZu', 629, 'umum', '2132914291968759', 'sd', 'Teknik Kendaraan Ringan dan Otomotif', '2016', '2024-01-17 06:16:23', '2024-01-17 06:16:23'),
(578, 'mulyono-marpaung-1705472183snuXb', 630, 'alumni', '8413409535423731', 'sd', 'Teknik Komputer Jaringan dan Telekomunikasi', '2017', '2024-01-17 06:16:23', '2024-01-17 06:16:23'),
(579, 'ganep-rajata-1705472183MnBTr', 631, 'alumni', '7080209506650256', 'd3', 'Teknik Komputer Jaringan dan Telekomunikasi', '2017', '2024-01-17 06:16:23', '2024-01-17 06:16:23'),
(580, 'jarwa-ramadan-17054721849JWdL', 632, 'alumni', '9058637031470020', 'smk', 'Teknik Komputer Jaringan dan Telekomunikasi', '2023', '2024-01-17 06:16:24', '2024-01-17 06:16:24'),
(581, 'darmaji-thamrin-17054721848KxMu', 633, 'alumni', '4267926931227173', 's1', 'Teknik Kendaraan Ringan dan Otomotif', '2020', '2024-01-17 06:16:24', '2024-01-17 06:16:24'),
(582, 'putri-suryatmi-1705472184nqtPg', 634, 'umum', '7402359051085369', 'smk', 'Teknik Kendaraan Ringan dan Otomotif', '2019', '2024-01-17 06:16:24', '2024-01-17 06:16:24'),
(583, 'kania-lailasari-1705472184evpzX', 635, 'umum', '7679304651547468', 'smp', 'Teknik Pendingin Tata Udara', '2023', '2024-01-17 06:16:24', '2024-01-17 06:16:24'),
(584, 'dimaz-jais-siregar-sfarm-1705472184PP34j', 636, 'alumni', '8704758145172293', 's1', 'Teknik Kendaraan Ringan dan Otomotif', '2020', '2024-01-17 06:16:24', '2024-01-17 06:16:24'),
(585, 'jaka-zulkarnain-spd-1705472184TvWGv', 637, 'alumni', '4798487906842333', 'd3', 'Teknik Pendingin Tata Udara', '2018', '2024-01-17 06:16:24', '2024-01-17 06:16:24'),
(586, 'anastasia-suryatmi-1705472184T2Yth', 638, 'umum', '1737254384396312', 'smk', 'Teknik Kendaraan Ringan dan Otomotif', '2023', '2024-01-17 06:16:24', '2024-01-17 06:16:24'),
(587, 'capa-kawaca-firmansyah-17054721845HDRz', 639, 'umum', '2363129729714561', 'smk', 'Teknik Kendaraan Ringan dan Otomotif', '2018', '2024-01-17 06:16:24', '2024-01-17 06:16:24'),
(588, 'ami-laksmiwati-1705472184PItdN', 640, 'alumni', '3799776105769313', 'd3', 'Teknik Pendingin Tata Udara', '2021', '2024-01-17 06:16:24', '2024-01-17 06:16:24'),
(589, 'wadi-siregar-spd-1705472184LZHql', 641, 'umum', '8810933206058636', 'd3', 'Teknik Pendingin Tata Udara', '2019', '2024-01-17 06:16:24', '2024-01-17 06:16:24'),
(590, 'budi-hidayanto-sip-17054721840orDj', 642, 'umum', '9484383668131763', 'd3', 'Teknik Pendingin Tata Udara', '2019', '2024-01-17 06:16:24', '2024-01-17 06:16:24'),
(591, 'cemplunk-habibi-17054721848vXDh', 643, 'umum', '5579701169461335', 'sd', 'Teknik Kendaraan Ringan dan Otomotif', '2022', '2024-01-17 06:16:24', '2024-01-17 06:16:24'),
(592, 'hamima-padmasari-1705472185jjDX8', 644, 'umum', '7395819402364628', 'smk', 'Teknik Komputer Jaringan dan Telekomunikasi', '2017', '2024-01-17 06:16:25', '2024-01-17 06:16:25'),
(593, 'harjaya-mustofa-17054721859CdDZ', 645, 'alumni', '1018253859988034', 'smk', 'Teknik Komputer Jaringan dan Telekomunikasi', '2023', '2024-01-17 06:16:25', '2024-01-17 06:16:25'),
(594, 'mala-hartati-skom-17054721857CHTJ', 646, 'umum', '0911570577633806', 's1', 'Teknik Pendingin Tata Udara', '2020', '2024-01-17 06:16:25', '2024-01-17 06:16:25'),
(595, 'asman-lazuardi-17054721851KQEE', 647, 'alumni', '6017134818299620', 's1', 'Teknik Kendaraan Ringan dan Otomotif', '2018', '2024-01-17 06:16:25', '2024-01-17 06:16:25'),
(596, 'among-mahendra-1705472185WbZ8C', 648, 'umum', '3249499660310989', 'sd', 'Teknik Kendaraan Ringan dan Otomotif', '2023', '2024-01-17 06:16:25', '2024-01-17 06:16:25'),
(597, 'jefri-daliono-nashiruddin-sh-1705472185Xqpvi', 649, 'alumni', '5289312617754530', 's1', 'Teknik Kendaraan Ringan dan Otomotif', '2019', '2024-01-17 06:16:25', '2024-01-17 06:16:25'),
(598, 'ira-kuswandari-1705472185Vla3x', 650, 'alumni', '8760948286983462', 'd3', 'Teknik Komputer Jaringan dan Telekomunikasi', '2018', '2024-01-17 06:16:25', '2024-01-17 06:16:25'),
(599, 'calista-riyanti-1705472185wM5hD', 651, 'alumni', '2178011047339336', 'd3', 'Teknik Kendaraan Ringan dan Otomotif', '2016', '2024-01-17 06:16:25', '2024-01-17 06:16:25'),
(600, 'yuni-melani-mti-17054721859iiWB', 652, 'alumni', '2544131147927778', 'smk', 'Teknik Pendingin Tata Udara', '2017', '2024-01-17 06:16:25', '2024-01-17 06:16:25'),
(601, 'ibun-mustofa-1705472185wk64g', 653, 'umum', '7745976677867708', 'smk', 'Teknik Pendingin Tata Udara', '2023', '2024-01-17 06:16:25', '2024-01-17 06:16:25'),
(602, 'farah-haryanti-1705472185RQH8v', 654, 'alumni', '5615530614062546', 'sd', 'Teknik Pendingin Tata Udara', '2017', '2024-01-17 06:16:25', '2024-01-17 06:16:25'),
(603, 'jabal-danang-ramadan-mpd-17054721869qB2l', 655, 'alumni', '5837808714011678', 'd3', 'Teknik Pendingin Tata Udara', '2016', '2024-01-17 06:16:26', '2024-01-17 06:16:26'),
(604, 'dwi-sitorus-1705472186ScEfy', 656, 'umum', '7565103941545296', 'sd', 'Teknik Kendaraan Ringan dan Otomotif', '2016', '2024-01-17 06:16:26', '2024-01-17 06:16:26'),
(605, 'eva-carla-lailasari-1705472186sP7aV', 657, 'alumni', '2372302738520013', 's1', 'Teknik Kendaraan Ringan dan Otomotif', '2022', '2024-01-17 06:16:26', '2024-01-17 06:16:26'),
(606, 'vivi-padmi-laksmiwati-1705472186pqZQ2', 658, 'alumni', '5476244299396558', 'smk', 'Teknik Pendingin Tata Udara', '2017', '2024-01-17 06:16:26', '2024-01-17 06:16:26'),
(607, 'bakiman-rahman-tamba-mpd-1705472186zLwXZ', 659, 'umum', '4028519766701688', 'smp', 'Teknik Kendaraan Ringan dan Otomotif', '2021', '2024-01-17 06:16:26', '2024-01-17 06:16:26'),
(608, 'kasiyah-talia-maryati-1705472186p2sJL', 660, 'alumni', '1896392705983164', 's1', 'Teknik Kendaraan Ringan dan Otomotif', '2019', '2024-01-17 06:16:26', '2024-01-17 06:16:26'),
(609, 'queen-utami-1705472186Z3HGS', 661, 'umum', '0932149374223687', 'smk', 'Teknik Pendingin Tata Udara', '2023', '2024-01-17 06:16:26', '2024-01-17 06:16:26'),
(610, 'yance-rahayu-1705472186tV497', 662, 'alumni', '2728055382315695', 'd3', 'Teknik Kendaraan Ringan dan Otomotif', '2017', '2024-01-17 06:16:26', '2024-01-17 06:16:26'),
(611, 'ida-agustina-1705472186Ic6NM', 663, 'umum', '9144437174552836', 'smp', 'Teknik Kendaraan Ringan dan Otomotif', '2019', '2024-01-17 06:16:26', '2024-01-17 06:16:26'),
(612, 'baktiadi-pradipta-mfarm-1705472186y1zhO', 664, 'alumni', '4870260581699384', 'd3', 'Teknik Pendingin Tata Udara', '2019', '2024-01-17 06:16:26', '2024-01-17 06:16:26'),
(613, 'yessi-rahmawati-1705472186JXga0', 665, 'umum', '6614527936671998', 'smp', 'Teknik Kendaraan Ringan dan Otomotif', '2019', '2024-01-17 06:16:26', '2024-01-17 06:16:26'),
(614, 'najwa-laksita-1705472186aFE6r', 666, 'alumni', '5121251787059035', 'smp', 'Teknik Kendaraan Ringan dan Otomotif', '2017', '2024-01-17 06:16:26', '2024-01-17 06:16:26'),
(615, 'kasiyah-haryanti-mti-1705472187FRE7i', 667, 'alumni', '5220384844521398', 'smk', 'Teknik Kendaraan Ringan dan Otomotif', '2023', '2024-01-17 06:16:27', '2024-01-17 06:16:27'),
(616, 'bahuwirya-vinsen-tamba-1705472187BSbQG', 668, 'alumni', '1949184917381404', 'd3', 'Teknik Komputer Jaringan dan Telekomunikasi', '2019', '2024-01-17 06:16:27', '2024-01-17 06:16:27'),
(617, 'ella-usada-1705472187vS1hM', 669, 'alumni', '2444264974777711', 'smk', 'Teknik Kendaraan Ringan dan Otomotif', '2019', '2024-01-17 06:16:27', '2024-01-17 06:16:27'),
(618, 'garang-mahendra-sikom-1705472187PLuC3', 670, 'umum', '8111184459248089', 'd3', 'Teknik Pendingin Tata Udara', '2023', '2024-01-17 06:16:27', '2024-01-17 06:16:27'),
(619, 'asman-kurniawan-spsi-1705472187aWXJx', 671, 'alumni', '2933709451456542', 'd3', 'Teknik Komputer Jaringan dan Telekomunikasi', '2018', '2024-01-17 06:16:27', '2024-01-17 06:16:27'),
(620, 'samsul-usman-situmorang-1705472187YVhoq', 672, 'umum', '2193659264372717', 's1', 'Teknik Pendingin Tata Udara', '2019', '2024-01-17 06:16:27', '2024-01-17 06:16:27'),
(621, 'ega-harsanto-prabowo-17054721875Qr4N', 673, 'umum', '5413037765018834', 'd3', 'Teknik Kendaraan Ringan dan Otomotif', '2020', '2024-01-17 06:16:27', '2024-01-17 06:16:27'),
(622, 'taswir-sinaga-1705472187uncrk', 674, 'alumni', '4896360213085681', 'd3', 'Teknik Kendaraan Ringan dan Otomotif', '2021', '2024-01-17 06:16:27', '2024-01-17 06:16:27'),
(623, 'balangga-thamrin-17054721875TvYS', 675, 'umum', '3638767292426921', 'd3', 'Teknik Komputer Jaringan dan Telekomunikasi', '2019', '2024-01-17 06:16:27', '2024-01-17 06:16:27'),
(624, 'oni-hastuti-1705472187LODQ4', 676, 'alumni', '1956965618745235', 'sd', 'Teknik Komputer Jaringan dan Telekomunikasi', '2019', '2024-01-17 06:16:27', '2024-01-17 06:16:27'),
(625, 'elvin-reksa-nababan-1705472187csQiK', 677, 'alumni', '8457211160849600', 'smk', 'Teknik Kendaraan Ringan dan Otomotif', '2018', '2024-01-17 06:16:27', '2024-01-17 06:16:27'),
(626, 'talia-wastuti-1705472187j2ol2', 678, 'alumni', '2210828864906025', 'smk', 'Teknik Kendaraan Ringan dan Otomotif', '2021', '2024-01-17 06:16:27', '2024-01-17 06:16:27'),
(627, 'paiman-gandi-rajasa-mkom-1705472188IWxsp', 679, 'alumni', '5692535720042765', 'sd', 'Teknik Komputer Jaringan dan Telekomunikasi', '2016', '2024-01-17 06:16:28', '2024-01-17 06:16:28'),
(628, 'simon-banawi-nashiruddin-1705472188PZd7a', 680, 'umum', '5827919602831438', 'sd', 'Teknik Kendaraan Ringan dan Otomotif', '2018', '2024-01-17 06:16:28', '2024-01-17 06:16:28'),
(629, 'gamani-virman-sitompul-mti-1705472188c9Dd8', 681, 'alumni', '1278232536798768', 'd3', 'Teknik Pendingin Tata Udara', '2023', '2024-01-17 06:16:28', '2024-01-17 06:16:28'),
(630, 'kartika-oni-lestari-1705472188nfKzv', 682, 'alumni', '8715010895913253', 'smk', 'Teknik Pendingin Tata Udara', '2017', '2024-01-17 06:16:28', '2024-01-17 06:16:28'),
(631, 'malika-pudjiastuti-1705472188x6jbv', 683, 'alumni', '2973298528368121', 'sd', 'Teknik Kendaraan Ringan dan Otomotif', '2020', '2024-01-17 06:16:28', '2024-01-17 06:16:28'),
(632, 'halima-oktaviani-17054721886cDYF', 684, 'alumni', '6107393339419242', 'smp', 'Teknik Kendaraan Ringan dan Otomotif', '2017', '2024-01-17 06:16:28', '2024-01-17 06:16:28'),
(633, 'oni-safitri-mkom-1705472188mVlrj', 685, 'umum', '0328757746816227', 'smp', 'Teknik Kendaraan Ringan dan Otomotif', '2016', '2024-01-17 06:16:28', '2024-01-17 06:16:28'),
(634, 'balidin-eja-firmansyah-se-1705472188QRXSV', 686, 'alumni', '7473943445792665', 's1', 'Teknik Kendaraan Ringan dan Otomotif', '2016', '2024-01-17 06:16:28', '2024-01-17 06:16:28'),
(635, 'cakrawangsa-hutagalung-se-1705472188xrZt8', 687, 'alumni', '1313494273755962', 's1', 'Teknik Kendaraan Ringan dan Otomotif', '2022', '2024-01-17 06:16:28', '2024-01-17 06:16:28'),
(636, 'salimah-purwanti-1705472188YLT6V', 688, 'umum', '6990545303897274', 'd3', 'Teknik Kendaraan Ringan dan Otomotif', '2023', '2024-01-17 06:16:28', '2024-01-17 06:16:28'),
(637, 'bagiya-prabowo-1705472188giIAj', 689, 'umum', '0752236962607635', 'smk', 'Teknik Kendaraan Ringan dan Otomotif', '2017', '2024-01-17 06:16:28', '2024-01-17 06:16:28'),
(638, 'jelita-gabriella-melani-sgz-1705472188AKnlN', 690, 'umum', '0726686446003274', 'd3', 'Teknik Komputer Jaringan dan Telekomunikasi', '2019', '2024-01-17 06:16:28', '2024-01-17 06:16:28'),
(639, 'eka-calista-purwanti-1705472189OVhW8', 691, 'alumni', '7602716446386292', 'sd', 'Teknik Komputer Jaringan dan Telekomunikasi', '2019', '2024-01-17 06:16:29', '2024-01-17 06:16:29'),
(640, 'calista-astuti-1705472189C1fqc', 692, 'alumni', '3198829138631410', 's1', 'Teknik Komputer Jaringan dan Telekomunikasi', '2017', '2024-01-17 06:16:29', '2024-01-17 06:16:29'),
(641, 'ina-elisa-hartati-se-1705472189YviXM', 693, 'umum', '7940487054017378', 'sd', 'Teknik Kendaraan Ringan dan Otomotif', '2016', '2024-01-17 06:16:29', '2024-01-17 06:16:29'),
(642, 'niyaga-heru-hidayanto-1705472189UffZT', 694, 'umum', '1093715607140245', 'sd', 'Teknik Kendaraan Ringan dan Otomotif', '2020', '2024-01-17 06:16:29', '2024-01-17 06:16:29'),
(643, 'wisnu-makuta-halim-sip-1705472189pLHWS', 695, 'umum', '0308577249848834', 'smk', 'Teknik Komputer Jaringan dan Telekomunikasi', '2020', '2024-01-17 06:16:29', '2024-01-17 06:16:29'),
(644, 'lala-hani-novitasari-se-1705472189Ce10n', 696, 'umum', '2181421055120317', 'smk', 'Teknik Komputer Jaringan dan Telekomunikasi', '2018', '2024-01-17 06:16:29', '2024-01-17 06:16:29'),
(645, 'tami-hasanah-1705472189sZYmH', 697, 'umum', '0458348681075032', 'smk', 'Teknik Kendaraan Ringan dan Otomotif', '2018', '2024-01-17 06:16:29', '2024-01-17 06:16:29'),
(646, 'citra-siti-hartati-spsi-1705472189LFtlZ', 698, 'umum', '8867844675630616', 'smp', 'Teknik Kendaraan Ringan dan Otomotif', '2016', '2024-01-17 06:16:29', '2024-01-17 06:16:29'),
(647, 'mustofa-wacana-1705472189nHzSH', 699, 'umum', '6792656653417952', 'smk', 'Teknik Kendaraan Ringan dan Otomotif', '2016', '2024-01-17 06:16:29', '2024-01-17 06:16:29'),
(648, 'gabriella-vanesa-permata-1705472189Y6mQO', 700, 'alumni', '8197236397500957', 'sd', 'Teknik Pendingin Tata Udara', '2019', '2024-01-17 06:16:29', '2024-01-17 06:16:29'),
(649, 'jasmani-waskita-1705472189PyhBl', 701, 'umum', '3012390690924355', 'd3', 'Teknik Kendaraan Ringan dan Otomotif', '2016', '2024-01-17 06:16:29', '2024-01-17 06:16:29'),
(650, 'samsul-marpaung-1705472189X5FIq', 702, 'alumni', '6269262406532645', 'd3', 'Teknik Komputer Jaringan dan Telekomunikasi', '2023', '2024-01-17 06:16:29', '2024-01-17 06:16:29'),
(651, 'latika-zulaika-1705472190mxLma', 703, 'alumni', '6218386150855063', 's1', 'Teknik Pendingin Tata Udara', '2023', '2024-01-17 06:16:30', '2024-01-17 06:16:30'),
(652, 'dalima-tira-purwanti-17054721903dhxA', 704, 'alumni', '8688759784779967', 'smp', 'Teknik Komputer Jaringan dan Telekomunikasi', '2017', '2024-01-17 06:16:30', '2024-01-17 06:16:30'),
(653, 'luis-nyoman-hardiansyah-mkom-17054721901E220', 705, 'umum', '3801169661405187', 'smk', 'Teknik Pendingin Tata Udara', '2022', '2024-01-17 06:16:30', '2024-01-17 06:16:30'),
(654, 'paulin-padmasari-1705472190ed1NR', 706, 'umum', '4850664409248862', 's1', 'Teknik Komputer Jaringan dan Telekomunikasi', '2023', '2024-01-17 06:16:30', '2024-01-17 06:16:30'),
(655, 'yance-titi-usamah-17054721909ZFEq', 707, 'alumni', '3566189657489125', 'smk', 'Teknik Komputer Jaringan dan Telekomunikasi', '2022', '2024-01-17 06:16:30', '2024-01-17 06:16:30'),
(656, 'omar-cakrajiya-budiman-1705472190vAe8H', 708, 'umum', '2287555382162029', 'd3', 'Teknik Komputer Jaringan dan Telekomunikasi', '2018', '2024-01-17 06:16:30', '2024-01-17 06:16:30'),
(657, 'jayadi-narpati-1705472190zVtEH', 709, 'alumni', '4674474752385725', 'smk', 'Teknik Kendaraan Ringan dan Otomotif', '2021', '2024-01-17 06:16:30', '2024-01-17 06:16:30'),
(658, 'lidya-pratiwi-1705472190fk0fw', 710, 'alumni', '4011469127796121', 'smk', 'Teknik Kendaraan Ringan dan Otomotif', '2019', '2024-01-17 06:16:30', '2024-01-17 06:16:30'),
(659, 'pangeran-raditya-wijaya-1705472190E6LNf', 711, 'umum', '1163303353662443', 'smk', 'Teknik Pendingin Tata Udara', '2021', '2024-01-17 06:16:30', '2024-01-17 06:16:30'),
(660, 'kamidin-kasusra-halim-1705472190PZV8U', 712, 'umum', '0931493550218750', 'smp', 'Teknik Komputer Jaringan dan Telekomunikasi', '2020', '2024-01-17 06:16:30', '2024-01-17 06:16:30'),
(661, 'galiono-gaiman-situmorang-sh-1705472190NayUN', 713, 'umum', '0622451324627929', 'smp', 'Teknik Komputer Jaringan dan Telekomunikasi', '2016', '2024-01-17 06:16:30', '2024-01-17 06:16:30'),
(662, 'oskar-putra-1705472190mYuf4', 714, 'umum', '4079219629662251', 'smp', 'Teknik Komputer Jaringan dan Telekomunikasi', '2017', '2024-01-17 06:16:30', '2024-01-17 06:16:30'),
(663, 'gandewa-putra-skom-1705472191a6DRi', 715, 'alumni', '7243689006547155', 'smp', 'Teknik Komputer Jaringan dan Telekomunikasi', '2016', '2024-01-17 06:16:31', '2024-01-17 06:16:31'),
(664, 'zamira-utami-1705472191A4K2j', 716, 'umum', '2573224598970710', 's1', 'Teknik Kendaraan Ringan dan Otomotif', '2018', '2024-01-17 06:16:31', '2024-01-17 06:16:31'),
(665, 'sabrina-unjani-rahayu-spt-1705472191d4pBP', 717, 'alumni', '0338790797513835', 'sd', 'Teknik Komputer Jaringan dan Telekomunikasi', '2016', '2024-01-17 06:16:31', '2024-01-17 06:16:31'),
(666, 'langgeng-rajasa-17054721918piHk', 718, 'umum', '2899735085912993', 'd3', 'Teknik Komputer Jaringan dan Telekomunikasi', '2023', '2024-01-17 06:16:31', '2024-01-17 06:16:31'),
(667, 'gandi-halim-se-1705472191FBcTN', 719, 'alumni', '3261719976037834', 's1', 'Teknik Komputer Jaringan dan Telekomunikasi', '2018', '2024-01-17 06:16:31', '2024-01-17 06:16:31'),
(668, 'lala-ratna-wijayanti-1705472191Up0jh', 720, 'umum', '1295662761009817', 'smp', 'Teknik Komputer Jaringan dan Telekomunikasi', '2019', '2024-01-17 06:16:31', '2024-01-17 06:16:31'),
(669, 'ayu-puspasari-1705472191AmkPA', 721, 'alumni', '3539324965458239', 'smk', 'Teknik Kendaraan Ringan dan Otomotif', '2016', '2024-01-17 06:16:31', '2024-01-17 06:16:31'),
(670, 'rahmi-andriani-spt-1705472191WsSen', 722, 'umum', '7615345790709993', 's1', 'Teknik Komputer Jaringan dan Telekomunikasi', '2017', '2024-01-17 06:16:31', '2024-01-17 06:16:31'),
(671, 'gilang-limar-gunawan-se-17054721914jTRO', 723, 'alumni', '9039017558098628', 's1', 'Teknik Kendaraan Ringan dan Otomotif', '2020', '2024-01-17 06:16:31', '2024-01-17 06:16:31'),
(672, 'bagas-sitorus-1705472191mzApZ', 724, 'alumni', '9658081479493434', 'd3', 'Teknik Pendingin Tata Udara', '2019', '2024-01-17 06:16:31', '2024-01-17 06:16:31'),
(673, 'ibrahim-firgantoro-sked-1705472191UD8U3', 725, 'umum', '4810097451390275', 'smp', 'Teknik Komputer Jaringan dan Telekomunikasi', '2018', '2024-01-17 06:16:31', '2024-01-17 06:16:31'),
(674, 'violet-halimah-mm-1705472192HAiov', 726, 'umum', '1874607237239336', 'smp', 'Teknik Pendingin Tata Udara', '2016', '2024-01-17 06:16:32', '2024-01-17 06:16:32'),
(675, 'oliva-farhunnisa-rahmawati-1705472192aLDUQ', 727, 'umum', '0650713297943374', 's1', 'Teknik Kendaraan Ringan dan Otomotif', '2017', '2024-01-17 06:16:32', '2024-01-17 06:16:32'),
(676, 'siti-maimunah-winarsih-sfarm-1705472192DGdbJ', 728, 'umum', '6623355763947648', 'd3', 'Teknik Pendingin Tata Udara', '2018', '2024-01-17 06:16:32', '2024-01-17 06:16:32'),
(677, 'gabriella-ratih-padmasari-1705472192PCZ8p', 729, 'alumni', '5462895202153101', 'sd', 'Teknik Pendingin Tata Udara', '2019', '2024-01-17 06:16:32', '2024-01-17 06:16:32'),
(678, 'cahyanto-sinaga-1705472192QnEVw', 730, 'umum', '9275627646803018', 'smk', 'Teknik Komputer Jaringan dan Telekomunikasi', '2021', '2024-01-17 06:16:32', '2024-01-17 06:16:32'),
(679, 'tasdik-siregar-1705472192XCkp6', 731, 'alumni', '2797133064564348', 'd3', 'Teknik Komputer Jaringan dan Telekomunikasi', '2018', '2024-01-17 06:16:32', '2024-01-17 06:16:32'),
(680, 'halima-hana-puspasari-17054721929zBjM', 732, 'alumni', '5878898354792752', 'smp', 'Teknik Komputer Jaringan dan Telekomunikasi', '2020', '2024-01-17 06:16:32', '2024-01-17 06:16:32'),
(681, 'saiful-wibisono-1705472192vEdys', 733, 'alumni', '5996966689672356', 'smk', 'Teknik Komputer Jaringan dan Telekomunikasi', '2017', '2024-01-17 06:16:32', '2024-01-17 06:16:32'),
(682, 'prayoga-kasusra-salahudin-sh-1705472192z9enb', 734, 'alumni', '7037067797618166', 'sd', 'Teknik Kendaraan Ringan dan Otomotif', '2016', '2024-01-17 06:16:32', '2024-01-17 06:16:32'),
(683, 'saka-putra-1705472192IwH4g', 735, 'alumni', '9079251216301396', 'smp', 'Teknik Pendingin Tata Udara', '2018', '2024-01-17 06:16:32', '2024-01-17 06:16:32'),
(684, 'zelaya-handayani-1705472192jhMLJ', 736, 'umum', '3022710833240358', 's1', 'Teknik Komputer Jaringan dan Telekomunikasi', '2019', '2024-01-17 06:16:32', '2024-01-17 06:16:32'),
(685, 'febi-maryati-1705472192tDnBc', 737, 'alumni', '0931477767559321', 'smk', 'Teknik Komputer Jaringan dan Telekomunikasi', '2017', '2024-01-17 06:16:32', '2024-01-17 06:16:32'),
(686, 'jamal-dongoran-1705472193Z0DFo', 738, 'umum', '6016465060949186', 'smp', 'Teknik Kendaraan Ringan dan Otomotif', '2016', '2024-01-17 06:16:33', '2024-01-17 06:16:33'),
(687, 'ian-wijaya-1705472193TVtEB', 739, 'alumni', '0936043481444681', 'sd', 'Teknik Kendaraan Ringan dan Otomotif', '2019', '2024-01-17 06:16:33', '2024-01-17 06:16:33'),
(688, 'dian-sudiati-se-1705472193VALFP', 740, 'umum', '7434852490756024', 'smp', 'Teknik Kendaraan Ringan dan Otomotif', '2023', '2024-01-17 06:16:33', '2024-01-17 06:16:33'),
(689, 'pranawa-gunarto-17054721936INYF', 741, 'alumni', '9295592316839585', 'smk', 'Teknik Pendingin Tata Udara', '2018', '2024-01-17 06:16:33', '2024-01-17 06:16:33'),
(690, 'laila-haryanti-170547219378o9F', 742, 'umum', '2164347724113939', 'smk', 'Teknik Pendingin Tata Udara', '2022', '2024-01-17 06:16:33', '2024-01-17 06:16:33'),
(691, 'cengkal-luwar-irawan-1705472193LCgCC', 743, 'alumni', '8680623844069160', 'd3', 'Teknik Pendingin Tata Udara', '2020', '2024-01-17 06:16:33', '2024-01-17 06:16:33'),
(692, 'ami-zamira-nasyiah-1705472193Ttua5', 744, 'umum', '5343482977213421', 'smp', 'Teknik Komputer Jaringan dan Telekomunikasi', '2021', '2024-01-17 06:16:33', '2024-01-17 06:16:33'),
(693, 'rahayu-rahmawati-1705472193Zql9R', 745, 'alumni', '0662315484800446', 'd3', 'Teknik Kendaraan Ringan dan Otomotif', '2021', '2024-01-17 06:16:33', '2024-01-17 06:16:33'),
(694, 'puspa-uyainah-1705472193AYfHJ', 746, 'alumni', '7798731558970042', 'sd', 'Teknik Pendingin Tata Udara', '2017', '2024-01-17 06:16:33', '2024-01-17 06:16:33'),
(695, 'akarsana-ega-saputra-1705472193yy8xB', 747, 'alumni', '2953025964086896', 'sd', 'Teknik Komputer Jaringan dan Telekomunikasi', '2021', '2024-01-17 06:16:33', '2024-01-17 06:16:33'),
(696, 'nadine-fujiati-sip-1705472193OXgry', 748, 'alumni', '8469645358167990', 's1', 'Teknik Kendaraan Ringan dan Otomotif', '2022', '2024-01-17 06:16:33', '2024-01-17 06:16:33'),
(697, 'embuh-tarihoran-1705472193P1zYE', 749, 'umum', '3774359138368418', 's1', 'Teknik Pendingin Tata Udara', '2019', '2024-01-17 06:16:33', '2024-01-17 06:16:33'),
(698, 'dalima-wahyuni-1705472194qgxBW', 750, 'alumni', '7177011696209427', 'sd', 'Teknik Pendingin Tata Udara', '2020', '2024-01-17 06:16:34', '2024-01-17 06:16:34'),
(699, 'rina-kusmawati-st-1705472194lhwQ2', 751, 'alumni', '2282328807971052', 'smk', 'Teknik Kendaraan Ringan dan Otomotif', '2023', '2024-01-17 06:16:34', '2024-01-17 06:16:34'),
(700, 'padma-suartini-1705472194kUbMv', 752, 'alumni', '5910679058253091', 'smk', 'Teknik Kendaraan Ringan dan Otomotif', '2017', '2024-01-17 06:16:34', '2024-01-17 06:16:34'),
(701, 'maida-kania-yuliarti-1705472194TKdWX', 753, 'alumni', '6968092912754973', 'sd', 'Teknik Komputer Jaringan dan Telekomunikasi', '2021', '2024-01-17 06:16:34', '2024-01-17 06:16:34'),
(702, 'kiandra-elisa-wastuti-17054721946IGOZ', 754, 'alumni', '8478238776975224', 's1', 'Teknik Komputer Jaringan dan Telekomunikasi', '2023', '2024-01-17 06:16:34', '2024-01-17 06:16:34'),
(703, 'warsa-suwarno-1705472194DKkmm', 755, 'umum', '6366683047484693', 'smk', 'Teknik Kendaraan Ringan dan Otomotif', '2016', '2024-01-17 06:16:34', '2024-01-17 06:16:34'),
(704, 'ikin-sihotang-1705472194ioZLb', 756, 'alumni', '3014861811745591', 'smp', 'Teknik Pendingin Tata Udara', '2018', '2024-01-17 06:16:34', '2024-01-17 06:16:34'),
(705, 'warta-waluyo-1705472194tgcs0', 757, 'umum', '4738170280945683', 'd3', 'Teknik Komputer Jaringan dan Telekomunikasi', '2023', '2024-01-17 06:16:34', '2024-01-17 06:16:34'),
(706, 'maimunah-yuniar-17054721946XIdC', 758, 'umum', '0443361396765499', 'd3', 'Teknik Komputer Jaringan dan Telekomunikasi', '2021', '2024-01-17 06:16:34', '2024-01-17 06:16:34'),
(707, 'aurora-safina-nurdiyanti-1705472194JahuX', 759, 'umum', '7901861557038463', 'smk', 'Teknik Kendaraan Ringan dan Otomotif', '2023', '2024-01-17 06:16:34', '2024-01-17 06:16:34'),
(708, 'umay-setiawan-1705472194vM7Cg', 760, 'alumni', '2790638708045639', 's1', 'Teknik Pendingin Tata Udara', '2018', '2024-01-17 06:16:34', '2024-01-17 06:16:34'),
(709, 'prasetya-hutagalung-1705472194wtb6x', 761, 'umum', '1077238470201370', 'sd', 'Teknik Kendaraan Ringan dan Otomotif', '2023', '2024-01-17 06:16:34', '2024-01-17 06:16:34'),
(710, 'ajeng-handayani-1705472195PnaiN', 762, 'alumni', '5672653846784445', 'sd', 'Teknik Pendingin Tata Udara', '2022', '2024-01-17 06:16:35', '2024-01-17 06:16:35'),
(711, 'zulaikha-padmasari-spd-1705472195Qc0oB', 763, 'umum', '9955246417517827', 'smk', 'Teknik Pendingin Tata Udara', '2023', '2024-01-17 06:16:35', '2024-01-17 06:16:35'),
(712, 'samiah-mardhiyah-1705472195yX1L0', 764, 'umum', '6542284449319983', 'smk', 'Teknik Pendingin Tata Udara', '2018', '2024-01-17 06:16:35', '2024-01-17 06:16:35'),
(713, 'febi-hassanah-1705472195IAP1D', 765, 'umum', '7406695498058713', 'smk', 'Teknik Komputer Jaringan dan Telekomunikasi', '2016', '2024-01-17 06:16:35', '2024-01-17 06:16:35'),
(714, 'irma-zamira-agustina-se-17054721954F6ei', 766, 'umum', '4959268217254673', 'smp', 'Teknik Komputer Jaringan dan Telekomunikasi', '2022', '2024-01-17 06:16:35', '2024-01-17 06:16:35'),
(715, 'chelsea-lalita-purnawati-spsi-1705472195FxWTf', 767, 'umum', '0730986500609312', 'd3', 'Teknik Pendingin Tata Udara', '2023', '2024-01-17 06:16:35', '2024-01-17 06:16:35'),
(716, 'gada-darmana-hardiansyah-1705472195plNLm', 768, 'alumni', '2700776962701325', 's1', 'Teknik Pendingin Tata Udara', '2018', '2024-01-17 06:16:35', '2024-01-17 06:16:35'),
(717, 'jagaraga-prasetyo-1705472195axozT', 769, 'alumni', '7616196287162001', 's1', 'Teknik Pendingin Tata Udara', '2023', '2024-01-17 06:16:35', '2024-01-17 06:16:35'),
(718, 'martani-okto-pradana-sip-1705472195JcQLr', 770, 'umum', '6722398916861942', 'sd', 'Teknik Kendaraan Ringan dan Otomotif', '2019', '2024-01-17 06:16:35', '2024-01-17 06:16:35'),
(719, 'rusman-winarno-1705472195xEJM1', 771, 'umum', '4408070992343826', 'sd', 'Teknik Kendaraan Ringan dan Otomotif', '2016', '2024-01-17 06:16:35', '2024-01-17 06:16:35'),
(720, 'paiman-argono-salahudin-spt-1705472195qxzpJ', 772, 'umum', '8268013028257127', 'smk', 'Teknik Pendingin Tata Udara', '2021', '2024-01-17 06:16:35', '2024-01-17 06:16:35'),
(721, 'usyi-wulandari-1705472195iShkc', 773, 'umum', '3262745885174271', 'smp', 'Teknik Pendingin Tata Udara', '2021', '2024-01-17 06:16:35', '2024-01-17 06:16:35'),
(722, 'kajen-latupono-1705472196YwBrp', 774, 'umum', '2650422594157862', 'smp', 'Teknik Kendaraan Ringan dan Otomotif', '2023', '2024-01-17 06:16:36', '2024-01-17 06:16:36'),
(723, 'usyi-uyainah-1705472196E3TFX', 775, 'umum', '8210512712754044', 's1', 'Teknik Pendingin Tata Udara', '2023', '2024-01-17 06:16:36', '2024-01-17 06:16:36'),
(724, 'dadap-hutasoit-1705472196K014I', 776, 'umum', '1624742489093171', 'smp', 'Teknik Pendingin Tata Udara', '2023', '2024-01-17 06:16:36', '2024-01-17 06:16:36'),
(725, 'cinthia-ayu-hastuti-sei-170547219666Us3', 777, 'alumni', '3712557012252317', 'smp', 'Teknik Kendaraan Ringan dan Otomotif', '2018', '2024-01-17 06:16:36', '2024-01-17 06:16:36'),
(726, 'harsana-ganjaran-nainggolan-sikom-1705472196lWXix', 778, 'umum', '4382949853857442', 's1', 'Teknik Pendingin Tata Udara', '2019', '2024-01-17 06:16:36', '2024-01-17 06:16:36'),
(727, 'hamzah-simbolon-1705472196w4Ref', 779, 'umum', '1067633526554883', 'sd', 'Teknik Kendaraan Ringan dan Otomotif', '2019', '2024-01-17 06:16:36', '2024-01-17 06:16:36'),
(728, 'silvia-sudiati-1705472196ea591', 780, 'umum', '2390133138410049', 'sd', 'Teknik Komputer Jaringan dan Telekomunikasi', '2018', '2024-01-17 06:16:36', '2024-01-17 06:16:36'),
(729, 'eman-rudi-iswahyudi-17054721968B5rc', 781, 'alumni', '7724553065186942', 'd3', 'Teknik Kendaraan Ringan dan Otomotif', '2019', '2024-01-17 06:16:36', '2024-01-17 06:16:36'),
(730, 'mila-yulia-mayasari-1705472196HdRJd', 782, 'umum', '2446665150550923', 'smk', 'Teknik Komputer Jaringan dan Telekomunikasi', '2022', '2024-01-17 06:16:36', '2024-01-17 06:16:36'),
(731, 'gilang-dabukke-1705472196A4HKW', 783, 'alumni', '6999173509598900', 'smp', 'Teknik Komputer Jaringan dan Telekomunikasi', '2020', '2024-01-17 06:16:36', '2024-01-17 06:16:36'),
(732, 'safina-maryati-17054721960fBMy', 784, 'umum', '1079626007865722', 'smk', 'Teknik Pendingin Tata Udara', '2021', '2024-01-17 06:16:36', '2024-01-17 06:16:36'),
(733, 'emas-adika-uwais-1705472196owOg5', 785, 'umum', '7952942508907915', 'smk', 'Teknik Kendaraan Ringan dan Otomotif', '2017', '2024-01-17 06:16:36', '2024-01-17 06:16:36'),
(734, 'ani-padmasari-1705472197OcVOa', 786, 'umum', '3663839633161871', 'smp', 'Teknik Komputer Jaringan dan Telekomunikasi', '2021', '2024-01-17 06:16:37', '2024-01-17 06:16:37'),
(735, 'sabrina-sudiati-1705472197TYNIj', 787, 'alumni', '2222551101418144', 's1', 'Teknik Komputer Jaringan dan Telekomunikasi', '2022', '2024-01-17 06:16:37', '2024-01-17 06:16:37'),
(736, 'wani-halimah-mfarm-1705472197ltCH4', 788, 'umum', '8547778150548606', 'd3', 'Teknik Kendaraan Ringan dan Otomotif', '2021', '2024-01-17 06:16:37', '2024-01-17 06:16:37'),
(737, 'lintang-farida-1705472197zL1QN', 789, 'umum', '0279584187363366', 'd3', 'Teknik Pendingin Tata Udara', '2022', '2024-01-17 06:16:37', '2024-01-17 06:16:37'),
(738, 'dewi-oktaviani-mfarm-1705472197J2IM6', 790, 'alumni', '3937836424396712', 'smk', 'Teknik Pendingin Tata Udara', '2022', '2024-01-17 06:16:37', '2024-01-17 06:16:37'),
(739, 'queen-rahmi-safitri-sikom-1705472197KwGkM', 791, 'alumni', '4640475708365003', 'sd', 'Teknik Pendingin Tata Udara', '2020', '2024-01-17 06:16:37', '2024-01-17 06:16:37'),
(740, 'warsa-santoso-1705472197NpU7g', 792, 'alumni', '9699868533765894', 'sd', 'Teknik Kendaraan Ringan dan Otomotif', '2017', '2024-01-17 06:16:37', '2024-01-17 06:16:37'),
(741, 'hartaka-simbolon-1705472197AQtNY', 793, 'umum', '7771061465854495', 'sd', 'Teknik Komputer Jaringan dan Telekomunikasi', '2019', '2024-01-17 06:16:37', '2024-01-17 06:16:37'),
(742, 'siska-mulyani-1705472197O10DS', 794, 'alumni', '4943467603757149', 's1', 'Teknik Pendingin Tata Udara', '2016', '2024-01-17 06:16:37', '2024-01-17 06:16:37'),
(743, 'karna-saputra-sgz-1705472197GycT6', 795, 'umum', '6416364244170571', 's1', 'Teknik Pendingin Tata Udara', '2016', '2024-01-17 06:16:37', '2024-01-17 06:16:37'),
(744, 'amalia-amelia-mayasari-spt-17054721974DLOM', 796, 'umum', '8478542007677856', 'sd', 'Teknik Kendaraan Ringan dan Otomotif', '2016', '2024-01-17 06:16:37', '2024-01-17 06:16:37'),
(745, 'kamaria-astuti-sikom-1705472197lOv16', 797, 'umum', '2478374129994621', 's1', 'Teknik Kendaraan Ringan dan Otomotif', '2016', '2024-01-17 06:16:37', '2024-01-17 06:16:37'),
(746, 'rahman-nugroho-1705472198bjekI', 798, 'alumni', '6458250191947478', 'sd', 'Teknik Kendaraan Ringan dan Otomotif', '2021', '2024-01-17 06:16:38', '2024-01-17 06:16:38'),
(747, 'lintang-rahmawati-1705472198V6LYv', 799, 'umum', '3509475523627766', 'sd', 'Teknik Pendingin Tata Udara', '2017', '2024-01-17 06:16:38', '2024-01-17 06:16:38'),
(748, 'azalea-lailasari-se-1705472198twwwi', 800, 'alumni', '1191351385463360', 'smp', 'Teknik Komputer Jaringan dan Telekomunikasi', '2019', '2024-01-17 06:16:38', '2024-01-17 06:16:38'),
(749, 'yessi-salwa-oktaviani-1705472198CMl0e', 801, 'alumni', '9629243172243571', 's1', 'Teknik Kendaraan Ringan dan Otomotif', '2019', '2024-01-17 06:16:38', '2024-01-17 06:16:38'),
(750, 'endah-laksmiwati-1705472198jU7Cl', 802, 'umum', '1538390177444176', 's1', 'Teknik Pendingin Tata Udara', '2019', '2024-01-17 06:16:38', '2024-01-17 06:16:38'),
(751, 'elvin-prasetya-1705472198zY7re', 803, 'alumni', '1673550539673254', 'smk', 'Teknik Pendingin Tata Udara', '2021', '2024-01-17 06:16:38', '2024-01-17 06:16:38'),
(752, 'widya-fujiati-170547219861s8b', 804, 'alumni', '1967213875483159', 's1', 'Teknik Pendingin Tata Udara', '2022', '2024-01-17 06:16:38', '2024-01-17 06:16:38'),
(753, 'reksa-santoso-17054721987iA83', 805, 'alumni', '1753084628056498', 'smk', 'Teknik Komputer Jaringan dan Telekomunikasi', '2023', '2024-01-17 06:16:38', '2024-01-17 06:16:38'),
(754, 'rahmi-belinda-susanti-sh-1705472198MHzcR', 806, 'alumni', '0782052059085259', 'smp', 'Teknik Komputer Jaringan dan Telekomunikasi', '2018', '2024-01-17 06:16:38', '2024-01-17 06:16:38'),
(755, 'restu-rahayu-1705472198b6tKw', 807, 'alumni', '1998890568503933', 'smk', 'Teknik Pendingin Tata Udara', '2017', '2024-01-17 06:16:38', '2024-01-17 06:16:38'),
(756, 'zalindra-novitasari-sgz-1705472198Rct5M', 808, 'alumni', '9840824378283959', 'd3', 'Teknik Pendingin Tata Udara', '2017', '2024-01-17 06:16:38', '2024-01-17 06:16:38'),
(757, 'atma-mangunsong-17054721987Ut1S', 809, 'alumni', '7343821097836710', 's1', 'Teknik Pendingin Tata Udara', '2016', '2024-01-17 06:16:38', '2024-01-17 06:16:38'),
(758, 'ghaliyati-hafshah-wulandari-spt-1705472199VcfP7', 810, 'alumni', '3665360265925919', 'd3', 'Teknik Komputer Jaringan dan Telekomunikasi', '2023', '2024-01-17 06:16:39', '2024-01-17 06:16:39'),
(759, 'fitriani-usada-1705472199w4sJT', 811, 'alumni', '5221570278798692', 's1', 'Teknik Komputer Jaringan dan Telekomunikasi', '2016', '2024-01-17 06:16:39', '2024-01-17 06:16:39'),
(760, 'shania-wijayanti-17054721996zYD5', 812, 'alumni', '9392639218274582', 's1', 'Teknik Komputer Jaringan dan Telekomunikasi', '2022', '2024-01-17 06:16:39', '2024-01-17 06:16:39'),
(761, 'balangga-irawan-1705472199F4SC2', 813, 'umum', '8281940051676569', 'smp', 'Teknik Komputer Jaringan dan Telekomunikasi', '2018', '2024-01-17 06:16:39', '2024-01-17 06:16:39'),
(762, 'panji-paiman-prasasta-skom-1705472199P2j5W', 814, 'umum', '9814200910133047', 'sd', 'Teknik Kendaraan Ringan dan Otomotif', '2017', '2024-01-17 06:16:39', '2024-01-17 06:16:39'),
(763, 'patricia-puspita-1705472199fH3ij', 815, 'umum', '7724604337615337', 'smp', 'Teknik Komputer Jaringan dan Telekomunikasi', '2022', '2024-01-17 06:16:39', '2024-01-17 06:16:39'),
(764, 'gading-marbun-1705472199kh0aj', 816, 'alumni', '8333622079752013', 'd3', 'Teknik Komputer Jaringan dan Telekomunikasi', '2016', '2024-01-17 06:16:39', '2024-01-17 06:16:39'),
(765, 'oman-yahya-budiman-mpd-1705472199d2vse', 817, 'alumni', '9087399292776133', 'd3', 'Teknik Pendingin Tata Udara', '2023', '2024-01-17 06:16:39', '2024-01-17 06:16:39'),
(766, 'tiara-amelia-yulianti-1705472199GOn76', 818, 'umum', '5799349448539472', 's1', 'Teknik Komputer Jaringan dan Telekomunikasi', '2016', '2024-01-17 06:16:39', '2024-01-17 06:16:39'),
(767, 'luwes-wibisono-sip-1705472199WDLN9', 819, 'umum', '9988953548010957', 's1', 'Teknik Komputer Jaringan dan Telekomunikasi', '2023', '2024-01-17 06:16:39', '2024-01-17 06:16:39'),
(768, 'warsita-firgantoro-1705472199kfF4W', 820, 'umum', '6454948933326439', 'smp', 'Teknik Komputer Jaringan dan Telekomunikasi', '2023', '2024-01-17 06:16:39', '2024-01-17 06:16:39'),
(769, 'queen-pratiwi-17054722006i5WO', 821, 'alumni', '0401616092262288', 's1', 'Teknik Kendaraan Ringan dan Otomotif', '2020', '2024-01-17 06:16:40', '2024-01-17 06:16:40'),
(770, 'elvin-wacana-1705472200FLbgG', 822, 'alumni', '4571942231925849', 'smp', 'Teknik Kendaraan Ringan dan Otomotif', '2023', '2024-01-17 06:16:40', '2024-01-17 06:16:40'),
(771, 'sabrina-ulya-mardhiyah-mfarm-17054722001kBwd', 823, 'alumni', '5362733839896459', 'smp', 'Teknik Kendaraan Ringan dan Otomotif', '2018', '2024-01-17 06:16:40', '2024-01-17 06:16:40'),
(772, 'kariman-nugroho-1705472200n6OVx', 824, 'umum', '9731845185656110', 's1', 'Teknik Pendingin Tata Udara', '2017', '2024-01-17 06:16:40', '2024-01-17 06:16:40'),
(773, 'maryanto-sitompul-1705472200VTsZ4', 825, 'alumni', '2404585268102310', 'smk', 'Teknik Pendingin Tata Udara', '2017', '2024-01-17 06:16:40', '2024-01-17 06:16:40'),
(774, 'tina-nasyidah-17054722009avwR', 826, 'umum', '8943185089100080', 'smp', 'Teknik Pendingin Tata Udara', '2016', '2024-01-17 06:16:40', '2024-01-17 06:16:40'),
(775, 'taufan-sitompul-1705472200Rgqfl', 827, 'umum', '4590726867796039', 'smp', 'Teknik Komputer Jaringan dan Telekomunikasi', '2020', '2024-01-17 06:16:40', '2024-01-17 06:16:40'),
(776, 'maimunah-handayani-17054722002uXJY', 828, 'umum', '5600919128009181', 's1', 'Teknik Komputer Jaringan dan Telekomunikasi', '2023', '2024-01-17 06:16:40', '2024-01-17 06:16:40'),
(777, 'yunita-uyainah-17054722003YKpk', 829, 'umum', '8525166575633815', 's1', 'Teknik Pendingin Tata Udara', '2016', '2024-01-17 06:16:40', '2024-01-17 06:16:40'),
(778, 'jaeman-dono-utama-sked-1705472200l97UB', 830, 'umum', '8748231951838227', 'sd', 'Teknik Kendaraan Ringan dan Otomotif', '2020', '2024-01-17 06:16:40', '2024-01-17 06:16:40'),
(779, 'nabila-haryanti-mm-1705472200E6ghz', 831, 'umum', '9295932555806261', 'sd', 'Teknik Kendaraan Ringan dan Otomotif', '2017', '2024-01-17 06:16:40', '2024-01-17 06:16:40'),
(780, 'dimaz-maras-pratama-1705472200Fys4z', 832, 'umum', '4437172742489333', 'd3', 'Teknik Pendingin Tata Udara', '2022', '2024-01-17 06:16:40', '2024-01-17 06:16:40'),
(781, 'kania-wulandari-1705472201YZy3R', 833, 'umum', '0108179376887484', 'd3', 'Teknik Komputer Jaringan dan Telekomunikasi', '2021', '2024-01-17 06:16:41', '2024-01-17 06:16:41'),
(782, 'oni-melani-1705472201kUjGj', 834, 'alumni', '3359114081442418', 'sd', 'Teknik Kendaraan Ringan dan Otomotif', '2023', '2024-01-17 06:16:41', '2024-01-17 06:16:41'),
(783, 'hana-kusmawati-1705472201kxwqJ', 835, 'alumni', '2314826076370400', 'smp', 'Teknik Komputer Jaringan dan Telekomunikasi', '2020', '2024-01-17 06:16:41', '2024-01-17 06:16:41'),
(784, 'cindy-ratih-permata-17054722014Fg9k', 836, 'umum', '6667656555446358', 'smp', 'Teknik Kendaraan Ringan dan Otomotif', '2018', '2024-01-17 06:16:41', '2024-01-17 06:16:41'),
(785, 'jatmiko-darmanto-januar-1705472201tkFwg', 837, 'umum', '9177148254548730', 'sd', 'Teknik Komputer Jaringan dan Telekomunikasi', '2021', '2024-01-17 06:16:41', '2024-01-17 06:16:41'),
(786, 'ratna-irma-hartati-1705472201yvpFt', 838, 'umum', '0523197795078890', 'd3', 'Teknik Pendingin Tata Udara', '2022', '2024-01-17 06:16:41', '2024-01-17 06:16:41'),
(787, 'usyi-mulyani-1705472201LDZmP', 839, 'umum', '4131399912454591', 'smp', 'Teknik Komputer Jaringan dan Telekomunikasi', '2017', '2024-01-17 06:16:41', '2024-01-17 06:16:41'),
(788, 'joko-pranowo-1705472201cPp4t', 840, 'umum', '9700504211384132', 'd3', 'Teknik Pendingin Tata Udara', '2023', '2024-01-17 06:16:41', '2024-01-17 06:16:41'),
(789, 'vanya-wulandari-1705472201fsCpb', 841, 'umum', '8026520807325221', 'd3', 'Teknik Komputer Jaringan dan Telekomunikasi', '2021', '2024-01-17 06:16:41', '2024-01-17 06:16:41'),
(790, 'jagapati-teguh-maulana-17054722011UdCk', 842, 'alumni', '6302378104278257', 's1', 'Teknik Komputer Jaringan dan Telekomunikasi', '2023', '2024-01-17 06:16:41', '2024-01-17 06:16:41'),
(791, 'danuja-ramadan-17054722013mqjc', 843, 'umum', '8590308795038838', 'd3', 'Teknik Komputer Jaringan dan Telekomunikasi', '2020', '2024-01-17 06:16:41', '2024-01-17 06:16:41'),
(792, 'bakidin-latupono-st-1705472201fJz2o', 844, 'alumni', '1760038826700770', 'sd', 'Teknik Pendingin Tata Udara', '2016', '2024-01-17 06:16:41', '2024-01-17 06:16:41'),
(793, 'yoga-nainggolan-st-17054722029onWX', 845, 'alumni', '1740746330025918', 's1', 'Teknik Komputer Jaringan dan Telekomunikasi', '2022', '2024-01-17 06:16:42', '2024-01-17 06:16:42'),
(794, 'mustofa-danang-hidayat-se-17054722025ry5i', 846, 'alumni', '0853914030314403', 'smk', 'Teknik Kendaraan Ringan dan Otomotif', '2018', '2024-01-17 06:16:42', '2024-01-17 06:16:42'),
(795, 'violet-usamah-1705472202a5wZ4', 847, 'alumni', '3450149302119640', 's1', 'Teknik Pendingin Tata Udara', '2016', '2024-01-17 06:16:42', '2024-01-17 06:16:42'),
(796, 'timbul-halim-mak-1705472202bGtBj', 848, 'alumni', '6307790645056015', 'smk', 'Teknik Kendaraan Ringan dan Otomotif', '2019', '2024-01-17 06:16:42', '2024-01-17 06:16:42'),
(797, 'reksa-jono-marpaung-spt-17054722021meKw', 849, 'umum', '5325365910487715', 'smk', 'Teknik Kendaraan Ringan dan Otomotif', '2016', '2024-01-17 06:16:42', '2024-01-17 06:16:42'),
(798, 'iriana-permata-1705472202mA1jE', 850, 'umum', '4889335482405442', 's1', 'Teknik Kendaraan Ringan dan Otomotif', '2022', '2024-01-17 06:16:42', '2024-01-17 06:16:42'),
(799, 'ade-puspasari-1705472202knrgu', 851, 'umum', '3256823291596852', 'smk', 'Teknik Pendingin Tata Udara', '2020', '2024-01-17 06:16:42', '2024-01-17 06:16:42'),
(800, 'hendri-siregar-17054722028D8az', 852, 'umum', '6397925837140033', 'smk', 'Teknik Komputer Jaringan dan Telekomunikasi', '2020', '2024-01-17 06:16:42', '2024-01-17 06:16:42'),
(801, 'dimas-tampubolon-1705472202etvvV', 853, 'umum', '0072626555600784', 'sd', 'Teknik Pendingin Tata Udara', '2023', '2024-01-17 06:16:42', '2024-01-17 06:16:42'),
(802, 'rudi-raharja-thamrin-1705472202rp07y', 854, 'alumni', '6341137230061432', 'sd', 'Teknik Komputer Jaringan dan Telekomunikasi', '2021', '2024-01-17 06:16:42', '2024-01-17 06:16:42'),
(803, 'nilam-hariyah-spt-1705472202hnJVW', 855, 'umum', '1490600174917702', 'smk', 'Teknik Kendaraan Ringan dan Otomotif', '2016', '2024-01-17 06:16:42', '2024-01-17 06:16:42'),
(804, 'dacin-ardianto-1705472202WEnVR', 856, 'umum', '7713579876680543', 'smp', 'Teknik Komputer Jaringan dan Telekomunikasi', '2016', '2024-01-17 06:16:42', '2024-01-17 06:16:42'),
(805, 'artanto-lurhur-pradipta-spd-1705472203tjG2r', 857, 'umum', '3052978147946959', 'sd', 'Teknik Kendaraan Ringan dan Otomotif', '2018', '2024-01-17 06:16:43', '2024-01-17 06:16:43'),
(806, 'caraka-januar-17054722033A2sm', 858, 'umum', '6073318673462984', 'd3', 'Teknik Kendaraan Ringan dan Otomotif', '2018', '2024-01-17 06:16:43', '2024-01-17 06:16:43'),
(807, 'salwa-rahimah-17054722030gsPw', 859, 'alumni', '0117565101302559', 'smk', 'Teknik Komputer Jaringan dan Telekomunikasi', '2021', '2024-01-17 06:16:43', '2024-01-17 06:16:43'),
(808, 'lurhur-januar-1705472203SPFs7', 860, 'umum', '5553033486262263', 'smp', 'Teknik Komputer Jaringan dan Telekomunikasi', '2022', '2024-01-17 06:16:43', '2024-01-17 06:16:43'),
(809, 'cindy-wastuti-1705472203NHVwX', 861, 'umum', '2946621132336955', 'smp', 'Teknik Komputer Jaringan dan Telekomunikasi', '2017', '2024-01-17 06:16:43', '2024-01-17 06:16:43'),
(810, 'rizki-nababan-mpd-17054722037QAkc', 862, 'alumni', '8272266731929497', 'smk', 'Teknik Pendingin Tata Udara', '2017', '2024-01-17 06:16:43', '2024-01-17 06:16:43'),
(811, 'vinsen-cahyadi-hidayat-1705472203Jc3Zk', 863, 'umum', '4030902503099698', 'smp', 'Teknik Kendaraan Ringan dan Otomotif', '2023', '2024-01-17 06:16:43', '2024-01-17 06:16:43'),
(812, 'setya-waskita-1705472203Wum06', 864, 'alumni', '1787326585569926', 's1', 'Teknik Kendaraan Ringan dan Otomotif', '2017', '2024-01-17 06:16:43', '2024-01-17 06:16:43'),
(813, 'virman-haryanto-1705472203DCgFt', 865, 'alumni', '4960456576476670', 'sd', 'Teknik Kendaraan Ringan dan Otomotif', '2022', '2024-01-17 06:16:43', '2024-01-17 06:16:43'),
(814, 'umi-namaga-1705472203owfIm', 866, 'alumni', '0569349707017986', 'smk', 'Teknik Pendingin Tata Udara', '2016', '2024-01-17 06:16:43', '2024-01-17 06:16:43'),
(815, 'cinta-padmasari-1705472203zzTXI', 867, 'umum', '2693576295168452', 'sd', 'Teknik Kendaraan Ringan dan Otomotif', '2019', '2024-01-17 06:16:43', '2024-01-17 06:16:43'),
(816, 'abyasa-natsir-spsi-1705472204ev0v9', 868, 'umum', '3941353312247568', 'smp', 'Teknik Komputer Jaringan dan Telekomunikasi', '2017', '2024-01-17 06:16:44', '2024-01-17 06:16:44'),
(817, 'ganjaran-prasasta-sh-1705472204pt8Na', 869, 'umum', '8938530474458407', 's1', 'Teknik Pendingin Tata Udara', '2022', '2024-01-17 06:16:44', '2024-01-17 06:16:44'),
(818, 'prabawa-cawisadi-habibi-1705472204ajdv9', 870, 'umum', '7899612743305086', 'd3', 'Teknik Komputer Jaringan dan Telekomunikasi', '2022', '2024-01-17 06:16:44', '2024-01-17 06:16:44'),
(819, 'manah-prayoga-1705472204bSIA6', 871, 'umum', '4599736495731505', 'sd', 'Teknik Pendingin Tata Udara', '2021', '2024-01-17 06:16:44', '2024-01-17 06:16:44'),
(820, 'kamidin-setiawan-1705472204hE71X', 872, 'alumni', '3043838053931766', 'smk', 'Teknik Kendaraan Ringan dan Otomotif', '2019', '2024-01-17 06:16:44', '2024-01-17 06:16:44'),
(821, 'ella-utami-mm-1705472204qC743', 873, 'alumni', '6400813264274527', 'sd', 'Teknik Komputer Jaringan dan Telekomunikasi', '2019', '2024-01-17 06:16:44', '2024-01-17 06:16:44'),
(822, 'kemba-waluyo-1705472204p8Y2F', 874, 'umum', '1860504616607544', 's1', 'Teknik Komputer Jaringan dan Telekomunikasi', '2017', '2024-01-17 06:16:44', '2024-01-17 06:16:44'),
(823, 'calista-uyainah-1705472204Ei9FH', 875, 'alumni', '8882017736345636', 's1', 'Teknik Komputer Jaringan dan Telekomunikasi', '2021', '2024-01-17 06:16:44', '2024-01-17 06:16:44'),
(824, 'carla-wulandari-1705472204WAHk4', 876, 'umum', '1204054803415786', 'sd', 'Teknik Pendingin Tata Udara', '2017', '2024-01-17 06:16:44', '2024-01-17 06:16:44'),
(825, 'halim-respati-gunarto-mm-1705472204Xo0B7', 877, 'alumni', '2151042379568790', 'd3', 'Teknik Komputer Jaringan dan Telekomunikasi', '2020', '2024-01-17 06:16:44', '2024-01-17 06:16:44'),
(826, 'diah-ifa-wulandari-1705472204zrzuz', 878, 'umum', '7820226109709130', 'smp', 'Teknik Pendingin Tata Udara', '2020', '2024-01-17 06:16:44', '2024-01-17 06:16:44'),
(827, 'malik-uwais-1705472204jobG2', 879, 'alumni', '1412815414366726', 'smp', 'Teknik Kendaraan Ringan dan Otomotif', '2016', '2024-01-17 06:16:44', '2024-01-17 06:16:44'),
(828, 'kadir-edward-santoso-1705472205kTP4I', 880, 'alumni', '5986776027213886', 'd3', 'Teknik Kendaraan Ringan dan Otomotif', '2017', '2024-01-17 06:16:45', '2024-01-17 06:16:45'),
(829, 'caturangga-sitompul-1705472205Igl7o', 881, 'alumni', '9252894518528505', 's1', 'Teknik Komputer Jaringan dan Telekomunikasi', '2020', '2024-01-17 06:16:45', '2024-01-17 06:16:45'),
(830, 'cahyono-pradana-170547220558CFF', 882, 'umum', '1085178235615128', 'smk', 'Teknik Pendingin Tata Udara', '2016', '2024-01-17 06:16:45', '2024-01-17 06:16:45'),
(831, 'bakiadi-firmansyah-1705472205wKuiY', 883, 'umum', '1406178660895781', 's1', 'Teknik Pendingin Tata Udara', '2021', '2024-01-17 06:16:45', '2024-01-17 06:16:45'),
(832, 'belinda-namaga-sei-1705472205lWB49', 884, 'alumni', '2779560169979737', 'smk', 'Teknik Pendingin Tata Udara', '2022', '2024-01-17 06:16:45', '2024-01-17 06:16:45'),
(833, 'bala-utama-mm-17054722053kY5p', 885, 'umum', '4204667650588796', 's1', 'Teknik Pendingin Tata Udara', '2023', '2024-01-17 06:16:45', '2024-01-17 06:16:45'),
(834, 'cemplunk-sinaga-1705472205HVcgh', 886, 'alumni', '3624644328101559', 'smp', 'Teknik Kendaraan Ringan dan Otomotif', '2019', '2024-01-17 06:16:45', '2024-01-17 06:16:45'),
(835, 'unjani-usamah-1705472205vh5Av', 887, 'umum', '8816415598271441', 'smk', 'Teknik Komputer Jaringan dan Telekomunikasi', '2023', '2024-01-17 06:16:45', '2024-01-17 06:16:45'),
(836, 'najam-saragih-170547220557o89', 888, 'umum', '2390047337515227', 'd3', 'Teknik Komputer Jaringan dan Telekomunikasi', '2021', '2024-01-17 06:16:45', '2024-01-17 06:16:45'),
(837, 'rama-mandala-sked-1705472205jvpYR', 889, 'alumni', '9278758458830232', 'smp', 'Teknik Pendingin Tata Udara', '2019', '2024-01-17 06:16:45', '2024-01-17 06:16:45'),
(838, 'adika-hutagalung-1705472205c9FEM', 890, 'umum', '9448930853055729', 'd3', 'Teknik Kendaraan Ringan dan Otomotif', '2023', '2024-01-17 06:16:45', '2024-01-17 06:16:45'),
(839, 'zulfa-betania-purnawati-1705472205DHVzY', 891, 'umum', '5245297731636193', 'smp', 'Teknik Komputer Jaringan dan Telekomunikasi', '2021', '2024-01-17 06:16:45', '2024-01-17 06:16:45'),
(840, 'nova-novitasari-1705472206AG7xy', 892, 'alumni', '2000993934846478', 'sd', 'Teknik Komputer Jaringan dan Telekomunikasi', '2017', '2024-01-17 06:16:46', '2024-01-17 06:16:46'),
(841, 'bagya-winarno-1705472206Kq81s', 893, 'alumni', '0306842477704048', 'smk', 'Teknik Komputer Jaringan dan Telekomunikasi', '2017', '2024-01-17 06:16:46', '2024-01-17 06:16:46'),
(842, 'nadine-maryati-1705472206jPYS2', 894, 'alumni', '7071441259593689', 'sd', 'Teknik Pendingin Tata Udara', '2020', '2024-01-17 06:16:46', '2024-01-17 06:16:46'),
(843, 'ayu-yolanda-spd-17054722062ZsI1', 895, 'alumni', '5276484971145268', 'smk', 'Teknik Komputer Jaringan dan Telekomunikasi', '2018', '2024-01-17 06:16:46', '2024-01-17 06:16:46'),
(844, 'belinda-permata-1705472206YhL63', 896, 'umum', '5525995418040889', 'smp', 'Teknik Pendingin Tata Udara', '2020', '2024-01-17 06:16:46', '2024-01-17 06:16:46'),
(845, 'rahmi-hastuti-1705472206ltGXN', 897, 'umum', '7051188818642064', 'smp', 'Teknik Pendingin Tata Udara', '2021', '2024-01-17 06:16:46', '2024-01-17 06:16:46'),
(846, 'latika-widiastuti-mak-1705472206Icx0J', 898, 'alumni', '4990774427899985', 'sd', 'Teknik Komputer Jaringan dan Telekomunikasi', '2020', '2024-01-17 06:16:46', '2024-01-17 06:16:46'),
(847, 'gina-wahyuni-1705472206OsyhZ', 899, 'umum', '8846803215352613', 'smp', 'Teknik Komputer Jaringan dan Telekomunikasi', '2017', '2024-01-17 06:16:46', '2024-01-17 06:16:46'),
(848, 'hardi-permadi-spsi-1705472206iCHL1', 900, 'alumni', '0290605915409859', 's1', 'Teknik Pendingin Tata Udara', '2017', '2024-01-17 06:16:46', '2024-01-17 06:16:46'),
(849, 'rina-yolanda-170547220669aOl', 901, 'alumni', '0983258718134357', 'd3', 'Teknik Pendingin Tata Udara', '2019', '2024-01-17 06:16:46', '2024-01-17 06:16:46');
